000
CXUS56 KLKN 301835
CF6ELY
PRELIMINARY LOCAL CLIMATOLOGICAL DATA (WS FORM: F-6)
STATION: ELY AIRPORT NV
MONTH: APRIL
YEAR: 2023
LATITUDE: 39 16 N
LONGITUDE: 114 51 W
TEMPERATURE IN F: :PCPN: SNOW: WIND :SUNSHINE: SKY :PK WND
================================================================================
1 2 3 4 5 6A 6B 7 8 9 10 11 12 13 14 15 16 17 18
12Z AVG MX 2MIN
DY MAX MIN AVG DEP HDD CDD WTR SNW DPTH SPD SPD DIR MIN PSBL S-S WX SPD DR
================================================================================
1 49 27 38 -3 27 0 0.00 0.0 13 12.2 21 170 M M 0 26 170
2 55 28 42 1 23 0 T 0.0 12 9.5 24 230 M M 7 1 38 220
3 34 16 25 -16 40 0 0.17 4.8 14 11.6 28 330 M M 9 18 36 310
4 28 12 20 -21 45 0 0.01 T 12 12.5 24 300 M M 8 18 33 300
5 34 1 18 -23 47 0 0.00 0.0 11 8.1 16 190 M M 1 20 180
6 46 9 28 -13 37 0 0.00 0.0 10 10.3 18 200 M M 0 22 210
7 54 23 39 -3 26 0 0.00 0.0 8 12.4 22 170 M M 2 29 160
8 57 30 44 2 21 0 0.00 0.0 8 8.0 14 180 M M 1 18 190
9 63 27 45 3 20 0 0.00 0.0 5 8.2 16 180 M M 0 19 170
10 69 29 49 7 16 0 0.00 0.0 0 12.6 21 170 M M 0 31 170
11 72 38 55 13 10 0 0.00 0.0 0 13.0 23 180 M M 0 33 180
12 69 37 53 11 12 0 T 0.0 0 14.3 28 190 M M 3 47 190
13 49 27 38 -4 27 0 0.00 0.0 0 11.8 24 310 M M 2 33 300
14 49 20 35 -8 30 0 0.00 0.0 0 6.5 17 300 M M 1 31 320
15 59 20 40 -3 25 0 0.00 0.0 0 9.0 16 160 M M 0 23 170
16 65 29 47 4 18 0 0.00 0.0 0 11.5 22 180 M M 0 32 180
17 64 33 49 6 16 0 0.00 0.0 0 10.9 30 240 M M 2 58 210
18 50 30 40 -3 25 0 0.00 0.0 0 14.5 29 290 M M 4 42 270
19 44 22 33 -11 32 0 0.00 0.0 0 7.6 20 340 M M 4 27 340
20 50 17 34 -10 31 0 0.00 0.0 0 7.8 20 310 M M 2 31 300
21 55 30 43 -1 22 0 0.00 0.0 0 9.2 21 330 M M 6 29 320
22 57 29 43 -1 22 0 0.00 0.0 0 6.9 16 320 M M 7 24 280
23 58 25 42 -3 23 0 0.04 0.0 0 7.1 26 310 M M 4 36 320
24 64 30 47 2 18 0 0.00 0.0 0 11.8 28 290 M M 1 43 280
25 57 29 43 -2 22 0 0.00 0.0 0 9.4 20 30 M M 0 28 50
26 66 24 45 0 20 0 0.00 0.0 0 5.9 14 190 M M 0 20 10
27 71 30 51 5 14 0 0.00 0.0 0 8.8 20 320 M M 0 29 300
28 74 37 56 10 9 0 0.00 0.0 0 5.9 15 200 M M 0 19 140
29 79 34 57 11 8 0 0.00 0.0 0 8.1 15 210 M M 0 23 290
30 78 38 58 12 7 0 0.00 0.0 0 9.4 23 210 M M 0 32 210
================================================================================
SM 1719 781 693 0 0.22 4.8 294.8 M 64
================================================================================
AV 57.3 26.0 9.8 FASTST M M 2 MAX(MPH)
MISC ----> 30 240 58 210
================================================================================
NOTES:
# LAST OF SEVERAL OCCURRENCES
COLUMN 17 PEAK WIND IN M.P.H.
PRELIMINARY LOCAL CLIMATOLOGICAL DATA (WS FORM: F-6) , PAGE 2
STATION: ELY AIRPORT NV
MONTH: APRIL
YEAR: 2023
LATITUDE: 39 16 N
LONGITUDE: 114 51 W
[TEMPERATURE DATA] [PRECIPITATION DATA] SYMBOLS USED IN COLUMN 16
AVERAGE MONTHLY: 41.7 TOTAL FOR MONTH: 0.22 1 = FOG OR MIST
DPTR FM NORMAL: -1.5 DPTR FM NORMAL: -0.85 2 = FOG REDUCING VISIBILITY
HIGHEST: 79 ON 29 GRTST 24HR 0.25 ON 2- 3 TO 1/4 MILE OR LESS
LOWEST: 1 ON 5 3 = THUNDER
SNOW, ICE PELLETS, HAIL 4 = ICE PELLETS
TOTAL MONTH: 4.8 INCHES 5 = HAIL
GRTST 24HR 4.8 ON 3- 3 6 = FREEZING RAIN OR DRIZZLE
GRTST DEPTH: 14 ON 3 7 = DUSTSTORM OR SANDSTORM:
VSBY 1/2 MILE OR LESS
8 = SMOKE OR HAZE
[NO. OF DAYS WITH] [WEATHER - DAYS WITH] 9 = BLOWING SNOW
X = TORNADO
MAX 32 OR BELOW: 1 0.01 INCH OR MORE: 3
MAX 90 OR ABOVE: 0 0.10 INCH OR MORE: 1
MIN 32 OR BELOW: 24 0.50 INCH OR MORE: 0
MIN 0 OR BELOW: 0 1.00 INCH OR MORE: 0
[HDD (BASE 65) ]
TOTAL THIS MO. 693 CLEAR (SCALE 0-3) 22
DPTR FM NORMAL 39 PTCLDY (SCALE 4-7) 7
TOTAL FM JUL 1 7533 CLOUDY (SCALE 8-10) 1
DPTR FM NORMAL 937
[CDD (BASE 65) ]
TOTAL THIS MO. 0
DPTR FM NORMAL 0 [PRESSURE DATA]
TOTAL FM JAN 1 0 HIGHEST SLP 30.35 ON 6
DPTR FM NORMAL 0 LOWEST SLP 29.40 ON 13
[REMARKS]
#FINAL-04-23#