000
CXUS56 KLKN 011210
CF6ELY
PRELIMINARY LOCAL CLIMATOLOGICAL DATA (WS FORM: F-6)
STATION: ELY AIRPORT NV
MONTH: MARCH
YEAR: 2023
LATITUDE: 39 16 N
LONGITUDE: 114 51 W
TEMPERATURE IN F: :PCPN: SNOW: WIND :SUNSHINE: SKY :PK WND
================================================================================
1 2 3 4 5 6A 6B 7 8 9 10 11 12 13 14 15 16 17 18
12Z AVG MX 2MIN
DY MAX MIN AVG DEP HDD CDD WTR SNW DPTH SPD SPD DIR MIN PSBL S-S WX SPD DR
================================================================================
1 29 13 21 -13 44 0 0.12 2.2 19 18.2 31 150 M M 8 12 39 150
2 28 -5 12 -22 53 0 0.00 0.0 20 10.4 21 20 M M 1 26 20
3 37 11 24 -10 41 0 0.00 0.0 20 10.3 18 210 M M 6 24 200
4 35 22 29 -6 36 0 0.08 1.5 19 17.3 32 150 M M 6 12 40 140
5 35 7 21 -14 44 0 0.17 4.0 19 13.6 28 150 M M 7 12 34 170
6 32 16 24 -11 41 0 0.12 1.9 23 4.9 10 180 M M 10 1 12 190
7 32 9 21 -15 44 0 0.02 0.5 23 5.8 15 180 M M 5 1 17 180
8 36 3 20 -16 45 0 T T 21 10.6 26 240 M M 5 8 36 200
9 39 -1 19 -17 46 0 T T 20 18.8 37 150 M M 2 1 54 150
10 43 31 37 1 28 0 0.17 1.0 20 23.8 40 150 M M 9 1 52 140
11 37 30 34 -3 31 0 0.57 2.0 18 6.8 17 210 M M 9 12 22 210
12 47 28 38 1 27 0 0.04 T 18 5.4 15 290 M M 5 1 20 270
13 43 25 34 -3 31 0 0.11 1.5 19 8.6 17 210 M M 7 12 23 200
14 40 31 36 -2 29 0 T 0.0 17 19.7 35 170 M M 7 47 150
15 42 22 32 -6 33 0 T T 15 12.2 26 140 M M 7 1 36 150
16 36 19 28 -10 37 0 0.00 0.0 15 12.9 20 10 M M 0 26 10
17 38 6 22 -16 43 0 0.00 0.0 14 7.9 14 180 M M 0 17 190
18 41 8 25 -13 40 0 0.00 0.0 14 9.1 17 190 M M 0 22 190
19 38 24 31 -8 34 0 0.02 0.4 13 14.8 26 170 M M 6 1 38 160
20 44 20 32 -7 33 0 0.12 1.9 15 8.8 21 270 M M 5 12 31 280
21 36 18 27 -12 38 0 0.24 2.4 12 6.6 22 150 M M 8 12 30 150
22 38 25 32 -7 33 0 0.20 2.0 18 10.0 21 280 M M 8 18 28 280
23 39 17 28 -11 37 0 0.11 2.2 15 6.7 16 310 M M 6 18 20 300
24 29 10 20 -20 45 0 0.03 0.7 17 9.8 21 300 M M 6 128 30 300
25 29 11 20 -20 45 0 T 0.2 15 7.3 16 320 M M 3 18 22 320
26 29 8 19 -21 46 0 T T 15 8.1 20 310 M M 5 25 310
27 34 -1 17 -23 48 0 0.00 0.0 15 12.1 18 170 M M 0 27 180
28 45 20 33 -7 32 0 0.00 0.0 15 18.4 29 160 M M 0 39 160
29 40 13 27 -13 38 0 0.30 3.6 13 13.9 32 170 M M 9 12 45 170
30 35 2 19 -21 46 0 T 0.0 17 8.6 16 340 M M 5 1 21 340
31 43 14 29 -12 36 0 0.00 0.0 14 7.9 15 190 M M 3 19 210
================================================================================
SM 1149 456 1204 0 2.42 28.0 349.3 M 158
================================================================================
AV 37.1 14.7 11.3 FASTST M M 5 MAX(MPH)
MISC ----> 40 150 54 150
================================================================================
NOTES:
# LAST OF SEVERAL OCCURRENCES
COLUMN 17 PEAK WIND IN M.P.H.
PRELIMINARY LOCAL CLIMATOLOGICAL DATA (WS FORM: F-6) , PAGE 2
STATION: ELY AIRPORT NV
MONTH: MARCH
YEAR: 2023
LATITUDE: 39 16 N
LONGITUDE: 114 51 W
[TEMPERATURE DATA] [PRECIPITATION DATA] SYMBOLS USED IN COLUMN 16
AVERAGE MONTHLY: 25.9 TOTAL FOR MONTH: 2.42 1 = FOG OR MIST
DPTR FM NORMAL: -11.8 DPTR FM NORMAL: 1.44 2 = FOG REDUCING VISIBILITY
HIGHEST: 47 ON 12 GRTST 24HR 0.57 ON 11-11 TO 1/4 MILE OR LESS
LOWEST: -5 ON 2 3 = THUNDER
SNOW, ICE PELLETS, HAIL 4 = ICE PELLETS
TOTAL MONTH: 30.3 INCHES 5 = HAIL
GRTST 24HR 4.0 ON 5- 5 6 = FREEZING RAIN OR DRIZZLE
GRTST DEPTH: 23 ON 7, 6 7 = DUSTSTORM OR SANDSTORM:
VSBY 1/2 MILE OR LESS
8 = SMOKE OR HAZE
[NO. OF DAYS WITH] [WEATHER - DAYS WITH] 9 = BLOWING SNOW
X = TORNADO
MAX 32 OR BELOW: 7 0.01 INCH OR MORE: 16
MAX 90 OR ABOVE: 0 0.10 INCH OR MORE: 11
MIN 32 OR BELOW: 31 0.50 INCH OR MORE: 1
MIN 0 OR BELOW: 3 1.00 INCH OR MORE: 0
[HDD (BASE 65) ]
TOTAL THIS MO. 1204 CLEAR (SCALE 0-3) 8
DPTR FM NORMAL 356 PTCLDY (SCALE 4-7) 19
TOTAL FM JUL 1 6840 CLOUDY (SCALE 8-10) 4
DPTR FM NORMAL 897
[CDD (BASE 65) ]
TOTAL THIS MO. 0
DPTR FM NORMAL 0 [PRESSURE DATA]
TOTAL FM JAN 1 0 HIGHEST SLP 30.46 ON 27
DPTR FM NORMAL 0 LOWEST SLP 29.44 ON 1
[REMARKS]
#FINAL-03-23#