000
CXUS56 KLKN 101643
CF6ELY
PRELIMINARY LOCAL CLIMATOLOGICAL DATA (WS FORM: F-6)
STATION: ELY AIRPORT NV
MONTH: DECEMBER
YEAR: 2023
LATITUDE: 39 16 N
LONGITUDE: 114 51 W
TEMPERATURE IN F: :PCPN: SNOW: WIND :SUNSHINE: SKY :PK WND
================================================================================
1 2 3 4 5 6A 6B 7 8 9 10 11 12 13 14 15 16 17 18
12Z AVG MX 2MIN
DY MAX MIN AVG DEP HDD CDD WTR SNW DPTH SPD SPD DIR MIN PSBL S-S WX SPD DR
================================================================================
1 36 16 26 -3 39 0 0.02 0.2 2 6.8 18 310 M M 8 1 25 290
2 40 20 30 1 35 0 T T 2 4.9 16 200 M M 9 1 26 210
3 47 27 37 9 28 0 T T 2 3.8 14 260 M M 9 18 280
4 54 26 40 12 25 0 0.00 0.0 0 5.8 13 180 M M 2 16 180
5 61 22 42 14 23 0 0.00 0.0 0 5.8 13 180 M M 0 17 180
6 58 25 42 14 23 0 0.00 0.0 0 16.2 33 140 M M 0 46 140
7 45 28 37 10 28 0 T 0.0 0 8.2 20 260 M M 3 1 30 250
8 34 9 22 -5 43 0 0.03 1.0 1 8.0 20 310 M M 5 1 29 350
9 34 4 19 -8 46 0 0.00 0.0 T 7.0 15 180 M M 0 18 180
10 56 15 36 10 29 0 0.00 0.0 T 8.7 17 180 M M 0 23 180
11 56 16 36 10 29 0 0.00 0.0 T 7.9 15 180 M M 0 19 180
12 38 16 27 1 38 0 T T 0 9.6 20 20 M M 4 27 10
13 42 14 28 2 37 0 0.00 0.0 0 9.6 18 10 M M 1 23 20
14 51 10 31 5 34 0 0.00 0.0 0 8.0 14 180 M M 0 18 180
15 49 12 31 5 34 0 0.00 0.0 0 4.2 15 190 M M 0 18 190
16 58 13 36 10 29 0 0.00 0.0 0 8.7 14 180 M M 0 19 180
17 46 11 29 3 36 0 0.00 0.0 0 6.9 14 190 M M 0 16 190
18 56 17 37 11 28 0 0.00 0.0 0 15.1 23 170 M M 3 31 170
19 50 37 44 19 21 0 0.00 0.0 0 13.8 18 160 M M 7 28 230
20 53 29 41 16 24 0 0.00 0.0 0 10.4 12 190 M M 6 20 180
21 52 21 37 12 28 0 0.00 0.0 0 M 9 190 M M 2 8 16 190
22 50 23 37 12 28 0 0.00 0.0 0 M M M M M 4 M M
23 42 7 25 0 40 0 0.00 0.0 0 M M M M M 3 M M
24 36 1 19 -6 46 0 0.00 0.0 0 M M M M M 1 M M
25 41 11 26 1 39 0 0.00 0.0 0 10.7 15 30 M M 3 20 30
26 47 13 30 5 35 0 T T 0 5.8 13 190 M M 6 15 190
27 43 10 27 2 38 0 0.00 0.0 0 5.7 14 200 M M 2 17 200
28 50 18 34 9 31 0 0.00 0.0 0 7.5 14 180 M M 0 18 160
29 56 16 36 10 29 0 0.00 0.0 0 11.7 22 160 M M 0 31 160
30 51 14 33 7 32 0 0.00 0.0 0 11.8 20 210 M M 0 29 200
31 49 11 30 4 35 0 0.00 0.0 0 8.4 15 170 M M 0 21 260
================================================================================
SM 1481 512 1010 0 0.05 1.2 231.0 M 78
================================================================================
AV 47.8 16.5 8.6 FASTST M M 3 MAX(MPH)
MISC ----> 33 140 46 140
================================================================================
NOTES:
# LAST OF SEVERAL OCCURRENCES
COLUMN 17 PEAK WIND IN M.P.H.
PRELIMINARY LOCAL CLIMATOLOGICAL DATA (WS FORM: F-6) , PAGE 2
STATION: ELY AIRPORT NV
MONTH: DECEMBER
YEAR: 2023
LATITUDE: 39 16 N
LONGITUDE: 114 51 W
[TEMPERATURE DATA] [PRECIPITATION DATA] SYMBOLS USED IN COLUMN 16
AVERAGE MONTHLY: 32.1 TOTAL FOR MONTH: 0.05 1 = FOG OR MIST
DPTR FM NORMAL: 5.9 DPTR FM NORMAL: -0.62 2 = FOG REDUCING VISIBILITY
HIGHEST: 61 ON 5 GRTST 24HR 0.03 ON 8- 8 TO 1/4 MILE OR LESS
LOWEST: 1 ON 24 3 = THUNDER
SNOW, ICE PELLETS, HAIL 4 = ICE PELLETS
TOTAL MONTH: 1.2 INCHES 5 = HAIL
GRTST 24HR 1.0 ON 8- 8 6 = FREEZING RAIN OR DRIZZLE
GRTST DEPTH: 2 ON 3, 2 7 = DUSTSTORM OR SANDSTORM:
VSBY 1/2 MILE OR LESS
8 = SMOKE OR HAZE
[NO. OF DAYS WITH] [WEATHER - DAYS WITH] 9 = BLOWING SNOW
X = TORNADO
MAX 32 OR BELOW: 0 0.01 INCH OR MORE: 2
MAX 90 OR ABOVE: 0 0.10 INCH OR MORE: 0
MIN 32 OR BELOW: 30 0.50 INCH OR MORE: 0
MIN 0 OR BELOW: 0 1.00 INCH OR MORE: 0
[HDD (BASE 65) ]
TOTAL THIS MO. 1010 CLEAR (SCALE 0-3) 21
DPTR FM NORMAL -191 PTCLDY (SCALE 4-7) 7
TOTAL FM JUL 1 2708 CLOUDY (SCALE 8-10) 3
DPTR FM NORMAL -223
[CDD (BASE 65) ]
TOTAL THIS MO. 0
DPTR FM NORMAL 0 [PRESSURE DATA]
TOTAL FM JAN 1 263 HIGHEST SLP 30.71 ON 9
DPTR FM NORMAL -37 LOWEST SLP 29.75 ON 6
[REMARKS]
#FINAL-12-23#