000
CXUS53 KTOP 011635
CF6EMP
PRELIMINARY LOCAL CLIMATOLOGICAL DATA (WS FORM: F-6)
STATION: EMPORIA KS
MONTH: JANUARY
YEAR: 2023
LATITUDE: 38 19 N
LONGITUDE: 96 12 W
TEMPERATURE IN F: :PCPN: SNOW: WIND :SUNSHINE: SKY :PK WND
================================================================================
1 2 3 4 5 6A 6B 7 8 9 10 11 12 13 14 15 16 17 18
12Z AVG MX 2MIN
DY MAX MIN AVG DEP HDD CDD WTR SNW DPTH SPD SPD DIR MIN PSBL S-S WX SPD DR
================================================================================
1 61 29 45 14 20 0 0.00 M M 6.4 15 60 M M 4 12 19 70
2 53 41 47 16 18 0 0.01 M M 7.3 14 70 M M 8 123 17 270
3 46 35 41 10 24 0 T M M 13.9 24 260 M M 10 12 35 240
4 48 28 38 7 27 0 0.00 M M 11.6 21 270 M M 2 27 290
5 47 25 36 5 29 0 0.00 M M 10.7 22 290 M M 0 27 290
6 52 22 37 6 28 0 0.00 M M 7.7 20 120 M M 0 25 120
7 41 24 33 2 32 0 0.00 M M 9.9 18 20 M M 8 23 30
8 56 18 37 6 28 0 0.00 M M 6.5 13 210 M M 0 8 19 220
9 58 27 43 12 22 0 0.00 M M 10.0 20 180 M M 0 25 180
10 60 27 44 13 21 0 0.00 M M 5.6 14 100 M M 0 20 110
11 54 29 42 11 23 0 0.02 M M 8.9 25 360 M M 1 8 36 360
12 37 20 29 -2 36 0 0.05 M M 14.5 31 10 M M 7 18 40 360
13 34 19 27 -4 38 0 0.00 M M 5.6 13 330 M M 5 18 17 330
14 51 24 38 7 27 0 0.00 M M 15.2 26 170 M M 0 18 34 180
15 59 38 49 18 16 0 0.00 M M 19.9 30 170 M M 1 40 170
16 60 36 48 17 17 0 0.00 M M 14.3 26 160 M M 0 37 170
17 51 27 39 8 26 0 0.00 M M 6.6 15 30 M M 0 18 18 20
18 59 35 47 16 18 0 0.51 M M 10.9 23 250 M M 7 18 31 60
19 41 26 34 3 31 0 T M M 14.8 28 290 M M 6 37 280
20 50 22 36 5 29 0 0.00 M M 3.3 8 170 M M 0 10 200
21 38 28 33 2 32 0 0.22 M M 5.5 16 60 M M 9 18 20 60
22 34 23 29 -2 36 0 T M M 7.4 14 290 M M 8 18 18 290
23 45 19 32 1 33 0 0.00 M M 6.6 16 240 M M 2 128 21 240
24 40 25 33 2 32 0 0.11 M M 4.0 10 340 M M 6 18 13 190
25 36 19 28 -3 37 0 0.07 M M 12.4 24 320 M M 8 18 34 310
26 34 16 25 -6 40 0 0.00 M M 6.9 13 180 M M 6 16 180
27 53 28 41 10 24 0 0.00 M M 10.8 24 210 M M 2 34 210
28 56 20 38 6 27 0 0.00 M M 14.3 24 350 M M 2 34 340
29 24 12 18 -14 47 0 0.00 M M 14.2 23 350 M M 10 33 10
30 22 10 16 -16 49 0 0.00 M M 11.8 20 10 M M 8 27 10
31 26 8 17 -15 48 0 0.00 M M 4.2 8 180 M M 1 12 300
================================================================================
SM 1426 760 915 0 0.99 M 301.7 M 121
================================================================================
AV 46.0 24.5 9.7 FASTST M M 4 MAX(MPH)
MISC ----> 31 10 # 40 360
================================================================================
NOTES:
# LAST OF SEVERAL OCCURRENCES
COLUMN 17 PEAK WIND IN M.P.H.
PRELIMINARY LOCAL CLIMATOLOGICAL DATA (WS FORM: F-6) , PAGE 2
STATION: EMPORIA KS
MONTH: JANUARY
YEAR: 2023
LATITUDE: 38 19 N
LONGITUDE: 96 12 W
[TEMPERATURE DATA] [PRECIPITATION DATA] SYMBOLS USED IN COLUMN 16
AVERAGE MONTHLY: 35.3 TOTAL FOR MONTH: 0.99 1 = FOG OR MIST
DPTR FM NORMAL: 4.3 DPTR FM NORMAL: 0.21 2 = FOG REDUCING VISIBILITY
HIGHEST: 61 ON 1 GRTST 24HR 0.51 ON 18-18 TO 1/4 MILE OR LESS
LOWEST: 8 ON 31 3 = THUNDER
SNOW, ICE PELLETS, HAIL 4 = ICE PELLETS
TOTAL MONTH: M 5 = HAIL
GRTST 24HR M ON M 6 = FREEZING RAIN OR DRIZZLE
GRTST DEPTH: M ON M 7 = DUSTSTORM OR SANDSTORM:
VSBY 1/2 MILE OR LESS
8 = SMOKE OR HAZE
[NO. OF DAYS WITH] [WEATHER - DAYS WITH] 9 = BLOWING SNOW
X = TORNADO
MAX 32 OR BELOW: 3 0.01 INCH OR MORE: 7
MAX 90 OR ABOVE: 0 0.10 INCH OR MORE: 3
MIN 32 OR BELOW: 26 0.50 INCH OR MORE: 1
MIN 0 OR BELOW: 0 1.00 INCH OR MORE: 0
[HDD (BASE 65) ]
TOTAL THIS MO. 915 CLEAR (SCALE 0-3) 16
DPTR FM NORMAL -139 PTCLDY (SCALE 4-7) 12
TOTAL FM JUL 1 2778 CLOUDY (SCALE 8-10) 3
DPTR FM NORMAL -163
[CDD (BASE 65) ]
TOTAL THIS MO. 0
DPTR FM NORMAL 0 [PRESSURE DATA]
TOTAL FM JAN 1 0 HIGHEST SLP 30.55 ON 31
DPTR FM NORMAL 0 LOWEST SLP 29.37 ON 16
[REMARKS]
#FINAL-01-23#