000
CXUS53 KMKX 010910
CF6ENW
PRELIMINARY LOCAL CLIMATOLOGICAL DATA (WS FORM: F-6)
STATION: KENOSHA WI
MONTH: JANUARY
YEAR: 2022
LATITUDE: 42 35 N
LONGITUDE: 87 56 W
TEMPERATURE IN F: :PCPN: SNOW: WIND :SUNSHINE: SKY :PK WND
================================================================================
1 2 3 4 5 6A 6B 7 8 9 10 11 12 13 14 15 16 17 18
12Z AVG MX 2MIN
DY MAX MIN AVG DEP HDD CDD WTR SNW DPTH SPD SPD DIR MIN PSBL S-S WX SPD DR
================================================================================
1 35 20 28 2 37 0 T M M 15.8 25 10 M M 10 128 37 360
2 23 3 13 -13 52 0 T M M 8.8 17 340 M M 5 8 25 350
3 23 1 12 -13 53 0 0.00 M M 8.4 18 240 M M 0 24 220
4 35 20 28 3 37 0 0.00 M M 12.2 18 210 M M 1 30 210
5 35 13 24 -1 41 0 T M M 20.6 33 250 M M 9 89 45 260
6 16 5 11 -14 54 0 T M M 12.6 18 280 M M 5 8 25 300
7 17 0 9 -16 56 0 0.00 M M 8.7 17 300 M M 0 23 310
8 34 12 23 -1 42 0 0.00 M M 12.0 21 200 M M 6 18 29 190
9 33 10 22 -2 43 0 0.00 M M 15.5 26 310 M M 4 40 300
10 13 -2 6 -18 59 0 0.00 M M 9.4 20 310 M M 3 28 290
11 37 -1 18 -6 47 0 0.00 M M 13.1 28 200 M M 0 41 190
12 43 31 37 13 28 0 T M M 7.4 15 270 M M 5 18 20 270
13 41 34 38 14 27 0 T M M 5.5 15 20 M M 10 18 20 30
14 34 24 29 5 36 0 T M M 15.5 22 70 M M 10 1 28 70
15 25 14 20 -4 45 0 T M M 12.2 22 70 M M 9 30 60
16 29 8 19 -4 46 0 T M M 6.8 13 300 M M 3 8 16 310
17 29 19 24 1 41 0 0.00 M M 10.4 20 300 M M 7 26 290
18 44 20 32 9 33 0 0.00 M M 13.0 26 250 M M 5 8 37 240
19 39 9 24 1 41 0 0.00 M M 15.4 25 280 M M 1 36 280
20 17 4 11 -12 54 0 0.00 M M 8.1 13 330 M M 0 19 330
21 26 2 14 -9 51 0 0.00 M M 8.0 16 220 M M 2 23 210
22 34 19 27 4 38 0 T M M 15.2 26 270 M M 6 1 34 280
23 19 1 10 -13 55 0 T M M 9.1 20 360 M M 5 1 29 350
24 22 7 15 -8 50 0 T M M 8.5 17 330 M M 7 18 24 330
25 10 -3 4 -19 61 0 0.00 M M 9.3 17 290 M M 0 23 280
26 16 -16 0 -23 65 0 0.00 M M 10.5 20 220 M M 0 30 210
27 34 16 25 2 40 0 0.00 M M 12.6 23 230 M M 8 33 240
28 22 5 14 -9 51 0 0.00 M M 8.5 15 340 M M 5 21 320
29 25 5 15 -8 50 0 T M M 6.9 13 210 M M 7 18 200
30 31 6 19 -4 46 0 0.00 M M 5.6 12 340 M M 1 18 340
31 35 19 27 3 38 0 0.00 M M 9.1 21 150 M M 6 8 28 180
================================================================================
SM 876 305 1417 0 T M 334.7 M 140
================================================================================
AV 28.3 9.8 10.8 FASTST M M 5 MAX(MPH)
MISC ----> 33 250 45 260
================================================================================
NOTES:
# LAST OF SEVERAL OCCURRENCES
COLUMN 17 PEAK WIND IN M.P.H.
PRELIMINARY LOCAL CLIMATOLOGICAL DATA (WS FORM: F-6) , PAGE 2
STATION: KENOSHA WI
MONTH: JANUARY
YEAR: 2022
LATITUDE: 42 35 N
LONGITUDE: 87 56 W
[TEMPERATURE DATA] [PRECIPITATION DATA] SYMBOLS USED IN COLUMN 16
AVERAGE MONTHLY: 19.0 TOTAL FOR MONTH: T 1 = FOG OR MIST
DPTR FM NORMAL: -4.8 DPTR FM NORMAL: -1.19 2 = FOG REDUCING VISIBILITY
HIGHEST: 44 ON 18 GRTST 24HR 0.15 ON 1- 1 TO 1/4 MILE OR LESS
LOWEST: -16 ON 26 3 = THUNDER
SNOW, ICE PELLETS, HAIL 4 = ICE PELLETS
TOTAL MONTH: M 5 = HAIL
GRTST 24HR M ON M 6 = FREEZING RAIN OR DRIZZLE
GRTST DEPTH: M ON M 7 = DUSTSTORM OR SANDSTORM:
VSBY 1/2 MILE OR LESS
8 = SMOKE OR HAZE
[NO. OF DAYS WITH] [WEATHER - DAYS WITH] 9 = BLOWING SNOW
X = TORNADO
MAX 32 OR BELOW: 17 0.01 INCH OR MORE: 0
MAX 90 OR ABOVE: 0 0.10 INCH OR MORE: 0
MIN 32 OR BELOW: 30 0.50 INCH OR MORE: 0
MIN 0 OR BELOW: 5 1.00 INCH OR MORE: 0
[HDD (BASE 65) ]
TOTAL THIS MO. 1417 CLEAR (SCALE 0-3) 12
DPTR FM NORMAL 141 PTCLDY (SCALE 4-7) 13
TOTAL FM JUL 1 3370 CLOUDY (SCALE 8-10) 6
DPTR FM NORMAL -282
[CDD (BASE 65) ]
TOTAL THIS MO. 0
DPTR FM NORMAL 0 [PRESSURE DATA]
TOTAL FM JAN 1 0 HIGHEST SLP 30.64 ON 20
DPTR FM NORMAL 0 LOWEST SLP 29.44 ON 5
[REMARKS]
#FINAL-01-22#