000
CXUS56 KOTX 010910
CF6EPH
PRELIMINARY LOCAL CLIMATOLOGICAL DATA (WS FORM: F-6)
STATION: EPHRATA WA AIRPORT
MONTH: JUNE
YEAR: 2023
LATITUDE: 47 18 N
LONGITUDE: 119 31 W
TEMPERATURE IN F: :PCPN: SNOW: WIND :SUNSHINE: SKY :PK WND
================================================================================
1 2 3 4 5 6A 6B 7 8 9 10 11 12 13 14 15 16 17 18
12Z AVG MX 2MIN
DY MAX MIN AVG DEP HDD CDD WTR SNW DPTH SPD SPD DIR MIN PSBL S-S WX SPD DR
================================================================================
1 75 44 60 -4 5 0 0.00 M M 4.9 20 300 M M 0 24 300
2 81 46 64 0 1 0 0.00 M M 6.3 15 200 M M 0 22 170
3 85 50 68 4 0 3 0.00 M M 5.2 14 220 M M 0 19 160
4 88 57 73 8 0 8 0.00 M M 11.0 22 310 M M 0 29 310
5 90 61 76 11 0 11 0.00 M M 8.6 21 300 M M 0 28 300
6 91 61 76 11 0 11 0.00 M M 9.3 18 20 M M 0 22 350
7 95 67 81 16 0 16 0.00 M M 8.3 17 350 M M 0 21 350
8 85 59 72 7 0 7 0.01 M M 7.1 22 110 M M 4 27 110
9 74 58 66 0 0 1 0.05 M M 4.5 14 190 M M 9 1 20 200
10 73 56 65 -1 0 0 0.00 M M 5.6 16 320 M M 7 18 310
11 86 57 72 6 0 7 0.00 M M 8.3 17 10 M M 2 20 20
12 95 71 83 17 0 18 0.00 M M 9.5 18 340 M M 1 23 330
13 92 60 76 10 0 11 0.00 M M 13.7 38 280 M M 0 45 280
14 80 57 69 2 0 4 0.00 M M 15.4 25 320 M M 3 32 320
15 79 56 68 1 0 3 0.00 M M 10.2 24 310 M M 1 8 32 320
16 85 50 68 1 0 3 T M M 8.2 22 300 M M 2 27 310
17 78 56 67 0 0 2 0.00 M M 11.5 29 310 M M 1 38 310
18 71 51 61 -7 4 0 0.00 M M 11.3 24 230 M M 1 29 240
19 71 46 59 -9 6 0 0.00 M M 10.0 20 300 M M 3 25 230
20 67 52 60 -8 5 0 0.00 M M 8.1 17 230 M M 8 24 220
21 74 48 61 -7 4 0 0.00 M M 4.9 13 330 M M 8 20 190
22 80 55 68 -1 0 3 0.00 M M 7.6 15 10 M M 5 24 300
23 87 59 73 4 0 8 0.00 M M 11.2 25 240 M M 1 30 240
24 87 52 70 1 0 5 0.00 M M 9.2 21 310 M M 0 24 190
25 89 60 75 5 0 10 0.00 M M 10.3 25 310 M M 0 32 320
26 90 66 78 8 0 13 0.00 M M 9.1 22 240 M M 2 3 28 240
27 89 67 78 8 0 13 0.00 M M 7.5 21 310 M M 1 27 310
28 89 66 78 8 0 13 0.00 M M 5.5 15 190 M M 1 26 110
29 94 64 79 8 0 14 0.00 M M 8.0 23 320 M M 0 26 320
30 95 71 83 12 0 18 0.00 M M 8.7 20 320 M M 0 27 200
================================================================================
SM 2515 1723 25 202 0.06 M 259.0 M 60
================================================================================
AV 83.8 57.4 8.6 FASTST M M 2 MAX(MPH)
MISC ----> 38 280 45 280
================================================================================
NOTES:
# LAST OF SEVERAL OCCURRENCES
COLUMN 17 PEAK WIND IN M.P.H.
PRELIMINARY LOCAL CLIMATOLOGICAL DATA (WS FORM: F-6) , PAGE 2
STATION: EPHRATA WA AIRPORT
MONTH: JUNE
YEAR: 2023
LATITUDE: 47 18 N
LONGITUDE: 119 31 W
[TEMPERATURE DATA] [PRECIPITATION DATA] SYMBOLS USED IN COLUMN 16
AVERAGE MONTHLY: 70.6 TOTAL FOR MONTH: 0.06 1 = FOG OR MIST
DPTR FM NORMAL: 3.4 DPTR FM NORMAL: -0.59 2 = FOG REDUCING VISIBILITY
HIGHEST: 95 ON 30,12 GRTST 24HR 0.06 ON 8- 9 TO 1/4 MILE OR LESS
LOWEST: 44 ON 1 3 = THUNDER
SNOW, ICE PELLETS, HAIL 4 = ICE PELLETS
TOTAL MONTH: M 5 = HAIL
GRTST 24HR M ON M 6 = FREEZING RAIN OR DRIZZLE
GRTST DEPTH: M ON M 7 = DUSTSTORM OR SANDSTORM:
VSBY 1/2 MILE OR LESS
8 = SMOKE OR HAZE
[NO. OF DAYS WITH] [WEATHER - DAYS WITH] 9 = BLOWING SNOW
X = TORNADO
MAX 32 OR BELOW: 0 0.01 INCH OR MORE: 2
MAX 90 OR ABOVE: 8 0.10 INCH OR MORE: 0
MIN 32 OR BELOW: 0 0.50 INCH OR MORE: 0
MIN 0 OR BELOW: 0 1.00 INCH OR MORE: 0
[HDD (BASE 65) ]
TOTAL THIS MO. 25 CLEAR (SCALE 0-3) 23
DPTR FM NORMAL -28 PTCLDY (SCALE 4-7) 6
TOTAL FM JUL 1 5750 CLOUDY (SCALE 8-10) 1
DPTR FM NORMAL -6
[CDD (BASE 65) ]
TOTAL THIS MO. 202
DPTR FM NORMAL 83 [PRESSURE DATA]
TOTAL FM JAN 1 308 HIGHEST SLP M ON M
DPTR FM NORMAL 147 LOWEST SLP 29.61 ON 13
[REMARKS]
#FINAL-06-23#