000
CXUS56 KOTX 011316
CLMEPH
CLIMATE REPORT
NATIONAL WEATHER SERVICE SPOKANE WA
516 AM PST FRI MAR 01 2024
...................................
...THE EPHRATA WA AIRPORT CLIMATE SUMMARY FOR THE MONTH OF FEBRUARY 2024...
CLIMATE NORMAL PERIOD 1991 TO 2020
CLIMATE RECORD PERIOD 1949 TO 2024
WEATHER OBSERVED NORMAL DEPART LAST YEAR`S
VALUE DATE(S) VALUE FROM VALUE DATE(S)
NORMAL
................................................................
TEMPERATURE (F)
RECORD
HIGH 65 02/08/2018
02/16/1977
08/04/1961
LOW -24 02/01/1950
HIGHEST 55 02/23 MM MM 56 02/19
02/25
02/28
02/20
LOWEST 22 02/17 MM MM 4 02/24
AVG. MAXIMUM 46.8 43.2 3.6 42.8
AVG. MINIMUM 32.0 26.7 5.3 24.6
MEAN 39.4 34.9 4.5 33.7
DAYS MAX >= 90 0 0.0 0.0 0
DAYS MAX <= 32 0 3.0 -3.0 5
DAYS MIN <= 32 14 21.8 -7.8 27
DAYS MIN <= 0 0 0.2 -0.2 0
PRECIPITATION (INCHES)
RECORD
MAXIMUM 1.96 1958
MINIMUM T 1988
TOTALS 0.31 0.64 -0.33 0.12
DAILY AVG. 0.01 NAN NAN 0.00
DAYS >= .01 6 6.3 -0.3 3
DAYS >= .10 2 2.1 -0.1 0
DAYS >= .50 0 0.1 -0.1 0
DAYS >= 1.00 0 0.0 0.0 0
GREATEST
24 HR. TOTAL 0.13 02/05 TO 02/06 0.07
02/05 TO 02/06
DEGREE DAYS
HEATING TOTAL 735 841 -106 869
SINCE 7/1 4019 4462 -443 MM
COOLING TOTAL 0 0 0 0
SINCE 1/1 0 0 0 MM
................................................................
WIND (MPH)
AVERAGE WIND SPEED 7.8
HIGHEST WIND SPEED/DIRECTION 31/220 DATE 02/25
HIGHEST GUST SPEED/DIRECTION 45/220 DATE 02/25
SKY COVER
POSSIBLE SUNSHINE (PERCENT) MM
AVERAGE SKY COVER 0.65
NUMBER OF DAYS FAIR 7
NUMBER OF DAYS PC 8
NUMBER OF DAYS CLOUDY 14
AVERAGE RH (PERCENT) 71
WEATHER CONDITIONS. NUMBER OF DAYS WITH
THUNDERSTORM 0 MIXED PRECIP 0
HEAVY RAIN 0 RAIN 0
LIGHT RAIN 10 FREEZING RAIN 0
LT FREEZING RAIN 0 HAIL 0
HEAVY SNOW 0 SNOW 0
LIGHT SNOW 3 SLEET 0
FOG 14 FOG W/VIS <= 1/4 MILE 7
HAZE 1
- INDICATES NEGATIVE NUMBERS.
R INDICATES RECORD WAS SET OR TIED.
MM INDICATES DATA IS MISSING.
T INDICATES TRACE AMOUNT.
$$