000
CXUS51 KCLE 011412
CLMERI
CLIMATE REPORT
NATIONAL WEATHER SERVICE CLEVELAND, OH
1012 AM EDT MON MAY 01 2023
...................................
...THE ERIE PA CLIMATE SUMMARY FOR THE MONTH OF APRIL 2023...
CLIMATE NORMAL PERIOD 1991 TO 2020
CLIMATE RECORD PERIOD 1873 TO 2023
WEATHER OBSERVED NORMAL DEPART LAST YEAR`S
VALUE DATE(S) VALUE FROM VALUE
NORMAL
..............................................................
TEMPERATURE (F)
RECORD
HIGH 89 04/28/1990
LOW 12 04/08/1982
04/01/1954
HIGHEST 82 04/16
LOWEST 26 04/08
AVG. MAXIMUM 59.0 56.8 2.2 55.2
AVG. MINIMUM 40.6 38.0 2.6 39.1
MEAN 49.8 47.4 2.4 47.2
DAYS MAX >= 90 0 0.0 0.0 0
DAYS MAX <= 32 0 0.2 -0.2 0
DAYS MIN <= 32 5 8.2 -3.2 5
DAYS MIN <= 0 0 0.0 0.0 0
PRECIPITATION (INCHES)
RECORD
MAXIMUM 8.88 1947
MINIMUM 0.74 1915
TOTALS 2.86 3.47 -0.61 2.14
DAYS >= .01 13 14.0 -1.0 15
DAYS >= .10 7 8.7 -1.7 8
DAYS >= .50 2 2.3 -0.3 1
DAYS >= 1.00 0 0.2 -0.2 0
GREATEST
24 HR. TOTAL 0.91 04/21 TO 04/22 0.67
SNOWFALL (INCHES)
RECORDS
TOTAL 19.3 1901
TOTALS T 2.6 -2.6 T
SINCE 7/1 52.0 104.3 -52.3 61.4
DAYS >= 1.0 0 0.8 -0.8 0
GREATEST
24 HR TOTAL T 04/24 TO 04/24
04/18 TO 04/18
04/17 TO 04/17
DEGREE DAYS
HEATING TOTAL 453 534 -81 529
SINCE 7/1 5179 5622 -443 5095
COOLING TOTAL 4 6 -2 3
SINCE 1/1 4 7 -3 3
..............................................................
WIND (MPH)
AVERAGE WIND SPEED 9.2
HIGHEST WIND SPEED/DIRECTION 36/240 DATE 04/01
HIGHEST GUST SPEED/DIRECTION 55/170 DATE 04/01
SKY COVER
AVERAGE SKY COVER 0.41
AVERAGE RH (PERCENT) 64
WEATHER CONDITIONS. NUMBER OF DAYS WITH
THUNDERSTORM 4 MIXED PRECIP 0
HEAVY RAIN 4 RAIN 5
LIGHT RAIN 17 FREEZING RAIN 0
LT FREEZING RAIN 0 HAIL 0
HEAVY SNOW 0 SNOW 0
LIGHT SNOW 3 SLEET 0
FOG 14 FOG W/VIS <= 1/4 MILE 1
HAZE 2
- INDICATES NEGATIVE NUMBERS.
R INDICATES RECORD WAS SET OR TIED.
MM INDICATES DATA IS MISSING.
T INDICATES TRACE AMOUNT.
$$