000
CXUS51 KCLE 041935
CLSERI
CLIMATE REPORT
NATIONAL WEATHER SERVICE CLEVELAND, OH
235 PM EST SAT DEC 04 2021
...................................
...THE ERIE PA CLIMATE SUMMARY FOR THE SEASON, FROM
9/1/2021 TO 11/30/2021...
CLIMATE NORMAL PERIOD 1991 TO 2020
CLIMATE RECORD PERIOD 1873 TO 2021
WEATHER OBSERVED NORMAL DEPART
VALUE DATE(S) VALUE FROM
NORMAL
................................................
TEMPERATURE (F)
RECORD
HIGH 99 09/03/1953
LOW 6 11/30/1929
11/22/1880
HIGHEST 87 09/14
LOWEST 28 11/24
AVG. MAXIMUM 64.5 62.1 2.4
AVG. MINIMUM 50.0 46.6 3.4
MEAN 57.3 54.4 2.9
DAYS MAX >= 90 0 0.6
DAYS MAX <= 32 0 1.0
DAYS MIN <= 32 6 9.6
DAYS MIN <= 0 0 0.0
PRECIPITATION (INCHES)
RECORD
MAXIMUM 20.91 1979
MINIMUM 4.52 1908
TOTALS 13.63 12.45 1.18
DAYS >= .01 51 39.3
DAYS >= .10 38 25.4
DAYS >= .50 6 8.1
DAYS >= 1.00 2 2.4
SNOWFALL (INCHES)
RECORDS
TOTAL 46.9 1950
TOTALS 5.0 9.7
DAYS >= TRACE 16
DAYS >= 1.0 2 2.3
DEGREE DAYS
HEATING TOTAL 862 1072 -210
COOLING TOTAL 185 104 81
................................................
WIND (MPH)
HIGHEST GUST SPEED/DIRECTION 39/200 DATE 11/18
SKY COVER
POSSIBLE SUNSHINE (PERCENT) MM
NUMBER OF DAYS FAIR 32
NUMBER OF DAYS PC 26
NUMBER OF DAYS CLOUDY 33
WEATHER CONDITIONS. NUMBER OF DAYS WITH
THUNDERSTORM 11 MIXED PRECIP 0
HEAVY RAIN 15 RAIN 23
LIGHT RAIN 53 FREEZING RAIN 0
LT FREEZING RAIN 0 HAIL 0
HEAVY SNOW 2 SNOW 3
LIGHT SNOW 15 SLEET 0
FOG 43 FOG W/VIS <= 1/4 MILE 3
HAZE 18
- INDICATES NEGATIVE NUMBERS.
R INDICATES RECORD WAS SET OR TIED.
MM INDICATES DATA IS MISSING.
T INDICATES TRACE AMOUNT.
$$