000
CXUS54 KEWX 011010
CF6ERV
PRELIMINARY LOCAL CLIMATOLOGICAL DATA (WS FORM: F-6)
STATION: KERRVILLE
MONTH: JUNE
YEAR: 2020
LATITUDE: 29 58 N
LONGITUDE: 99 5 W
TEMPERATURE IN F: :PCPN: SNOW: WIND :SUNSHINE: SKY :PK WND
================================================================================
1 2 3 4 5 6A 6B 7 8 9 10 11 12 13 14 15 16 17 18
12Z AVG MX 2MIN
DY MAX MIN AVG DEP HDD CDD WTR SNW DPTH SPD SPD DIR MIN PSBL S-S WX SPD DR
================================================================================
1 82 66 74 M 0 9 0.07 M M 5.8 16 140 M M 8 22 110
2 84 64 74 M 0 9 0.17 M M 3.2 14 130 M M 7 1 17 130
3 89 69 79 M 0 14 0.01 M M 4.5 8 140 M M 6 1 M M
4 92 72 82 M 0 17 0.00 M M 4.8 10 180 M M 6 M M
5 92 72 82 M 0 17 0.00 M M 4.8 9 160 M M 6 M M
6 92 69 81 M 0 16 0.00 M M 2.5 10 80 M M 1 8 9 120
7 93 66 80 M 0 15 0.00 M M 2.4 7 110 M M 1 M M
8 95 66 81 M 0 16 0.00 M M 3.9 10 170 M M 1 M M
9 97 66 82 M 0 17 0.00 M M 5.7 12 340 M M 4 16 340
10 89 59 74 M 0 9 0.00 M M 4.2 13 30 M M 0 18 30
11 92 54 73 M 0 8 0.00 M M 2.9 9 120 M M 0 17 120
12 92 52 72 M 0 7 0.00 M M 3.4 12 100 M M 0 18 110
13 92 56 74 M 0 9 0.00 M M 4.0 12 120 M M 0 16 120
14 89 56 73 M 0 8 0.00 M M 3.1 9 80 M M 1 16 120
15 91 62 77 M 0 12 0.00 M M 4.8 14 150 M M 4 M M
16 89 72 81 M 0 16 0.00 M M 9.2 15 170 M M 6 21 140
17 92 69 81 M 0 16 0.00 M M 10.0 15 160 M M 7 22 160
18 92 72 82 M 0 17 0.00 M M 12.0 16 170 M M 7 22 160
19 92 74 83 M 0 18 0.00 M M 12.3 20 160 M M 6 25 160
20 92 73 83 M 0 18 0.00 M M 10.4 15 170 M M 6 22 170
21 92 74 83 M 0 18 0.00 M M 10.7 14 160 M M 6 21 160
22 92 74 83 M 0 18 0.00 M M 12.4 18 150 M M 8 1 24 170
23 92 67 80 M 0 15 0.68 M M 7.1 15 340 M M 3 38 20 160
24 87 64 76 M 0 11 0.00 M M 6.0 12 40 M M 2 20 40
25 93 65 79 M 0 14 0.00 M M 2.5 13 140 M M 3 9 160
26 83 72 78 M 0 13 0.01 M M 10.4 20 140 M M 9 8 31 140
27 89 72 81 M 0 16 0.00 M M 12.5 20 170 M M 8 18 30 160
28 89 76 83 M 0 18 0.01 M M 12.7 17 140 M M 8 13 25 150
29 87 76 82 M 0 17 0.00 M M 12.3 18 150 M M 8 22 160
30 92 76 84 M 0 19 0.00 M M 13.4 17 150 M M 7 23 180
================================================================================
SM 2714 2025 0 427 0.95 M 213.9 M 139
================================================================================
AV 90.5 67.5 7.1 FASTST M M 5 MAX(MPH)
MISC ----> # 20 160 # 31 140
================================================================================
NOTES:
# LAST OF SEVERAL OCCURRENCES
COLUMN 17 PEAK WIND IN M.P.H.
PRELIMINARY LOCAL CLIMATOLOGICAL DATA (WS FORM: F-6) , PAGE 2
STATION: KERRVILLE
MONTH: JUNE
YEAR: 2020
LATITUDE: 29 58 N
LONGITUDE: 99 5 W
[TEMPERATURE DATA] [PRECIPITATION DATA] SYMBOLS USED IN COLUMN 16
AVERAGE MONTHLY: 79.0 TOTAL FOR MONTH: 0.95 1 = FOG OR MIST
DPTR FM NORMAL: M DPTR FM NORMAL: M 2 = FOG REDUCING VISIBILITY
HIGHEST: 97 ON 9 GRTST 24HR 0.68 ON 23-23 TO 1/4 MILE OR LESS
LOWEST: 52 ON 12 3 = THUNDER
SNOW, ICE PELLETS, HAIL 4 = ICE PELLETS
TOTAL MONTH: M 5 = HAIL
GRTST 24HR M ON M 6 = FREEZING RAIN OR DRIZZLE
GRTST DEPTH: M ON M 7 = DUSTSTORM OR SANDSTORM:
VSBY 1/2 MILE OR LESS
8 = SMOKE OR HAZE
[NO. OF DAYS WITH] [WEATHER - DAYS WITH] 9 = BLOWING SNOW
X = TORNADO
MAX 32 OR BELOW: 0 0.01 INCH OR MORE: 6
MAX 90 OR ABOVE: 19 0.10 INCH OR MORE: 2
MIN 32 OR BELOW: 0 0.50 INCH OR MORE: 1
MIN 0 OR BELOW: 0 1.00 INCH OR MORE: 0
[HDD (BASE 65) ]
TOTAL THIS MO. 0 CLEAR (SCALE 0-3) 10
DPTR FM NORMAL M PTCLDY (SCALE 4-7) 18
TOTAL FM JUL 1 1872 CLOUDY (SCALE 8-10) 2
DPTR FM NORMAL M
[CDD (BASE 65) ]
TOTAL THIS MO. 427
DPTR FM NORMAL M [PRESSURE DATA]
TOTAL FM JAN 1 897 HIGHEST SLP M ON M
DPTR FM NORMAL M LOWEST SLP M ON M
[REMARKS]
#FINAL-06-20#