000
CXUS55 KPAH 011341
CF6EVV
PRELIMINARY LOCAL CLIMATOLOGICAL DATA (WS FORM: F-6)
STATION: EVANSVILLE IN
MONTH: OCTOBER
YEAR: 2020
LATITUDE: 38 2 N
LONGITUDE: 87 32 W
TEMPERATURE IN F: :PCPN: SNOW: WIND :SUNSHINE: SKY :PK WND
================================================================================
1 2 3 4 5 6A 6B 7 8 9 10 11 12 13 14 15 16 17 18
12Z AVG MX 2MIN
DY MAX MIN AVG DEP HDD CDD WTR SNW DPTH SPD SPD DIR MIN PSBL S-S WX SPD DR
================================================================================
1 72 45 59 -4 6 0 0.00 0.0 0 7.3 18 280 M M 2 30 270
2 66 42 54 -8 11 0 0.00 0.0 0 4.1 13 320 M M 3 17 340
3 69 42 56 -6 9 0 0.01 0.0 0 2.1 12 220 M M 7 16 220
4 61 40 51 -11 14 0 0.00 0.0 0 4.6 16 320 M M 6 25 350
5 67 35 51 -10 14 0 0.00 0.0 0 1.7 8 170 M M 0 12 160
6 76 40 58 -3 7 0 0.00 0.0 0 6.0 16 240 M M 0 1 24 200
7 86 53 70 10 0 5 0.00 0.0 0 6.8 15 240 M M 0 20 240
8 86 52 69 9 0 4 0.00 0.0 0 2.7 9 50 M M 1 128 13 50
9 82 54 68 8 0 3 0.00 0.0 0 5.8 18 200 M M 1 28 200
10 76 63 70 10 0 5 T 0.0 0 5.3 10 90 M M 5 15 80
11 85 62 74 15 0 9 0.00 0.0 0 5.9 15 50 M M 4 1 25 70
12 76 46 61 2 4 0 T 0.0 0 5.4 24 310 M M 6 12 37 320
13 74 41 58 0 7 0 0.00 0.0 0 2.8 13 250 M M 0 12 18 210
14 82 45 64 6 1 0 0.00 0.0 0 10.0 23 210 M M 0 1 36 190
15 63 46 55 -3 10 0 0.09 0.0 0 5.1 13 340 M M 5 18 350
16 62 33 48 -10 17 0 0.00 0.0 0 3.7 15 260 M M 0 23 260
17 68 35 52 -5 13 0 0.00 0.0 0 5.4 17 150 M M 1 25 180
18 66 51 59 2 6 0 0.06 0.0 0 7.2 22 230 M M 9 1 29 240
19 57 52 55 -2 10 0 1.34 0.0 0 4.9 12 340 M M 10 13 21 330
20 64 52 58 2 7 0 0.04 0.0 0 3.9 14 340 M M 8 18 22 340
21 79 58 69 13 0 4 0.00 0.0 0 2.6 10 310 M M 2 12 15 180
22 85 55 70 14 0 5 0.00 0.0 0 5.7 17 210 M M 2 12 24 220
23 84 47 66 10 0 1 0.18 0.0 0 10.4 22 290 M M 6 13 35 270
24 56 45 51 -4 14 0 0.00 0.0 0 8.4 15 30 M M 10 22 350
25 52 49 51 -4 14 0 0.01 0.0 0 6.1 13 50 M M 10 18 17 40
26 53 46 50 -4 15 0 0.12 0.0 0 7.3 12 10 M M 10 18 17 30
27 52 47 50 -4 15 0 0.27 0.0 0 5.8 12 10 M M 10 18 17 20
28 53 48 51 -3 14 0 1.07 0.0 0 6.2 14 30 M M 10 18 19 30
29 55 45 50 -4 15 0 3.66 0.0 0 11.2 20 30 M M 10 1 27 20
30 54 36 45 -8 20 0 0.00 0.0 0 4.6 15 350 M M 1 1 20 320
31 62 34 48 -5 17 0 0.00 0.0 0 4.8 10 180 M M 0 16 130
================================================================================
SM 2123 1439 260 36 6.85 0.0 173.8 M 139
================================================================================
AV 68.5 46.4 5.6 FASTST M M 4 MAX(MPH)
MISC ----> 24 310 37 320
================================================================================
NOTES:
# LAST OF SEVERAL OCCURRENCES
COLUMN 17 PEAK WIND IN M.P.H.
PRELIMINARY LOCAL CLIMATOLOGICAL DATA (WS FORM: F-6) , PAGE 2
STATION: EVANSVILLE IN
MONTH: OCTOBER
YEAR: 2020
LATITUDE: 38 2 N
LONGITUDE: 87 32 W
[TEMPERATURE DATA] [PRECIPITATION DATA] SYMBOLS USED IN COLUMN 16
AVERAGE MONTHLY: 57.5 TOTAL FOR MONTH: 6.85 1 = FOG OR MIST
DPTR FM NORMAL: -0.1 DPTR FM NORMAL: 3.60 2 = FOG REDUCING VISIBILITY
HIGHEST: 86 ON 8, 7 GRTST 24HR 4.71 ON 28-29 TO 1/4 MILE OR LESS
LOWEST: 33 ON 16 3 = THUNDER
SNOW, ICE PELLETS, HAIL 4 = ICE PELLETS
TOTAL MONTH: 0.0 INCH 5 = HAIL
GRTST 24HR 0.0 6 = FREEZING RAIN OR DRIZZLE
GRTST DEPTH: 0 7 = DUSTSTORM OR SANDSTORM:
VSBY 1/2 MILE OR LESS
8 = SMOKE OR HAZE
[NO. OF DAYS WITH] [WEATHER - DAYS WITH] 9 = BLOWING SNOW
X = TORNADO
MAX 32 OR BELOW: 0 0.01 INCH OR MORE: 11
MAX 90 OR ABOVE: 0 0.10 INCH OR MORE: 6
MIN 32 OR BELOW: 0 0.50 INCH OR MORE: 3
MIN 0 OR BELOW: 0 1.00 INCH OR MORE: 3
[HDD (BASE 65) ]
TOTAL THIS MO. 260 CLEAR (SCALE 0-3) 15
DPTR FM NORMAL 4 PTCLDY (SCALE 4-7) 8
TOTAL FM JUL 1 290 CLOUDY (SCALE 8-10) 8
DPTR FM NORMAL -14
[CDD (BASE 65) ]
TOTAL THIS MO. 36
DPTR FM NORMAL 7 [PRESSURE DATA]
TOTAL FM JAN 1 1490 HIGHEST SLP 30.37 ON 31
DPTR FM NORMAL 95 LOWEST SLP 29.57 ON 29
[REMARKS]
#FINAL-10-20#