000
CXUS56 KSLC 081344
CF6EVW
PRELIMINARY LOCAL CLIMATOLOGICAL DATA (WS FORM: F-6)
STATION: EVANSTON WY
MONTH: AUGUST
YEAR: 2021
LATITUDE: 41 16 N
LONGITUDE: 111 2 W
TEMPERATURE IN F: :PCPN: SNOW: WIND :SUNSHINE: SKY :PK WND
================================================================================
1 2 3 4 5 6A 6B 7 8 9 10 11 12 13 14 15 16 17 18
12Z AVG MX 2MIN
DY MAX MIN AVG DEP HDD CDD WTR SNW DPTH SPD SPD DIR MIN PSBL S-S WX SPD DR
================================================================================
1 74 57 66 -3 0 1 T M M 7.3 17 240 M M 4 3 22 140
2 72 53 63 -5 2 0 0.08 M M 8.4 17 250 M M 7 13 23 240
3 80 51 66 -2 0 1 0.00 M M 7.9 22 340 M M 1 12 27 340
4 84 51 68 0 0 3 0.00 M M 6.1 15 330 M M 0 23 360
5 87 55 71 3 0 6 0.01 M M 8.4 23 350 M M 1 28 350
6 77 51 64 -4 1 0 0.00 M M 14.9 32 270 M M 6 8 39 270
7 78 46 62 -6 3 0 0.00 M M 7.7 18 240 M M 4 8 28 240
8 85 51 68 0 0 3 0.00 M M 11.9 30 250 M M 2 8 38 260
9 78 56 67 0 0 2 0.00 M M 10.6 25 280 M M 3 8 31 280
10 83 48 66 -1 0 1 0.00 M M 10.0 25 260 M M 0 8 37 260
11 84 52 68 1 0 3 0.00 M M 9.2 21 250 M M 0 27 260
12 88 54 71 4 0 6 0.00 M M 6.4 15 340 M M 0 21 310
13 90 59 75 9 0 10 0.00 M M 6.0 15 350 M M 0 19 10
14 92 57 75 9 0 10 0.00 M M 7.5 23 320 M M 0 30 330
15 86 59 73 7 0 8 0.00 M M 9.8 23 360 M M 0 8 32 280
16 88 50 69 3 0 4 0.00 M M 4.6 13 290 M M 0 17 70
17 87 56 72 6 0 7 0.01 M M 13.3 37 230 M M 3 3 48 240
18 60 46 53 -12 12 0 T M M 10.6 33 220 M M 9 1238 42 230
19 53 43 48 -17 17 0 0.03 M M 12.9 28 250 M M 10 1 36 270
20 66 43 55 -10 10 0 0.00 M M 10.6 20 250 M M 4 25 250
21 74 46 60 -4 5 0 0.53 M M 13.3 44 290 M M 6 138 54 290
22 73 46 60 -4 5 0 0.00 M M 11.4 22 230 M M 3 8 27 240
23 79 53 66 2 0 1 0.00 M M 14.3 31 240 M M 1 39 250
24 80 51 66 2 0 1 0.00 M M 13.6 28 230 M M 0 37 230
25 81 55 68 4 0 3 0.02 M M 13.7 35 230 M M 1 3 47 220
26 79 52 66 3 0 1 0.00 M M 9.6 29 250 M M 1 35 240
27 77 48 63 0 2 0 0.00 M M 9.4 26 250 M M 1 34 260
28 76 46 61 -2 4 0 0.00 M M 6.9 22 260 M M 1 26 260
29 82 42 62 0 3 0 0.00 M M 7.7 21 260 M M 0 25 250
30 81 52 67 5 0 2 0.00 M M 7.8 21 260 M M 0 26 260
31 84 55 70 8 0 5 0.00 M M 9.6 24 210 M M 0 30 220
================================================================================
SM 2458 1584 64 78 0.68 M 301.4 M 68
================================================================================
AV 79.3 51.1 9.7 FASTST M M 2 MAX(MPH)
MISC ----> 44 290 54 290
================================================================================
NOTES:
# LAST OF SEVERAL OCCURRENCES
COLUMN 17 PEAK WIND IN M.P.H.
PRELIMINARY LOCAL CLIMATOLOGICAL DATA (WS FORM: F-6) , PAGE 2
STATION: EVANSTON WY
MONTH: AUGUST
YEAR: 2021
LATITUDE: 41 16 N
LONGITUDE: 111 2 W
[TEMPERATURE DATA] [PRECIPITATION DATA] SYMBOLS USED IN COLUMN 16
AVERAGE MONTHLY: 65.2 TOTAL FOR MONTH: 0.68 1 = FOG OR MIST
DPTR FM NORMAL: -0.4 DPTR FM NORMAL: -0.15 2 = FOG REDUCING VISIBILITY
HIGHEST: 92 ON 14 GRTST 24HR 0.53 ON 21-21 TO 1/4 MILE OR LESS
LOWEST: 42 ON 29 3 = THUNDER
SNOW, ICE PELLETS, HAIL 4 = ICE PELLETS
TOTAL MONTH: M 5 = HAIL
GRTST 24HR M ON M 6 = FREEZING RAIN OR DRIZZLE
GRTST DEPTH: M ON M 7 = DUSTSTORM OR SANDSTORM:
VSBY 1/2 MILE OR LESS
8 = SMOKE OR HAZE
[NO. OF DAYS WITH] [WEATHER - DAYS WITH] 9 = BLOWING SNOW
X = TORNADO
MAX 32 OR BELOW: 0 0.01 INCH OR MORE: 6
MAX 90 OR ABOVE: 2 0.10 INCH OR MORE: 1
MIN 32 OR BELOW: 0 0.50 INCH OR MORE: 1
MIN 0 OR BELOW: 0 1.00 INCH OR MORE: 0
[HDD (BASE 65) ]
TOTAL THIS MO. 64 CLEAR (SCALE 0-3) 23
DPTR FM NORMAL 10 PTCLDY (SCALE 4-7) 6
TOTAL FM JUL 1 64 CLOUDY (SCALE 8-10) 2
DPTR FM NORMAL -21
[CDD (BASE 65) ]
TOTAL THIS MO. 78
DPTR FM NORMAL 5 [PRESSURE DATA]
TOTAL FM JAN 1 412 HIGHEST SLP 30.23 ON 2
DPTR FM NORMAL 215 LOWEST SLP 29.57 ON 17
[REMARKS]
#FINAL-08-21#