000
CXUS52 KMHX 041331
CF6EWN
PRELIMINARY LOCAL CLIMATOLOGICAL DATA (WS FORM: F-6)
STATION: NEW BERN NC
MONTH: MAY
YEAR: 2021
LATITUDE: 35 4 N
LONGITUDE: 77 3 W
TEMPERATURE IN F: :PCPN: SNOW: WIND :SUNSHINE: SKY :PK WND
================================================================================
1 2 3 4 5 6A 6B 7 8 9 10 11 12 13 14 15 16 17 18
12Z AVG MX 2MIN
DY MAX MIN AVG DEP HDD CDD WTR SNW DPTH SPD SPD DIR MIN PSBL S-S WX SPD DR
================================================================================
1 73 51 62 -4 3 0 0.00 0.0 0 7.2 21 360 M M 0 29 10
2 83 47 65 -1 0 0 0.00 0.0 0 7.9 20 170 M M 0 25 180
3 85 62 74 8 0 9 0.35 0.0 0 6.7 18 200 M M 2 13 24 200
4 92 67 80 13 0 15 0.00 0.0 0 9.3 20 200 M M 1 3 27 210
5 86 70 78 11 0 13 0.00 0.0 0 10.2 21 250 M M 1 27 250
6 72 56 64 -3 1 0 0.00 0.0 0 7.7 20 50 M M 9 26 30
7 70 49 60 -7 5 0 0.02 0.0 0 6.6 29 280 M M 4 3 38 280
8 77 43 60 -8 5 0 0.00 0.0 0 7.5 24 250 M M 1 34 300
9 83 46 65 -3 0 0 0.00 0.0 0 11.1 25 200 M M 2 38 210
10 87 61 74 6 0 9 0.08 0.0 0 11.3 21 240 M M 4 3 29 230
11 70 55 63 -5 2 0 0.00 0.0 0 7.3 17 40 M M 8 20 70
12 60 47 54 -15 11 0 0.55 0.0 0 9.9 18 30 M M 8 1 25 20
13 71 48 60 -9 5 0 0.00 0.0 0 9.4 23 30 M M 3 27 40
14 73 44 59 -10 6 0 0.00 0.0 0 5.9 20 50 M M 0 12 24 30
15 76 45 61 -8 4 0 0.00 0.0 0 5.5 16 20 M M 1 12 22 10
16 78 45 62 -8 3 0 0.00 0.0 0 3.7 13 20 M M 1 1 18 20
17 78 54 66 -4 0 1 0.01 0.0 0 3.5 12 100 M M 5 1 15 120
18 80 58 69 -1 0 4 0.00 0.0 0 6.5 13 160 M M 3 17 170
19 82 55 69 -1 0 4 0.00 0.0 0 3.5 13 170 M M 2 12 16 180
20 87 55 71 1 0 6 0.00 0.0 0 5.3 12 90 M M 0 17 90
21 81 58 70 -1 0 5 0.00 0.0 0 7.9 15 20 M M 0 20 50
22 85 56 71 0 0 6 0.00 0.0 0 4.1 12 360 M M 3 12 16 350
23 92 65 79 8 0 14 0.00 0.0 0 4.5 13 330 M M 0 19 260
24 93 64 79 7 0 14 0.00 0.0 0 5.4 21 10 M M 4 3 24 10
25 86 70 78 6 0 13 0.06 0.0 0 6.2 16 360 M M 7 13 20 360
26 93 69 81 9 0 16 0.00 0.0 0 7.8 17 200 M M 0 23 210
27 93 70 82 10 0 17 0.00 0.0 0 5.4 16 180 M M 1 3 20 180
28 94 68 81 9 0 16 0.00 0.0 0 9.4 24 180 M M 1 1 33 180
29 89 63 76 3 0 11 0.08 0.0 0 11.9 24 200 M M 4 13 36 210
30 64 57 61 -12 4 0 0.16 0.0 0 10.4 15 40 M M 10 13 21 40
31 76 54 65 -8 0 0 0.00 0.0 0 6.8 15 30 M M 1 22 360
================================================================================
SM 2509 1752 49 173 1.31 0.0 225.8 M 86
================================================================================
AV 80.9 56.5 7.3 FASTST M M 3 MAX(MPH)
MISC ----> 29 280 # 38 280
================================================================================
NOTES:
# LAST OF SEVERAL OCCURRENCES
COLUMN 17 PEAK WIND IN M.P.H.
PRELIMINARY LOCAL CLIMATOLOGICAL DATA (WS FORM: F-6) , PAGE 2
STATION: NEW BERN NC
MONTH: MAY
YEAR: 2021
LATITUDE: 35 4 N
LONGITUDE: 77 3 W
[TEMPERATURE DATA] [PRECIPITATION DATA] SYMBOLS USED IN COLUMN 16
AVERAGE MONTHLY: 68.7 TOTAL FOR MONTH: 1.31 1 = FOG OR MIST
DPTR FM NORMAL: -0.8 DPTR FM NORMAL: -2.94 2 = FOG REDUCING VISIBILITY
HIGHEST: 94 ON 28 GRTST 24HR 0.55 ON 12-12 TO 1/4 MILE OR LESS
LOWEST: 43 ON 8 3 = THUNDER
SNOW, ICE PELLETS, HAIL 4 = ICE PELLETS
TOTAL MONTH: 0.0 INCH 5 = HAIL
GRTST 24HR 0.0 6 = FREEZING RAIN OR DRIZZLE
GRTST DEPTH: 0 7 = DUSTSTORM OR SANDSTORM:
VSBY 1/2 MILE OR LESS
8 = SMOKE OR HAZE
[NO. OF DAYS WITH] [WEATHER - DAYS WITH] 9 = BLOWING SNOW
X = TORNADO
MAX 32 OR BELOW: 0 0.01 INCH OR MORE: 8
MAX 90 OR ABOVE: 6 0.10 INCH OR MORE: 3
MIN 32 OR BELOW: 0 0.50 INCH OR MORE: 1
MIN 0 OR BELOW: 0 1.00 INCH OR MORE: 0
[HDD (BASE 65) ]
TOTAL THIS MO. 49 CLEAR (SCALE 0-3) 19
DPTR FM NORMAL 16 PTCLDY (SCALE 4-7) 10
TOTAL FM JUL 1 2495 CLOUDY (SCALE 8-10) 2
DPTR FM NORMAL -201
[CDD (BASE 65) ]
TOTAL THIS MO. 173
DPTR FM NORMAL -1 [PRESSURE DATA]
TOTAL FM JAN 1 261 HIGHEST SLP 30.48 ON 21
DPTR FM NORMAL 12 LOWEST SLP 29.77 ON 29
[REMARKS]
#FINAL-05-21#