000
CXUS52 KMHX 011117
CF6EWN
PRELIMINARY LOCAL CLIMATOLOGICAL DATA (WS FORM: F-6)
STATION: NEW BERN NC
MONTH: JANUARY
YEAR: 2024
LATITUDE: 35 4 N
LONGITUDE: 77 3 W
TEMPERATURE IN F: :PCPN: SNOW: WIND :SUNSHINE: SKY :PK WND
================================================================================
1 2 3 4 5 6A 6B 7 8 9 10 11 12 13 14 15 16 17 18
12Z AVG MX 2MIN
DY MAX MIN AVG DEP HDD CDD WTR SNW DPTH SPD SPD DIR MIN PSBL S-S WX SPD DR
================================================================================
1 59 39 49 4 16 0 T 0.0 0 6.8 16 350 M M 3 24 340
2 50 30 40 -5 25 0 0.00 0.0 0 7.4 17 320 M M 1 25 310
3 57 28 43 -2 22 0 0.08 0.0 0 3.1 14 210 M M 1 18 210
4 50 31 41 -4 24 0 0.18 0.0 0 7.7 22 350 M M 4 32 340
5 47 25 36 -9 29 0 0.00 0.0 0 3.1 8 50 M M 0 12 360
6 64 31 48 3 17 0 0.13 0.0 0 10.0 28 170 M M 6 1 45 140
7 60 42 51 7 14 0 0.00 0.0 0 7.5 17 270 M M 5 27 260
8 48 32 40 -4 25 0 0.00 0.0 0 5.8 17 50 M M 0 24 60
9 69 41 55 11 10 0 1.26 0.0 0 15.4 47 210 M M 10 78 170
10 56 38 47 3 18 0 T 0.0 0 12.7 29 250 M M 2 42 260
11 56 33 45 1 20 0 0.00 0.0 0 4.6 13 290 M M 0 17 290
12 68 27 48 4 17 0 0.32 0.0 0 7.5 31 160 M M 4 1 47 170
13 69 38 54 10 11 0 0.00 0.0 0 13.1 25 290 M M 2 43 240
14 60 34 47 3 18 0 0.00 0.0 0 7.4 21 220 M M 0 33 210
15 63 40 52 8 13 0 0.00 0.0 0 2.4 10 210 M M 1 13 220
16 57 36 47 3 18 0 0.05 0.0 0 6.9 22 340 M M 9 1 32 340
17 39 25 32 -12 33 0 0.00 0.0 0 7.1 16 350 M M 2 23 360
18 57 21 39 -5 26 0 0.00 0.0 0 3.2 17 220 M M 1 23 210
19 57 35 46 2 19 0 T M 0 9.5 21 320 M M 5 32 330
20 38 26 32 -12 33 0 0.00 0.0 0 10.0 18 320 M M 0 27 340
21 39 19 29 -15 36 0 0.00 0.0 0 6.6 17 330 M M 0 25 340
22 50 18 34 -10 31 0 0.00 0.0 0 1.5 8 70 M M 0 12 100
23 59 27 43 -1 22 0 0.00 0.0 0 1.5 7 100 M M 1 10 90
24 74 45 60 16 5 0 0.01 0.0 0 5.9 17 180 M M 3 18 26 160
25 75 59 67 23 0 2 0.03 0.0 0 7.8 18 210 M M 9 1 28 220
26 81 62 72 28 0 7 0.02 0.0 0 9.1 18 200 M M 5 18 30 220
27 72 53 63 18 2 0 0.07 0.0 0 5.8 10 100 M M 4 12 18 100
28 76 50 63 18 2 0 0.28 0.0 0 12.5 23 260 M M 6 13 34 280
29 57 37 47 2 18 0 0.00 0.0 0 8.4 20 350 M M 4 28 340
30 52 34 43 -2 22 0 0.00 0.0 0 5.4 13 60 M M 1 19 50
31 54 39 47 2 18 0 0.04 0.0 0 8.4 20 340 M M 5 27 350
================================================================================
SM 1813 1095 564 9 2.47 0.0 224.1 M 94
================================================================================
AV 58.5 35.3 7.2 FASTST M M 3 MAX(MPH)
MISC ----> 47 210 78 170
================================================================================
NOTES:
# LAST OF SEVERAL OCCURRENCES
COLUMN 17 PEAK WIND IN M.P.H.
PRELIMINARY LOCAL CLIMATOLOGICAL DATA (WS FORM: F-6) , PAGE 2
STATION: NEW BERN NC
MONTH: JANUARY
YEAR: 2024
LATITUDE: 35 4 N
LONGITUDE: 77 3 W
[TEMPERATURE DATA] [PRECIPITATION DATA] SYMBOLS USED IN COLUMN 16
AVERAGE MONTHLY: 46.9 TOTAL FOR MONTH: 2.47 1 = FOG OR MIST
DPTR FM NORMAL: 2.4 DPTR FM NORMAL: -1.42 2 = FOG REDUCING VISIBILITY
HIGHEST: 81 ON 26 GRTST 24HR 1.26 ON 9- 9 TO 1/4 MILE OR LESS
LOWEST: 18 ON 22 3 = THUNDER
SNOW, ICE PELLETS, HAIL 4 = ICE PELLETS
TOTAL MONTH: 0.0 INCH 5 = HAIL
GRTST 24HR 0.0 6 = FREEZING RAIN OR DRIZZLE
GRTST DEPTH: 0 7 = DUSTSTORM OR SANDSTORM:
VSBY 1/2 MILE OR LESS
8 = SMOKE OR HAZE
[NO. OF DAYS WITH] [WEATHER - DAYS WITH] 9 = BLOWING SNOW
X = TORNADO
MAX 32 OR BELOW: 0 0.01 INCH OR MORE: 12
MAX 90 OR ABOVE: 0 0.10 INCH OR MORE: 5
MIN 32 OR BELOW: 13 0.50 INCH OR MORE: 1
MIN 0 OR BELOW: 0 1.00 INCH OR MORE: 1
[HDD (BASE 65) ]
TOTAL THIS MO. 564 CLEAR (SCALE 0-3) 17
DPTR FM NORMAL -75 PTCLDY (SCALE 4-7) 11
TOTAL FM JUL 1 1456 CLOUDY (SCALE 8-10) 3
DPTR FM NORMAL -172
[CDD (BASE 65) ]
TOTAL THIS MO. 9
DPTR FM NORMAL 7 [PRESSURE DATA]
TOTAL FM JAN 1 9 HIGHEST SLP 30.72 ON 22
DPTR FM NORMAL 7 LOWEST SLP 29.33 ON 9
[REMARKS]
#FINAL-01-24#