000
CXUS52 KMHX 011320
CLMEWN
CLIMATE REPORT
NATIONAL WEATHER SERVICE NEWPORT/MOREHEAD CITY
920 AM EDT SAT JUL 01 2023
...................................
...THE NEW BERN NC CLIMATE SUMMARY FOR THE MONTH OF JUNE 2023...
CLIMATE NORMAL PERIOD 1991 TO 2020
CLIMATE RECORD PERIOD 1948 TO 2023
WEATHER OBSERVED NORMAL DEPART LAST YEAR`S
VALUE DATE(S) VALUE FROM VALUE DATE(S)
NORMAL
................................................................
TEMPERATURE (F)
RECORD
HIGH 105 MM
LOW 49 06/05/2023
HIGHEST 90 06/25 96 06/02
06/27
06/30
LOWEST 49R 06/05 55 06/20
AVG. MAXIMUM 84.8 86.7 -1.9 87.6
AVG. MINIMUM 65.0 67.2 -2.2 67.1
MEAN 74.9 77.0 -2.1 77.4
DAYS MAX >= 90 4 10.4 -6.4 11
DAYS MAX <= 32 0 0.0 0.0 0
DAYS MIN <= 32 0 0.0 0.0 0
DAYS MIN <= 0 0 0.0 0.0 0
PRECIPITATION (INCHES)
RECORD
MAXIMUM 16.69 1962
MINIMUM 0.94 2008
TOTALS 4.08 4.60 -0.52 2.23
DAILY AVG. 0.14 0.15 -0.02 0.07
DAYS >= .01 10 11.5 -1.5 9
DAYS >= .10 7 8.1 -1.1 5
DAYS >= .50 5 2.8 2.2 2
DAYS >= 1.00 0 1.1 -1.1 0
GREATEST
24 HR. TOTAL 0.98 06/21 TO 06/22
DEGREE DAYS
COOLING TOTAL 307 359 -52 379
SINCE 1/1 531 608 -77 MM
................................................................
WIND (MPH)
AVERAGE WIND SPEED 6.3
RESULTANT WIND SPEED/DIRECTION 1/200
HIGHEST WIND SPEED/DIRECTION 31/210 DATE 06/22
HIGHEST GUST SPEED/DIRECTION 46/200 DATE 06/22
SKY COVER
POSSIBLE SUNSHINE (PERCENT) MM
AVERAGE SKY COVER 0.30
NUMBER OF DAYS FAIR 19
NUMBER OF DAYS PC 9
NUMBER OF DAYS CLOUDY 2
AVERAGE RH (PERCENT) 73
WEATHER CONDITIONS. NUMBER OF DAYS WITH
THUNDERSTORM 9 MIXED PRECIP 0
HEAVY RAIN 7 RAIN 9
LIGHT RAIN 11 FREEZING RAIN 0
LT FREEZING RAIN 0 HAIL 0
HEAVY SNOW 0 SNOW 0
LIGHT SNOW 0 SLEET 0
FOG 21 FOG W/VIS <= 1/4 MILE 3
HAZE 10
- INDICATES NEGATIVE NUMBERS.
R INDICATES RECORD WAS SET OR TIED.
MM INDICATES DATA IS MISSING.
T INDICATES TRACE AMOUNT.
$$