000
CXUS52 KMHX 011320
CLMEWN
CLIMATE REPORT
NATIONAL WEATHER SERVICE NEWPORT/MOREHEAD CITY
920 AM EDT TUE AUG 01 2023
...................................
...THE NEW BERN NC CLIMATE SUMMARY FOR THE MONTH OF JULY 2023...
CLIMATE NORMAL PERIOD 1991 TO 2020
CLIMATE RECORD PERIOD 1948 TO 2023
WEATHER OBSERVED NORMAL DEPART LAST YEAR`S
VALUE DATE(S) VALUE FROM VALUE DATE(S)
NORMAL
................................................................
TEMPERATURE (F)
RECORD
HIGH 106 07/22/1952
LOW 55 07/02/1975
HIGHEST 96 07/17 95 07/07
07/28
07/29
LOWEST 68 07/01 66 07/11
AVG. MAXIMUM 91.2 89.6 1.6 89.7
AVG. MINIMUM 73.4 71.2 2.2 73.2
MEAN 82.3 80.4 1.9 81.5
DAYS MAX >= 90 25 17.3 7.7 19
DAYS MAX <= 32 0 0.0 0.0 0
DAYS MIN <= 32 0 0.0 0.0 0
DAYS MIN <= 0 0 0.0 0.0 0
PRECIPITATION (INCHES)
RECORD
MAXIMUM 16.04 1950
MINIMUM 0.28 1953
TOTALS 4.09 6.26 -2.17 2.09
DAILY AVG. 0.13 0.20 -0.07 0.37
DAYS >= .01 15 13.6 1.4 7
DAYS >= .10 10 9.4 0.6 4
DAYS >= .50 2 4.6 -2.6 1
DAYS >= 1.00 2 1.8 0.2 1
GREATEST
24 HR. TOTAL 1.41 07/04 TO 07/05
DEGREE DAYS
COOLING TOTAL 545 477 68 520
SINCE 1/1 1076 1085 -9 MM
................................................................
WIND (MPH)
AVERAGE WIND SPEED 5.2
RESULTANT WIND SPEED/DIRECTION 3/200
HIGHEST WIND SPEED/DIRECTION 30/250 DATE 07/04
HIGHEST GUST SPEED/DIRECTION 50/200 DATE 07/04
SKY COVER
POSSIBLE SUNSHINE (PERCENT) MM
AVERAGE SKY COVER 0.20
NUMBER OF DAYS FAIR 26
NUMBER OF DAYS PC 5
NUMBER OF DAYS CLOUDY 0
AVERAGE RH (PERCENT) 76
WEATHER CONDITIONS. NUMBER OF DAYS WITH
THUNDERSTORM 16 MIXED PRECIP 0
HEAVY RAIN 6 RAIN 11
LIGHT RAIN 18 FREEZING RAIN 0
LT FREEZING RAIN 0 HAIL 0
HEAVY SNOW 0 SNOW 0
LIGHT SNOW 0 SLEET 0
FOG 26 FOG W/VIS <= 1/4 MILE 2
HAZE 7
- INDICATES NEGATIVE NUMBERS.
R INDICATES RECORD WAS SET OR TIED.
MM INDICATES DATA IS MISSING.
T INDICATES TRACE AMOUNT.
$$