000
CXUS53 KIND 011516
CLMEYE
CLIMATE REPORT
NATIONAL WEATHER SERVICE INDIANAPOLIS IN
1116 AM EDT TUE AUG 01 2023
...................................
...THE INDIANAPOLIS EAGLE CREEK IN CLIMATE SUMMARY FOR THE MONTH OF JULY 2023...
CLIMATE NORMAL PERIOD 1991 TO 2020
CLIMATE RECORD PERIOD 9999 TO 9999
WEATHER OBSERVED NORMAL DEPART LAST YEAR`S
VALUE DATE(S) VALUE FROM VALUE DATE(S)
NORMAL
................................................................
TEMPERATURE (F)
HIGHEST 91 07/28 100 07/05
LOWEST 61 07/09 61 07/10
07/23
AVG. MAXIMUM 85.2 85.2 0.0 87.5
AVG. MINIMUM 66.9 66.7 0.2 69.9
MEAN 76.0 75.9 0.1 78.7
DAYS MAX >= 90 3 6.6 -3.6 10
DAYS MAX <= 32 0 0.0 0.0 0
DAYS MIN <= 32 0 0.0 0.0 0
DAYS MIN <= 0 0 0.0 0.0 0
PRECIPITATION (INCHES)
TOTALS 5.53 4.29 1.24 2.68
DAILY AVG. 0.18 0.14 0.04 0.09
DAYS >= .01 13 10.8 2.2 9
DAYS >= .10 9 6.7 2.3 7
DAYS >= .50 5 2.4 2.6 2
DAYS >= 1.00 1 1.3 -0.3 0
GREATEST
24 HR. TOTAL 1.37 07/28 TO 07/29
DEGREE DAYS
HEATING TOTAL 0 1 -1 0
SINCE 7/1 0 0 0 MM
COOLING TOTAL 350 340 10 435
SINCE 1/1 643 683 -40 MM
................................................................
WIND (MPH)
AVERAGE WIND SPEED 5.1
HIGHEST WIND SPEED/DIRECTION 29/290 DATE 07/02
29/320 07/29
HIGHEST GUST SPEED/DIRECTION 48/330 DATE 07/29
SKY COVER
AVERAGE SKY COVER 0.26
AVERAGE RH (PERCENT) 72
WEATHER CONDITIONS. NUMBER OF DAYS WITH
THUNDERSTORM 14 MIXED PRECIP 0
HEAVY RAIN 10 RAIN 8
LIGHT RAIN 12 FREEZING RAIN 0
LT FREEZING RAIN 0 HAIL 0
HEAVY SNOW 0 SNOW 0
LIGHT SNOW 0 SLEET 0
FOG 16 FOG W/VIS <= 1/4 MILE 0
HAZE 5
- INDICATES NEGATIVE NUMBERS.
R INDICATES RECORD WAS SET OR TIED.
MM INDICATES DATA IS MISSING.
T INDICATES TRACE AMOUNT.
$$