000
CXUS52 KKEY 012137 CCA
CF6EYW
PRELIMINARY LOCAL CLIMATOLOGICAL DATA (WS FORM: F-6)...CORRECTED
STATION: KEY WEST
MONTH: MARCH
YEAR: 2022
LATITUDE: 24 32 N
LONGITUDE: 81 45 W
TEMPERATURE IN F: :PCPN: SNOW: WIND :SUNSHINE: SKY :PK WND
================================================================================
1 2 3 4 5 6A 6B 7 8 9 10 11 12 13 14 15 16 17 18
12Z AVG MX 2MIN
DY MAX MIN AVG DEP HDD CDD WTR SNW DPTH SPD SPD DIR MIN PSBL S-S WX SPD DR
================================================================================
1 75 67 71 -2 0 6 0.00 0.0 0 9.9 16 350 M M 4 8 24 340
2 77 67 72 -1 0 7 0.00 0.0 0 9.7 18 20 M M 2 26 40
3 80 71 76 3 0 11 0.00 0.0 0 9.0 16 110 M M 3 22 120
4 81 71 76 2 0 11 0.00 0.0 0 10.5 17 70 M M 3 29 70
5 80 71 76 2 0 11 0.40 0.0 0 14.1 26 110 M M 5 18 45 120
6 80 75 78 4 0 13 T 0.0 0 17.3 25 100 M M M 34 100
7 81 76 79 5 0 14 T 0.0 0 14.8 23 100 M M 6 32 110
8 82 76 79 5 0 14 0.02 0.0 0 13.4 18 140 M M 6 1 33 160
9 82 77 80 6 0 15 T 0.0 0 12.6 17 150 M M 5 33 170
10 83 77 80 6 0 15 0.00 0.0 0 8.8 13 180 M M 2 8 18 190
11 83 77 80 6 0 15 0.00 0.0 0 11.2 20 160 M M 3 27 170
12 84 66 75 1 0 10 0.01 0.0 0 17.4 36 330 M M 5 18 54 330
13 74 60 67 -7 0 2 0.00 0.0 0 15.1 23 350 M M 3 34 20
14 79 67 73 -1 0 8 0.00 0.0 0 12.8 22 90 M M 4 32 100
15 81 71 76 2 0 11 T 0.0 0 9.8 16 90 M M 5 23 100
16 82 76 79 5 0 14 0.00 0.0 0 7.7 15 160 M M 3 24 160
17 82 74 78 4 0 13 0.00 0.0 0 5.7 13 100 M M 2 19 160
18 83 77 80 5 0 15 0.00 0.0 0 10.9 15 100 M M 2 26 110
19 83 77 80 5 0 15 0.00 0.0 0 8.2 15 130 M M 2 20 120
20 83 74 79 4 0 14 0.00 0.0 0 6.5 16 10 M M 2 23 20
21 82 75 79 4 0 14 0.00 0.0 0 13.1 22 90 M M 4 32 80
22 82 76 79 4 0 14 0.00 0.0 0 20.3 26 110 M M 6 37 130
23 83 77 80 5 0 15 T 0.0 0 15.2 23 140 M M 4 35 190
24 82 77 80 5 0 15 0.05 0.0 0 8.7 18 140 M M 4 13 24 210
25 78 70 74 -1 0 9 0.08 0.0 0 13.0 18 350 M M 8 13 29 340
26 77 68 73 -2 0 8 0.00 0.0 0 10.7 16 340 M M 2 23 350
27 79 68 74 -1 0 9 0.00 0.0 0 9.1 18 20 M M 0 27 40
28 81 63 72 -4 0 7 0.00 0.0 0 5.8 14 360 M M 0 18 50
29 81 67 74 -2 0 9 0.00 0.0 0 11.9 23 110 M M 0 30 110
30 82 75 79 3 0 14 0.00 0.0 0 21.3 29 130 M M 4 42 130
31 82 76 79 3 0 14 0.00 0.0 0 18.0 26 160 M M 5 40 160
================================================================================
SM 2504 2239 0 362 0.56 0.0 372.5 M 104
================================================================================
AV 80.8 72.2 12.0 FASTST M M 3 MAX(MPH)
MISC ----> 36 330 54 330
================================================================================
NOTES:
# LAST OF SEVERAL OCCURRENCES
COLUMN 17 PEAK WIND IN M.P.H.
PRELIMINARY LOCAL CLIMATOLOGICAL DATA (WS FORM: F-6) , PAGE 2
STATION: KEY WEST
MONTH: MARCH
YEAR: 2022
LATITUDE: 24 32 N
LONGITUDE: 81 45 W
[TEMPERATURE DATA] [PRECIPITATION DATA] SYMBOLS USED IN COLUMN 16
AVERAGE MONTHLY: 76.5 TOTAL FOR MONTH: 0.56 1 = FOG OR MIST
DPTR FM NORMAL: 2.1 DPTR FM NORMAL: -0.97 2 = FOG REDUCING VISIBILITY
HIGHEST: 84 ON 12 GRTST 24HR 0.40 ON 5- 5 TO 1/4 MILE OR LESS
LOWEST: 60 ON 13 3 = THUNDER
SNOW, ICE PELLETS, HAIL 4 = ICE PELLETS
TOTAL MONTH: 0.0 INCH 5 = HAIL
GRTST 24HR 0.0 6 = FREEZING RAIN OR DRIZZLE
GRTST DEPTH: 0 7 = DUSTSTORM OR SANDSTORM:
VSBY 1/2 MILE OR LESS
8 = SMOKE OR HAZE
[NO. OF DAYS WITH] [WEATHER - DAYS WITH] 9 = BLOWING SNOW
X = TORNADO
MAX 32 OR BELOW: 0 0.01 INCH OR MORE: 5
MAX 90 OR ABOVE: 0 0.10 INCH OR MORE: 1
MIN 32 OR BELOW: 0 0.50 INCH OR MORE: 0
MIN 0 OR BELOW: 0 1.00 INCH OR MORE: 0
[HDD (BASE 65) ]
TOTAL THIS MO. 0 CLEAR (SCALE 0-3) 15
DPTR FM NORMAL -4 PTCLDY (SCALE 4-7) 14
TOTAL FM JUL 1 23 CLOUDY (SCALE 8-10) 1
DPTR FM NORMAL -23
[CDD (BASE 65) ]
TOTAL THIS MO. 362
DPTR FM NORMAL 65 [PRESSURE DATA]
TOTAL FM JAN 1 784 HIGHEST SLP M ON M
DPTR FM NORMAL 76 LOWEST SLP 29.87 ON 31
[REMARKS]
#FINAL-03-22#
CORRECTED ALIGNMENT OF SNOW, ICE PELLETS, HAIL TABLE.
CORRECTED SKY COVER TABLE.
CORRECTED HDD DEPARTURE FROM NORMAL SINCE JUL 1.
ROSS/NB