000
CXUS53 KFGF 012209
CF6FAR
PRELIMINARY LOCAL CLIMATOLOGICAL DATA (WS FORM: F-6)
STATION: FARGO HECTOR INTL AP ND
MONTH: SEPTEMBER
YEAR: 2020
LATITUDE: 46 54 N
LONGITUDE: 96 48 W
TEMPERATURE IN F: :PCPN: SNOW: WIND :SUNSHINE: SKY :PK WND
================================================================================
1 2 3 4 5 6A 6B 7 8 9 10 11 12 13 14 15 16 17 18
12Z AVG MX 2MIN
DY MAX MIN AVG DEP HDD CDD WTR SNW DPTH SPD SPD DIR MIN PSBL S-S WX SPD DR
================================================================================
1 76 53 65 0 0 0 T 0.0 0 13.3 28 210 M M 2 38 210
2 78 49 64 -1 1 0 0.02 0.0 0 11.3 36 290 M M 1 3 51 280
3 68 51 60 -4 5 0 0.00 0.0 0 16.2 32 310 M M 2 45 320
4 76 45 61 -3 4 0 0.03 0.0 0 6.9 21 290 M M 2 1 28 330
5 77 44 61 -3 4 0 0.00 0.0 0 6.1 15 140 M M 0 23 140
6 77 52 65 2 0 0 T 0.0 0 16.1 30 320 M M 0 42 310
7 54 39 47 -16 18 0 0.00 0.0 0 10.4 17 350 M M 2 23 20
8 53 33 43 -19 22 0 T 0.0 0 7.2 18 350 M M 3 23 330
9 60 30 45 -17 20 0 0.00 0.0 0 3.7 15 190 M M 2 1 20 290
10 68 38 53 -9 12 0 0.00 0.0 0 9.7 18 200 M M 0 28 190
11 65 42 54 -7 11 0 0.34 0.0 0 8.4 15 190 M M 5 1 22 160
12 63 52 58 -3 7 0 0.38 0.0 0 5.3 10 200 M M 7 1 17 200
13 67 43 55 -5 10 0 0.01 0.0 0 8.5 20 360 M M 2 12 29 20
14 73 40 57 -3 8 0 0.00 0.0 0 8.6 17 150 M M 0 28 120
15 70 54 62 3 3 0 T 0.0 0 5.4 10 320 M M 0 15 210
16 62 44 53 -6 12 0 0.00 0.0 0 10.5 24 340 M M 3 32 330
17 63 44 54 -4 11 0 0.00 0.0 0 6.5 13 70 M M 8 18 160
18 68 42 55 -3 10 0 0.00 0.0 0 10.6 18 170 M M 2 27 150
19 78 52 65 7 0 0 0.00 0.0 0 12.1 20 140 M M 2 30 130
20 77 59 68 11 0 3 0.00 0.0 0 17.4 28 180 M M 0 40 190
21 82 51 67 10 0 2 0.00 0.0 0 9.5 24 270 M M 0 32 270
22 86 47 67 11 0 2 0.00 0.0 0 5.5 12 130 M M 0 19 170
23 77 52 65 9 0 0 0.04 0.0 0 10.3 21 20 M M 2 3 30 20
24 77 46 62 7 3 0 0.00 0.0 0 8.1 20 150 M M 2 12 29 150
25 79 56 68 13 0 3 0.15 0.0 0 9.2 22 280 M M 2 1 28 150
26 69 53 61 7 4 0 0.09 0.0 0 9.2 23 220 M M 6 32 180
27 65 50 58 4 7 0 0.06 0.0 0 14.8 24 300 M M 7 1 35 300
28 57 43 50 -4 15 0 T 0.0 0 14.1 26 340 M M 8 35 330
29 72 45 59 6 6 0 0.01 0.0 0 11.5 24 330 M M 6 32 320
30 63 42 53 0 12 0 T 0.0 0 15.5 31 300 M M 6 44 330
================================================================================
SM 2100 1391 205 10 1.13 0.0 301.9 M 82
================================================================================
AV 70.0 46.4 10.1 FASTST M M 3 MAX(MPH)
MISC ----> 36 290 51 280
================================================================================
NOTES:
# LAST OF SEVERAL OCCURRENCES
COLUMN 17 PEAK WIND IN M.P.H.
PRELIMINARY LOCAL CLIMATOLOGICAL DATA (WS FORM: F-6) , PAGE 2
STATION: FARGO HECTOR INTL AP ND
MONTH: SEPTEMBER
YEAR: 2020
LATITUDE: 46 54 N
LONGITUDE: 96 48 W
[TEMPERATURE DATA] [PRECIPITATION DATA] SYMBOLS USED IN COLUMN 16
AVERAGE MONTHLY: 58.2 TOTAL FOR MONTH: 1.13 1 = FOG OR MIST
DPTR FM NORMAL: -0.9 DPTR FM NORMAL: -1.44 2 = FOG REDUCING VISIBILITY
HIGHEST: 86 ON 22 GRTST 24HR 0.73 ON 11-12 TO 1/4 MILE OR LESS
LOWEST: 30 ON 9 3 = THUNDER
SNOW, ICE PELLETS, HAIL 4 = ICE PELLETS
TOTAL MONTH: 0.0 INCH 5 = HAIL
GRTST 24HR 0.0 6 = FREEZING RAIN OR DRIZZLE
GRTST DEPTH: 0 7 = DUSTSTORM OR SANDSTORM:
VSBY 1/2 MILE OR LESS
8 = SMOKE OR HAZE
[NO. OF DAYS WITH] [WEATHER - DAYS WITH] 9 = BLOWING SNOW
X = TORNADO
MAX 32 OR BELOW: 0 0.01 INCH OR MORE: 10
MAX 90 OR ABOVE: 0 0.10 INCH OR MORE: 3
MIN 32 OR BELOW: 1 0.50 INCH OR MORE: 0
MIN 0 OR BELOW: 0 1.00 INCH OR MORE: 0
[HDD (BASE 65) ]
TOTAL THIS MO. 205 CLEAR (SCALE 0-3) 21
DPTR FM NORMAL -15 PTCLDY (SCALE 4-7) 8
TOTAL FM JUL 1 220 CLOUDY (SCALE 8-10) 1
DPTR FM NORMAL -50
[CDD (BASE 65) ]
TOTAL THIS MO. 10
DPTR FM NORMAL -33 [PRESSURE DATA]
TOTAL FM JAN 1 654 HIGHEST SLP 30.48 ON 9
DPTR FM NORMAL 106 LOWEST SLP 29.33 ON 2
[REMARKS]
#FINAL-09-20#