431
CXUS56 KHNX 011146
CF6FAT
PRELIMINARY LOCAL CLIMATOLOGICAL DATA (WS FORM: F-6)
STATION: FRESNO CA
MONTH: APRIL
YEAR: 2020
LATITUDE: 36 46 N
LONGITUDE: 119 43 W
TEMPERATURE IN F: :PCPN: SNOW: WIND :SUNSHINE: SKY :PK WND
================================================================================
1 2 3 4 5 6A 6B 7 8 9 10 11 12 13 14 15 16 17 18
12Z AVG MX 2MIN
DY MAX MIN AVG DEP HDD CDD WTR SNW DPTH SPD SPD DIR MIN PSBL S-S WX SPD DR
================================================================================
1 71 50 61 2 4 0 0.00 0.0 0 11.1 20 330 M M 2 24 330
2 68 43 56 -3 9 0 0.00 0.0 0 8.4 15 330 M M 1 20 310
3 70 43 57 -2 8 0 0.00 0.0 0 5.5 15 300 M M 3 8 19 310
4 68 45 57 -2 8 0 T 0.0 0 5.6 15 330 M M 4 17 330
5 60 46 53 -6 12 0 0.84 0.0 0 11.5 21 140 M M 10 1 27 140
6 60 45 53 -7 12 0 0.25 0.0 0 7.0 24 170 M M 9 1 28 170
7 66 47 57 -3 8 0 0.02 0.0 0 6.9 18 310 M M 8 24 300
8 60 49 55 -5 10 0 0.11 0.0 0 10.0 18 130 M M 9 18 21 130
9 61 49 55 -5 10 0 0.26 0.0 0 9.7 18 130 M M 8 1 22 140
10 68 45 57 -3 8 0 0.00 0.0 0 3.7 10 320 M M 6 13 330
11 71 50 61 0 4 0 0.00 0.0 0 3.7 9 280 M M 6 10 320
12 73 55 64 3 1 0 0.00 0.0 0 6.8 16 300 M M 5 1 20 300
13 72 53 63 2 2 0 0.00 0.0 0 3.9 14 320 M M 6 18 290
14 77 51 64 3 1 0 0.00 0.0 0 4.0 12 320 M M 1 8 18 350
15 81 54 68 6 0 3 0.00 0.0 0 3.9 10 320 M M 3 13 290
16 83 57 70 8 0 5 0.00 0.0 0 6.3 17 310 M M 6 22 300
17 74 56 65 3 0 0 0.02 0.0 0 7.2 17 140 M M 9 22 150
18 68 55 62 0 3 0 0.08 0.0 0 6.4 15 320 M M 8 1 23 280
19 74 54 64 1 1 0 0.00 0.0 0 5.6 14 330 M M 5 18 17 340
20 62 53 58 -5 7 0 0.07 0.0 0 8.8 21 310 M M 8 24 340
21 74 50 62 -1 3 0 0.00 0.0 0 7.0 17 320 M M 6 22 320
22 81 55 68 4 0 3 0.00 0.0 0 5.6 16 310 M M 4 21 310
23 86 59 73 9 0 8 0.00 0.0 0 8.6 25 310 M M 3 8 30 300
24 88 58 73 9 0 8 0.00 0.0 0 5.2 14 300 M M 3 17 300
25 91 62 77 13 0 12 0.00 0.0 0 6.1 13 300 M M 5 8 16 290
26 90 63 77 12 0 12 0.00 0.0 0 8.3 18 320 M M 5 23 310
27 87 59 73 8 0 8 0.00 0.0 0 10.1 20 300 M M 4 23 310
28 91 61 76 11 0 11 0.00 0.0 0 4.0 13 310 M M 1 16 140
29 91 67 79 13 0 14 0.00 0.0 0 8.6 21 310 M M 7 27 330
30 88 59 74 8 0 9 0.00 0.0 0 14.7 24 320 M M 3 34 330
================================================================================
SM 2254 1593 111 93 1.65 0.0 214.2 M 158
================================================================================
AV 75.1 53.1 7.1 FASTST M M 5 MAX(MPH)
MISC ----> # 25 310 # 34 330
================================================================================
NOTES:
# LAST OF SEVERAL OCCURRENCES
COLUMN 17 PEAK WIND IN M.P.H.
PRELIMINARY LOCAL CLIMATOLOGICAL DATA (WS FORM: F-6) , PAGE 2
STATION: FRESNO CA
MONTH: APRIL
YEAR: 2020
LATITUDE: 36 46 N
LONGITUDE: 119 43 W
[TEMPERATURE DATA] [PRECIPITATION DATA] SYMBOLS USED IN COLUMN 16
AVERAGE MONTHLY: 64.1 TOTAL FOR MONTH: 1.65 1 = FOG OR MIST
DPTR FM NORMAL: 2.1 DPTR FM NORMAL: 0.70 2 = FOG REDUCING VISIBILITY
HIGHEST: 91 ON 29,28 GRTST 24HR 0.84 ON 5- 5 TO 1/4 MILE OR LESS
LOWEST: 43 ON 3, 2 3 = THUNDER
SNOW, ICE PELLETS, HAIL 4 = ICE PELLETS
TOTAL MONTH: 0.0 INCH 5 = HAIL
GRTST 24HR 0.0 6 = FREEZING RAIN OR DRIZZLE
GRTST DEPTH: 0 7 = DUSTSTORM OR SANDSTORM:
VSBY 1/2 MILE OR LESS
8 = SMOKE OR HAZE
[NO. OF DAYS WITH] [WEATHER - DAYS WITH] 9 = BLOWING SNOW
X = TORNADO
MAX 32 OR BELOW: 0 0.01 INCH OR MORE: 8
MAX 90 OR ABOVE: 4 0.10 INCH OR MORE: 4
MIN 32 OR BELOW: 0 0.50 INCH OR MORE: 1
MIN 0 OR BELOW: 0 1.00 INCH OR MORE: 0
[HDD (BASE 65) ]
TOTAL THIS MO. 111 CLEAR (SCALE 0-3) 8
DPTR FM NORMAL -25 PTCLDY (SCALE 4-7) 16
TOTAL FM JUL 1 1827 CLOUDY (SCALE 8-10) 6
DPTR FM NORMAL -486
[CDD (BASE 65) ]
TOTAL THIS MO. 93
DPTR FM NORMAL 47 [PRESSURE DATA]
TOTAL FM JAN 1 96 HIGHEST SLP 30.27 ON 22
DPTR FM NORMAL 45 LOWEST SLP 29.70 ON 5
[REMARKS]
#FINAL-04-20#