000
CXUS52 KFFC 011010
CF6FFC
PRELIMINARY LOCAL CLIMATOLOGICAL DATA (WS FORM: F-6)
STATION: PEACHTREE CITY
MONTH: MARCH
YEAR: 2024
LATITUDE: 33 20 N
LONGITUDE: 84 34 W
TEMPERATURE IN F: :PCPN: SNOW: WIND :SUNSHINE: SKY :PK WND
================================================================================
1 2 3 4 5 6A 6B 7 8 9 10 11 12 13 14 15 16 17 18
12Z AVG MX 2MIN
DY MAX MIN AVG DEP HDD CDD WTR SNW DPTH SPD SPD DIR MIN PSBL S-S WX SPD DR
================================================================================
1 50 41 46 -6 19 0 0.80 M M 7.4 17 120 M M 10 1 26 120
2 65 44 55 3 10 0 T M M 1.9 8 90 M M 9 12 13 70
3 71 55 63 11 2 0 0.00 M M 3.5 12 130 M M 8 128 14 120
4 66 54 60 7 5 0 0.00 M M 4.2 12 120 M M 8 1 15 140
5 63 52 58 5 7 0 1.26 M M 3.4 10 100 M M 8 1 18 90
6 67 56 62 9 3 0 1.08 M M 5.2 16 310 M M 10 13 23 310
7 77 50 64 11 1 0 0.00 M M 2.3 9 360 M M 1 12 14 350
8 69 54 62 8 3 0 2.16 M M 6.8 20 120 M M 5 1 28 120
9 70 54 62 8 3 0 0.83 M M 6.6 22 320 M M 8 1 30 320
10 62 44 53 -1 12 0 0.00 M M 14.2 24 310 M M 2 33 320
11 68 35 52 -2 13 0 0.00 M M 3.0 12 330 M M 0 18 310
12 74 34 54 0 11 0 0.00 M M 2.5 10 310 M M 0 17 190
13 76 39 58 3 7 0 0.00 M M 1.8 12 280 M M 0 17 260
14 83 46 65 10 0 0 0.00 M M 1.5 10 120 M M 0 18 18 160
15 71 55 63 8 2 0 0.32 M M 2.8 13 320 M M 5 123 17 310
16 76 55 66 11 0 1 0.00 M M 5.2 14 300 M M 3 12 23 270
17 67 53 60 4 5 0 0.12 M M 4.5 10 250 M M 5 18 15 220
18 62 40 51 -5 14 0 0.00 M M 10.3 28 310 M M 1 1 36 320
19 61 33 47 -9 18 0 0.00 M M 5.3 14 300 M M 0 25 290
20 74 33 54 -2 11 0 0.00 M M 3.9 13 310 M M 0 18 18 320
21 79 42 61 5 4 0 0.00 M M 0.5 10 130 M M 1 14 140
22 63 57 60 3 5 0 0.29 M M 7.0 15 130 M M 8 1 23 90
23 71 53 62 5 3 0 0.11 M M 10.9 25 330 M M 6 1 35 320
24 68 38 53 -4 12 0 0.00 M M 6.8 16 100 M M 0 28 120
25 68 49 59 2 6 0 0.00 M M 12.8 21 120 M M 3 33 90
26 67 57 62 4 3 0 0.43 M M 8.3 23 130 M M 10 13 35 130
27 75 55 65 7 0 0 0.00 M M 6.8 15 310 M M 5 1 21 310
28 70 45 58 0 7 0 0.00 M M 10.7 25 320 M M 1 35 320
29 73 35 54 -4 11 0 0.00 M M 1.9 9 320 M M 0 16 20
30 78 41 60 2 5 0 0.00 M M 3.4 17 280 M M 0 25 290
31 80 50 65 6 0 0 0.00 M M 3.9 12 280 M M 2 21 200
================================================================================
SM 2164 1449 202 1 7.40 M 169.3 M 119
================================================================================
AV 69.8 46.7 5.5 FASTST M M 4 MAX(MPH)
MISC ----> 28 310 36 320
================================================================================
NOTES:
# LAST OF SEVERAL OCCURRENCES
COLUMN 17 PEAK WIND IN M.P.H.
PRELIMINARY LOCAL CLIMATOLOGICAL DATA (WS FORM: F-6) , PAGE 2
STATION: PEACHTREE CITY
MONTH: MARCH
YEAR: 2024
LATITUDE: 33 20 N
LONGITUDE: 84 34 W
[TEMPERATURE DATA] [PRECIPITATION DATA] SYMBOLS USED IN COLUMN 16
AVERAGE MONTHLY: 58.3 TOTAL FOR MONTH: 7.40 1 = FOG OR MIST
DPTR FM NORMAL: 3.0 DPTR FM NORMAL: 2.50 2 = FOG REDUCING VISIBILITY
HIGHEST: 83 ON 14 GRTST 24HR 2.99 ON 8- 9 TO 1/4 MILE OR LESS
LOWEST: 33 ON 20,19 3 = THUNDER
SNOW, ICE PELLETS, HAIL 4 = ICE PELLETS
TOTAL MONTH: M 5 = HAIL
GRTST 24HR M ON M 6 = FREEZING RAIN OR DRIZZLE
GRTST DEPTH: M ON M 7 = DUSTSTORM OR SANDSTORM:
VSBY 1/2 MILE OR LESS
8 = SMOKE OR HAZE
[NO. OF DAYS WITH] [WEATHER - DAYS WITH] 9 = BLOWING SNOW
X = TORNADO
MAX 32 OR BELOW: 0 0.01 INCH OR MORE: 10
MAX 90 OR ABOVE: 0 0.10 INCH OR MORE: 10
MIN 32 OR BELOW: 0 0.50 INCH OR MORE: 5
MIN 0 OR BELOW: 0 1.00 INCH OR MORE: 3
[HDD (BASE 65) ]
TOTAL THIS MO. 202 CLEAR (SCALE 0-3) 16
DPTR FM NORMAL -110 PTCLDY (SCALE 4-7) 8
TOTAL FM JUL 1 2334 CLOUDY (SCALE 8-10) 7
DPTR FM NORMAL -98
[CDD (BASE 65) ]
TOTAL THIS MO. 1
DPTR FM NORMAL -11 [PRESSURE DATA]
TOTAL FM JAN 1 2 HIGHEST SLP 30.35 ON 1
DPTR FM NORMAL -14 LOWEST SLP 29.70 ON 23
[REMARKS]
#FINAL-03-24#