000
CXUS53 KLMK 010710
CF6FFT
PRELIMINARY LOCAL CLIMATOLOGICAL DATA (WS FORM: F-6)
STATION: FRANKFORT KY
MONTH: JULY
YEAR: 2022
LATITUDE: 38 10 N
LONGITUDE: 84 54 W
TEMPERATURE IN F: :PCPN: SNOW: WIND :SUNSHINE: SKY :PK WND
================================================================================
1 2 3 4 5 6A 6B 7 8 9 10 11 12 13 14 15 16 17 18
12Z AVG MX 2MIN
DY MAX MIN AVG DEP HDD CDD WTR SNW DPTH SPD SPD DIR MIN PSBL S-S WX SPD DR
================================================================================
1 94 73 84 7 0 19 0.00 M M 5.9 15 220 M M 2 23 220
2 92 74 83 6 0 18 T M M 4.1 15 340 M M 3 22 340
3 88 67 78 1 0 13 0.14 M M 5.0 16 320 M M 7 18 23 320
4 94 64 79 2 0 14 0.00 M M 3.7 10 110 M M 0 1 16 120
5 98 74 86 9 0 21 0.00 M M 7.1 17 100 M M 1 24 100
6 98 74 86 9 0 21 0.10 M M 6.1 33 310 M M 1 1 51 300
7 89 73 81 4 0 16 T M M 3.1 15 320 M M 4 12 23 320
8 81 71 76 -1 0 11 0.41 M M 3.5 15 330 M M 6 12 21 320
9 76 67 72 -5 0 7 1.27 M M 5.2 13 60 M M 8 1 19 60
10 88 65 77 0 0 12 0.00 M M 4.9 12 70 M M 1 1 17 40
11 89 64 77 0 0 12 0.00 M M 3.5 12 180 M M 1 1 17 170
12 89 69 79 2 0 14 0.00 M M 6.7 16 300 M M 2 23 300
13 87 62 75 -2 0 10 0.00 M M 2.6 10 320 M M 1 8 17 320
14 88 65 77 0 0 12 0.00 M M 3.1 12 330 M M 2 17 330
15 88 62 75 -2 0 10 0.00 M M 2.1 10 340 M M 1 15 270
16 92 68 80 3 0 15 0.00 M M 6.7 18 220 M M 4 23 230
17 80 72 76 -1 0 11 0.59 M M 7.9 14 200 M M 5 1 23 260
18 84 71 78 1 0 13 0.79 M M 3.9 14 220 M M 6 13 18 230
19 88 71 80 3 0 15 0.00 M M 4.3 10 220 M M 4 1 14 230
20 93 74 84 7 0 19 0.00 M M 8.6 18 200 M M 4 25 200
21 90 71 81 4 0 16 0.00 M M 4.6 14 330 M M 1 22 320
22 92 66 79 2 0 14 0.00 M M 4.7 15 230 M M 0 20 230
23 92 69 81 4 0 16 0.00 M M 5.0 14 220 M M 0 19 220
24 91 73 82 5 0 17 0.01 M M 9.9 17 200 M M 1 26 200
25 85 74 80 3 0 15 0.11 M M 2.3 12 240 M M 4 1 19 230
26 80 72 76 -1 0 11 0.70 M M 2.9 10 190 M M 8 1 14 350
27 88 73 81 4 0 16 0.25 M M 4.9 15 230 M M 6 13 23 220
28 87 71 79 2 0 14 0.23 M M 6.8 13 230 M M 6 13 17 240
29 84 63 74 -3 0 9 0.00 M M 4.2 13 320 M M 6 1 19 320
30 82 62 72 -5 0 7 0.00 M M 2.1 8 70 M M 1 12 60
31 78 67 73 -4 0 8 0.94 M M 3.3 9 90 M M 9 13 14 60
================================================================================
SM 2725 2141 0 426 5.54 M 148.7 M 105
================================================================================
AV 87.9 69.1 4.8 FASTST M M 3 MAX(MPH)
MISC ----> 33 310 51 300
================================================================================
NOTES:
# LAST OF SEVERAL OCCURRENCES
COLUMN 17 PEAK WIND IN M.P.H.
PRELIMINARY LOCAL CLIMATOLOGICAL DATA (WS FORM: F-6) , PAGE 2
STATION: FRANKFORT KY
MONTH: JULY
YEAR: 2022
LATITUDE: 38 10 N
LONGITUDE: 84 54 W
[TEMPERATURE DATA] [PRECIPITATION DATA] SYMBOLS USED IN COLUMN 16
AVERAGE MONTHLY: 78.5 TOTAL FOR MONTH: 5.54 1 = FOG OR MIST
DPTR FM NORMAL: 1.3 DPTR FM NORMAL: 0.85 2 = FOG REDUCING VISIBILITY
HIGHEST: 98 ON 6, 5 GRTST 24HR 1.38 ON 17-18 TO 1/4 MILE OR LESS
LOWEST: 62 ON 30,15 3 = THUNDER
SNOW, ICE PELLETS, HAIL 4 = ICE PELLETS
TOTAL MONTH: M 5 = HAIL
GRTST 24HR M ON M 6 = FREEZING RAIN OR DRIZZLE
GRTST DEPTH: M ON M 7 = DUSTSTORM OR SANDSTORM:
VSBY 1/2 MILE OR LESS
8 = SMOKE OR HAZE
[NO. OF DAYS WITH] [WEATHER - DAYS WITH] 9 = BLOWING SNOW
X = TORNADO
MAX 32 OR BELOW: 0 0.01 INCH OR MORE: 12
MAX 90 OR ABOVE: 11 0.10 INCH OR MORE: 11
MIN 32 OR BELOW: 0 0.50 INCH OR MORE: 5
MIN 0 OR BELOW: 0 1.00 INCH OR MORE: 1
[HDD (BASE 65) ]
TOTAL THIS MO. 0 CLEAR (SCALE 0-3) 16
DPTR FM NORMAL 0 PTCLDY (SCALE 4-7) 13
TOTAL FM JUL 1 0 CLOUDY (SCALE 8-10) 2
DPTR FM NORMAL 0
[CDD (BASE 65) ]
TOTAL THIS MO. 426
DPTR FM NORMAL 48 [PRESSURE DATA]
TOTAL FM JAN 1 886 HIGHEST SLP M ON M
DPTR FM NORMAL 100 LOWEST SLP 29.68 ON 20
[REMARKS]
#FINAL-07-22#