000
CXUS53 KLMK 010710
CF6FFT
PRELIMINARY LOCAL CLIMATOLOGICAL DATA (WS FORM: F-6)
STATION: FRANKFORT KY
MONTH: MAY
YEAR: 2021
LATITUDE: 38 10 N
LONGITUDE: 84 54 W
TEMPERATURE IN F: :PCPN: SNOW: WIND :SUNSHINE: SKY :PK WND
================================================================================
1 2 3 4 5 6A 6B 7 8 9 10 11 12 13 14 15 16 17 18
12Z AVG MX 2MIN
DY MAX MIN AVG DEP HDD CDD WTR SNW DPTH SPD SPD DIR MIN PSBL S-S WX SPD DR
================================================================================
1 73 34 54 -8 11 0 0.00 M M 6.1 15 220 M M 0 21 210
2 79 53 66 4 0 1 0.13 M M 7.2 18 220 M M 4 1 24 200
3 76 60 68 6 0 3 0.42 M M 8.7 17 240 M M 8 18 26 230
4 79 59 69 7 0 4 0.98 M M 8.8 21 220 M M 6 13 30 230
5 65 43 54 -9 11 0 0.20 M M 7.5 15 330 M M 7 1 24 360
6 66 37 52 -11 13 0 0.01 M M 3.8 18 260 M M 3 28 260
7 66 43 55 -8 10 0 0.01 M M 8.1 22 240 M M 6 18 34 310
8 63 42 53 -10 12 0 0.01 M M 4.7 13 360 M M 6 20 340
9 69 47 58 -6 7 0 0.06 M M 13.8 31 190 M M 10 1 47 200
10 65 40 53 -11 12 0 0.00 M M 5.7 15 60 M M 4 23 40
11 65 41 53 -11 12 0 0.00 M M 5.3 14 340 M M 3 20 40
12 66 47 57 -7 8 0 0.00 M M 8.6 17 80 M M 1 28 40
13 69 38 54 -11 11 0 0.00 M M 4.1 14 70 M M 2 8 23 70
14 73 38 56 -9 9 0 0.00 M M 2.6 12 30 M M 3 23 30
15 75 38 57 -8 8 0 0.00 M M 2.9 13 120 M M 2 20 180
16 70 55 63 -3 2 0 0.02 M M 4.0 13 150 M M 9 1 19 190
17 75 58 67 1 0 2 0.00 M M 6.0 12 70 M M 7 15 90
18 80 61 71 5 0 6 0.05 M M 6.4 16 160 M M 6 1 23 140
19 84 56 70 4 0 5 0.00 M M 3.5 13 190 M M 1 1 17 190
20 85 59 72 5 0 7 0.00 M M 3.4 13 120 M M 0 18 120
21 87 56 72 5 0 7 0.00 M M 2.4 13 200 M M 1 17 190
22 88 55 72 5 0 7 0.00 M M 2.1 12 320 M M 1 1 22 300
23 89 58 74 7 0 9 0.00 M M 1.6 9 290 M M 1 1 17 320
24 90 61 76 8 0 11 0.00 M M 2.8 12 220 M M 1 1 17 230
25 91 60 76 8 0 11 0.00 M M 4.0 14 220 M M 1 18 20 240
26 83 64 74 6 0 9 0.64 M M 6.7 21 270 M M 5 123 33 280
27 84 66 75 6 0 10 T M M 3.0 9 110 M M 6 12 16 180
28 79 54 67 -2 0 2 0.34 M M 6.8 23 320 M M 8 1 36 320
29 55 49 52 -17 13 0 0.01 M M 6.2 13 360 M M 10 18 18 360
30 67 45 56 -14 9 0 0.00 M M 5.5 12 40 M M 6 17 50
31 76 44 60 -10 5 0 0.00 M M 2.5 13 70 M M 0 17 60
================================================================================
SM 2332 1561 153 94 2.88 M 164.8 M 128
================================================================================
AV 75.2 50.4 5.3 FASTST M M 4 MAX(MPH)
MISC ----> 31 190 47 200
================================================================================
NOTES:
# LAST OF SEVERAL OCCURRENCES
COLUMN 17 PEAK WIND IN M.P.H.
PRELIMINARY LOCAL CLIMATOLOGICAL DATA (WS FORM: F-6) , PAGE 2
STATION: FRANKFORT KY
MONTH: MAY
YEAR: 2021
LATITUDE: 38 10 N
LONGITUDE: 84 54 W
[TEMPERATURE DATA] [PRECIPITATION DATA] SYMBOLS USED IN COLUMN 16
AVERAGE MONTHLY: 62.8 TOTAL FOR MONTH: 2.88 1 = FOG OR MIST
DPTR FM NORMAL: -2.7 DPTR FM NORMAL: -2.22 2 = FOG REDUCING VISIBILITY
HIGHEST: 91 ON 25 GRTST 24HR 1.18 ON 4- 5 TO 1/4 MILE OR LESS
LOWEST: 34 ON 1 3 = THUNDER
SNOW, ICE PELLETS, HAIL 4 = ICE PELLETS
TOTAL MONTH: M 5 = HAIL
GRTST 24HR M ON M 6 = FREEZING RAIN OR DRIZZLE
GRTST DEPTH: M ON M 7 = DUSTSTORM OR SANDSTORM:
VSBY 1/2 MILE OR LESS
8 = SMOKE OR HAZE
[NO. OF DAYS WITH] [WEATHER - DAYS WITH] 9 = BLOWING SNOW
X = TORNADO
MAX 32 OR BELOW: 0 0.01 INCH OR MORE: 13
MAX 90 OR ABOVE: 2 0.10 INCH OR MORE: 6
MIN 32 OR BELOW: 0 0.50 INCH OR MORE: 2
MIN 0 OR BELOW: 0 1.00 INCH OR MORE: 0
[HDD (BASE 65) ]
TOTAL THIS MO. 153 CLEAR (SCALE 0-3) 15
DPTR FM NORMAL 61 PTCLDY (SCALE 4-7) 13
TOTAL FM JUL 1 4405 CLOUDY (SCALE 8-10) 3
DPTR FM NORMAL 25
[CDD (BASE 65) ]
TOTAL THIS MO. 94
DPTR FM NORMAL -15 [PRESSURE DATA]
TOTAL FM JAN 1 115 HIGHEST SLP M ON M
DPTR FM NORMAL -24 LOWEST SLP 29.62 ON 3
[REMARKS]
#FINAL-05-21#