261
CXUS53 KFGF 010815
CF6FGF
PRELIMINARY LOCAL CLIMATOLOGICAL DATA (WS FORM: F-6)
STATION: GRAND FORKS UNIV. (NWS) ND
MONTH: JUNE
YEAR: 2020
LATITUDE: 47 55 N
LONGITUDE: 97 6 W
TEMPERATURE IN F: :PCPN: SNOW: WIND :SUNSHINE: SKY :PK WND
================================================================================
1 2 3 4 5 6A 6B 7 8 9 10 11 12 13 14 15 16 17 18
12Z AVG MX 2MIN
DY MAX MIN AVG DEP HDD CDD WTR SNW DPTH SPD SPD DIR MIN PSBL S-S WX SPD DR
================================================================================
1 95 66 81 20 0 16 0.01 0.0 0 M M M M M M M M
2 85 57 71 10 0 6 0.00 0.0 0 M M M M M M M M
3 85 50 68 6 0 3 0.00 0.0 0 M M M M M M M M
4 84 53 69 7 0 4 0.05 0.0 0 M M M M M M M M
5 78 52 65 3 0 0 0.00 0.0 0 M M M M M M M M
6 71 49 60 -3 5 0 0.15 0.0 0 M M M M M M M M
7 96 57 77 14 0 12 0.61 0.0 0 M M M M M M M M
8 87 66 77 14 0 12 0.03 0.0 0 M M M M M M M M
9 72 57 65 1 0 0 0.34 0.0 0 M M M M M M M M
10 72 51 62 -2 3 0 T 0.0 0 M M M M M M M M
11 78 49 64 0 1 0 0.02 0.0 0 M M M M M M M M
12 69 49 59 -5 6 0 0.00 0.0 0 M M M M M M M M
13 76 52 64 -1 1 0 0.00 0.0 0 M M M M M M M M
14 82 60 71 6 0 6 0.00 0.0 0 M M M M M M M M
15 88 70 79 14 0 14 0.00 0.0 0 M M M M M M M M
16 97 62 80 14 0 15 0.00 0.0 0 M M M M M M M M
17 96 73 85 19 0 20 0.07 0.0 0 M M M M M M 3 M M
18 79 53 66 0 0 1 0.06 0.0 0 M M M M M M M M
19 74 50 62 -4 3 0 0.00 0.0 0 M M M M M M M M
20 70 58 64 -3 1 0 0.52 0.0 0 M M M M M M M M
21 71 51 61 -6 4 0 0.00 0.0 0 M M M M M M M M
22 70 50 60 -7 5 0 0.02 0.0 0 M M M M M M M M
23 79 53 66 -1 0 1 T 0.0 0 M M M M M M M M
24 81 52 67 -1 0 2 0.00 0.0 0 M M M M M M M M
25 76 62 69 1 0 4 0.15 0.0 0 M M M M M M 3 M M
26 85 60 73 5 0 8 0.00 0.0 0 M M M M M M M M
27 90 62 76 8 0 11 0.00 0.0 0 M M M M M M M M
28 90 68 79 11 0 14 0.00 0.0 0 M M M M M M M M
29 88 72 80 12 0 15 0.00 0.0 0 M M M M M M M M
30 88 67 78 10 0 13 2.53 0.0 0 M M M M M M M M
================================================================================
SM 2452 1731 29 177 4.56 0.0 M M M
================================================================================
AV 81.7 57.7 M FASTST M M M MAX(MPH)
MISC ----> M M M M
================================================================================
NOTES:
# LAST OF SEVERAL OCCURRENCES
COLUMN 17 PEAK WIND IN M.P.H.
PRELIMINARY LOCAL CLIMATOLOGICAL DATA (WS FORM: F-6) , PAGE 2
STATION: GRAND FORKS UNIV. (NWS) ND
MONTH: JUNE
YEAR: 2020
LATITUDE: 47 55 N
LONGITUDE: 97 6 W
[TEMPERATURE DATA] [PRECIPITATION DATA] SYMBOLS USED IN COLUMN 16
AVERAGE MONTHLY: 69.7 TOTAL FOR MONTH: 4.56 1 = FOG OR MIST
DPTR FM NORMAL: 4.4 DPTR FM NORMAL: 0.82 2 = FOG REDUCING VISIBILITY
HIGHEST: 97 ON 16 GRTST 24HR 2.53 ON 30-30 TO 1/4 MILE OR LESS
LOWEST: 49 ON 12,11 3 = THUNDER
SNOW, ICE PELLETS, HAIL 4 = ICE PELLETS
TOTAL MONTH: 0.0 INCH 5 = HAIL
GRTST 24HR 0.0 6 = FREEZING RAIN OR DRIZZLE
GRTST DEPTH: 0 7 = DUSTSTORM OR SANDSTORM:
VSBY 1/2 MILE OR LESS
8 = SMOKE OR HAZE
[NO. OF DAYS WITH] [WEATHER - DAYS WITH] 9 = BLOWING SNOW
X = TORNADO
MAX 32 OR BELOW: 0 0.01 INCH OR MORE: 13
MAX 90 OR ABOVE: 6 0.10 INCH OR MORE: 6
MIN 32 OR BELOW: 0 0.50 INCH OR MORE: 3
MIN 0 OR BELOW: 0 1.00 INCH OR MORE: 1
[HDD (BASE 65) ]
TOTAL THIS MO. 29 CLEAR (SCALE 0-3) 0
DPTR FM NORMAL -54 PTCLDY (SCALE 4-7) 0
TOTAL FM JUL 1 9459 CLOUDY (SCALE 8-10) 30
DPTR FM NORMAL 252
[CDD (BASE 65) ]
TOTAL THIS MO. 177
DPTR FM NORMAL 86 [PRESSURE DATA]
TOTAL FM JAN 1 187 HIGHEST SLP M ON M
DPTR FM NORMAL 70 LOWEST SLP M ON M
[REMARKS]
#FINAL-06-20#