000
CXUS53 KARX 020620
CF6FKA
PRELIMINARY LOCAL CLIMATOLOGICAL DATA (WS FORM: F-6)
STATION: PRESTON MN
MONTH: DECEMBER
YEAR: 2023
LATITUDE: 43 40 N
LONGITUDE: 92 11 W
TEMPERATURE IN F: :PCPN: SNOW: WIND :SUNSHINE: SKY :PK WND
================================================================================
1 2 3 4 5 6A 6B 7 8 9 10 11 12 13 14 15 16 17 18
12Z AVG MX 2MIN
DY MAX MIN AVG DEP HDD CDD WTR SNW DPTH SPD SPD DIR MIN PSBL S-S WX SPD DR
================================================================================
1 32 23 28 M 37 0 0.00 0.0 0 7.6 13 40 M M 1 18 30
2 36 19 28 M 37 0 M M 0 4.4 8 130 M M 7 1 M M
3 M M M M M M M M 0 M M M M M M M M
4 34 32 33 M 32 0 M M M 9.9 14 190 M M 10 1 24 210
5 32 25 29 M 36 0 M M 0 8.0 16 330 M M 9 1 22 330
6 43 21 32 M 33 0 0.00 0.0 0 12.0 20 190 M M 1 1 27 190
7 52 28 40 M 25 0 0.00 0.0 0 10.0 16 140 M M 1 20 210
8 50 39 45 M 20 0 0.00 0.0 0 11.3 21 270 M M 3 25 220
9 41 27 34 M 31 0 M M 0 15.7 25 310 M M 8 1 35 310
10 27 21 24 M 41 0 0.00 0.0 0 10.0 21 310 M M 10 31 310
11 30 19 25 M 40 0 0.00 0.0 0 7.2 14 280 M M 7 25 280
12 30 16 23 M 42 0 0.00 0.0 0 13.5 20 300 M M 0 31 300
13 45 18 32 M 33 0 0.00 0.0 0 10.2 16 250 M M 4 23 250
14 52 28 40 M 25 0 0.00 0.0 0 9.7 15 220 M M 0 21 220
15 41 36 39 M 26 0 M 0.0 0 6.3 10 210 M M 8 17 220
16 39 36 38 M 27 0 0.05 0.0 0 4.8 10 120 M M 10 12 M M
17 36 30 33 M 32 0 T 0.0 0 13.7 25 310 M M 10 12 36 310
18 30 12 21 M 44 0 0.00 0.0 0 17.7 28 320 M M 3 41 320
19 36 10 23 M 42 0 0.00 0.0 0 13.2 21 190 M M 0 30 180
20 41 21 31 M 34 0 0.00 0.0 0 8.5 13 190 M M 0 M M
21 39 28 34 M 31 0 0.00 0.0 0 8.8 13 130 M M 8 1 M M
22 45 36 41 M 24 0 T 0.0 0 5.8 9 140 M M 10 1 M M
23 46 39 43 M 22 0 0.00 0.0 0 9.3 14 140 M M 10 12 18 150
24 54 45 50 M 15 0 0.23 0.0 0 16.4 23 160 M M 10 1 27 160
25 54 43 49 M 16 0 0.61 0.0 0 15.1 21 100 M M 10 1 29 110
26 41 30 36 M 29 0 M M 0 9.2 14 190 M M 10 1 21 190
27 34 25 30 M 35 0 0.00 0.0 0 4.8 7 10 M M 9 12 M M
28 32 25 29 M 36 0 0.00 0.0 0 12.6 18 340 M M 8 1 27 330
29 39 25 32 M 33 0 0.00 0.0 0 8.9 14 340 M M 4 18 340
30 32 25 29 M 36 0 M M 0 12.1 18 320 M M 5 16 25 310
31 30 23 27 M 38 0 M M M 13.2 20 350 M M 10 1 28 350
================================================================================
SM 1173 805 952 0 0.89 0.0 309.9 M 186
================================================================================
AV 39.1 26.8 10.3 FASTST M M 6 MAX(MPH)
MISC ----> 28 320 41 320
================================================================================
NOTES:
# LAST OF SEVERAL OCCURRENCES
COLUMN 17 PEAK WIND IN M.P.H.
PRELIMINARY LOCAL CLIMATOLOGICAL DATA (WS FORM: F-6) , PAGE 2
STATION: PRESTON MN
MONTH: DECEMBER
YEAR: 2023
LATITUDE: 43 40 N
LONGITUDE: 92 11 W
[TEMPERATURE DATA] [PRECIPITATION DATA] SYMBOLS USED IN COLUMN 16
AVERAGE MONTHLY: 33.0 TOTAL FOR MONTH: 0.89 1 = FOG OR MIST
DPTR FM NORMAL: 0.0 DPTR FM NORMAL: M 2 = FOG REDUCING VISIBILITY
HIGHEST: 54 ON 25,24 GRTST 24HR 0.61 ON 25-25 TO 1/4 MILE OR LESS
LOWEST: 10 ON 19 3 = THUNDER
SNOW, ICE PELLETS, HAIL 4 = ICE PELLETS
TOTAL MONTH: 0.0 INCH 5 = HAIL
GRTST 24HR 0.0 6 = FREEZING RAIN OR DRIZZLE
GRTST DEPTH: 0 7 = DUSTSTORM OR SANDSTORM:
VSBY 1/2 MILE OR LESS
8 = SMOKE OR HAZE
[NO. OF DAYS WITH] [WEATHER - DAYS WITH] 9 = BLOWING SNOW
X = TORNADO
MAX 32 OR BELOW: 9 0.01 INCH OR MORE: 3
MAX 90 OR ABOVE: 0 0.10 INCH OR MORE: 2
MIN 32 OR BELOW: 23 0.50 INCH OR MORE: 1
MIN 0 OR BELOW: 0 1.00 INCH OR MORE: 0
[HDD (BASE 65) ]
TOTAL THIS MO. 952 CLEAR (SCALE 0-3) 9
DPTR FM NORMAL M PTCLDY (SCALE 4-7) 9
TOTAL FM JUL 1 2297 CLOUDY (SCALE 8-10) 13
DPTR FM NORMAL M
[CDD (BASE 65) ]
TOTAL THIS MO. 0
DPTR FM NORMAL M [PRESSURE DATA]
TOTAL FM JAN 1 714 HIGHEST SLP M ON M
DPTR FM NORMAL M LOWEST SLP M ON M
[REMARKS]
#FINAL-12-23#