000
CXUS52 KMFL 011130
CF6FLL
PRELIMINARY LOCAL CLIMATOLOGICAL DATA (WS FORM: F-6)
STATION: FORT LAUDERDALE
MONTH: JANUARY
YEAR: 2022
LATITUDE: 26 4 N
LONGITUDE: 80 9 W
TEMPERATURE IN F: :PCPN: SNOW: WIND :SUNSHINE: SKY :PK WND
================================================================================
1 2 3 4 5 6A 6B 7 8 9 10 11 12 13 14 15 16 17 18
12Z AVG MX 2MIN
DY MAX MIN AVG DEP HDD CDD WTR SNW DPTH SPD SPD DIR MIN PSBL S-S WX SPD DR
================================================================================
1 82 73 78 9 0 13 0.00 0.0 0 9.4 20 140 M M 3 26 170
2 84 71 78 9 0 13 0.00 0.0 0 9.7 18 160 M M 3 24 170
3 84 70 77 8 0 12 0.00 0.0 0 7.0 12 320 M M 4 22 220
4 79 60 70 1 0 5 0.00 0.0 0 8.7 14 110 M M 5 14 110
5 80 66 73 5 0 8 0.00 0.0 0 7.9 14 130 M M 5 19 130
6 80 61 71 3 0 6 0.00 0.0 0 5.9 9 310 M M 4 17 310
7 82 72 77 9 0 12 0.00 0.0 0 10.5 85 290 M M 6 85 290
8 79 72 76 8 0 11 T 0.0 0 12.7 21 60 M M 6 29 50
9 79 71 75 7 0 10 0.09 0.0 0 15.5 28 100 M M 9 18 32 100
10 81 68 75 7 0 10 0.08 0.0 0 6.0 17 20 M M 6 1 24 30
11 78 65 72 4 0 7 0.70 0.0 0 9.9 21 40 M M 6 1 25 40
12 76 70 73 5 0 8 0.00 0.0 0 13.6 23 70 M M 7 29 70
13 78 61 70 2 0 5 T 0.0 0 7.1 16 280 M M 4 22 290
14 72 56 64 -4 1 0 0.00 0.0 0 6.9 15 330 M M 1 22 330
15 75 54 65 -3 0 0 T 0.0 0 4.9 13 130 M M 1 17 130
16 77 63 70 2 0 5 0.35 0.0 0 13.0 25 240 M M 6 13 34 220
17 73 56 65 -3 0 0 0.00 0.0 0 8.8 23 270 M M 2 27 260
18 69 52 61 -7 4 0 0.00 0.0 0 5.1 12 60 M M 1 15 330
19 75 54 65 -3 0 0 0.00 0.0 0 6.7 18 120 M M 6 22 130
20 80 65 73 5 0 8 4.96 0.0 0 8.5 18 140 M M 7 12 23 150
21 80 69 75 7 0 10 0.24 0.0 0 4.6 10 130 M M 7 13 14 110
22 77 64 71 3 0 6 0.01 0.0 0 6.3 14 340 M M 8 17 340
23 64 48 56 -12 9 0 T 0.0 0 9.9 16 300 M M 9 20 310
24 65 45 55 -13 10 0 0.00 0.0 0 6.1 15 320 M M 3 22 320
25 73 50 62 -6 3 0 T 0.0 M 6.7 17 140 M M 7 20 140
26 83 70 77 9 0 12 0.03 0.0 M 7.9 18 230 M M 8 25 280
27 81 65 73 5 0 8 0.00 0.0 M 6.0 13 40 M M 8 17 40
28 75 61 68 0 0 3 0.00 0.0 M 9.4 18 280 M M 8 1 24 280
29 66 45 56 -13 9 0 T 0.0 M 14.6 26 320 M M 4 38 300
30 63 40 52 -17 13 0 0.00 0.0 M 7.9 14 330 M M 1 19 330
31 70 47 59 -10 6 0 0.00 0.0 0 7.9 17 40 M M 2 22 40
================================================================================
SM 2360 1884 55 172 6.46 0.0 265.1 M 157
================================================================================
AV 76.1 60.8 8.6 FASTST M M 5 MAX(MPH)
MISC ----> 85 290 85 290
================================================================================
NOTES:
# LAST OF SEVERAL OCCURRENCES
COLUMN 17 PEAK WIND IN M.P.H.
PRELIMINARY LOCAL CLIMATOLOGICAL DATA (WS FORM: F-6) , PAGE 2
STATION: FORT LAUDERDALE
MONTH: JANUARY
YEAR: 2022
LATITUDE: 26 4 N
LONGITUDE: 80 9 W
[TEMPERATURE DATA] [PRECIPITATION DATA] SYMBOLS USED IN COLUMN 16
AVERAGE MONTHLY: 68.5 TOTAL FOR MONTH: 6.46 1 = FOG OR MIST
DPTR FM NORMAL: 0.2 DPTR FM NORMAL: 3.56 2 = FOG REDUCING VISIBILITY
HIGHEST: 84 ON 3, 2 GRTST 24HR 4.96 ON 20-20 TO 1/4 MILE OR LESS
LOWEST: 40 ON 30 3 = THUNDER
SNOW, ICE PELLETS, HAIL 4 = ICE PELLETS
TOTAL MONTH: 0.0 INCH 5 = HAIL
GRTST 24HR 0.0 6 = FREEZING RAIN OR DRIZZLE
GRTST DEPTH: 0 7 = DUSTSTORM OR SANDSTORM:
VSBY 1/2 MILE OR LESS
8 = SMOKE OR HAZE
[NO. OF DAYS WITH] [WEATHER - DAYS WITH] 9 = BLOWING SNOW
X = TORNADO
MAX 32 OR BELOW: 0 0.01 INCH OR MORE: 8
MAX 90 OR ABOVE: 0 0.10 INCH OR MORE: 4
MIN 32 OR BELOW: 0 0.50 INCH OR MORE: 2
MIN 0 OR BELOW: 0 1.00 INCH OR MORE: 1
[HDD (BASE 65) ]
TOTAL THIS MO. 55 CLEAR (SCALE 0-3) 6
DPTR FM NORMAL 3 PTCLDY (SCALE 4-7) 23
TOTAL FM JUL 1 55 CLOUDY (SCALE 8-10) 2
DPTR FM NORMAL -35
[CDD (BASE 65) ]
TOTAL THIS MO. 172
DPTR FM NORMAL 19 [PRESSURE DATA]
TOTAL FM JAN 1 172 HIGHEST SLP 30.34 ON 8
DPTR FM NORMAL 19 LOWEST SLP 29.76 ON 16
[REMARKS]
#FINAL-01-22#