000
CXUS54 KLZK 011130
CF6FLP
PRELIMINARY LOCAL CLIMATOLOGICAL DATA (WS FORM: F-6)
STATION: FLIPPIN
MONTH: MAY
YEAR: 2022
LATITUDE: 36 17 N
LONGITUDE: 92 28 W
TEMPERATURE IN F: :PCPN: SNOW: WIND :SUNSHINE: SKY :PK WND
================================================================================
1 2 3 4 5 6A 6B 7 8 9 10 11 12 13 14 15 16 17 18
12Z AVG MX 2MIN
DY MAX MIN AVG DEP HDD CDD WTR SNW DPTH SPD SPD DIR MIN PSBL S-S WX SPD DR
================================================================================
1 78 47 63 M 2 0 0.00 M M 3.8 12 270 M M 0 8 18 270
2 63 48 56 M 9 0 2.77 M M 3.9 13 280 M M 7 13 24 230
3 62 48 55 M 10 0 0.19 M M 6.8 15 290 M M 7 13 22 300
4 56 47 52 M 13 0 0.08 M M 3.8 8 110 M M 9 13 M M
5 64 55 60 M 5 0 1.53 M M 3.5 9 340 M M 9 13 18 340
6 69 53 61 M 4 0 0.01 M M 7.8 16 310 M M 7 1 21 280
7 76 48 62 M 3 0 0.00 M M 2.2 6 110 M M 0 8 M M
8 76 54 65 M 0 0 0.00 M M 5.7 12 150 M M 4 21 99
9 87 65 76 M 0 11 0.00 M M 6.7 14 190 M M 3 1 23 190
10 91 70 81 M 0 16 0.00 M M 4.4 12 190 M M 0 18 99
11 92 66 79 M 0 14 0.00 M M 2.9 8 170 M M 0 1 M M
12 92 62 77 M 0 12 0.00 M M 1.6 7 110 M M 0 12 M M
13 91 63 77 M 0 12 0.10 M M 2.7 12 60 M M 3 123 20 60
14 84 64 74 M 0 9 0.01 M M 2.4 8 240 M M 2 12 M M
15 81 64 73 M 0 8 0.49 M M 2.9 18 310 M M 6 123 28 310
16 81 56 69 M 0 4 0.00 M M 2.5 9 20 M M 1 M M
17 80 53 67 M 0 2 0.00 M M 3.0 8 150 M M 0 1 17 160
18 89 63 76 M 0 11 0.09 M M 3.8 10 250 M M 1 21 320
19 88 66 77 M 0 12 T M M 4.8 13 220 M M 1 13 21 220
20 87 73 80 M 0 15 0.00 M M 7.9 15 210 M M 3 28 200
21 80 57 69 M 0 4 0.43 M M 6.3 15 310 M M 6 13 39 320
22 63 54 59 M 6 0 0.00 M M 5.6 9 30 M M 10 M M
23 63 54 59 M 6 0 0.10 M M 3.8 9 50 M M 9 1 M M
24 65 58 62 M 3 0 0.79 M M 4.2 9 110 M M 10 13 M M
25 79 58 69 M 0 4 0.26 M M 6.6 17 200 M M 8 13 30 210
26 62 54 58 M 7 0 0.41 M M 7.2 16 260 M M 8 1 28 260
27 78 56 67 M 0 2 0.00 M M 6.6 14 310 M M 4 8 22 340
28 79 53 66 M 0 1 0.00 M M 3.1 9 170 M M 2 12 M M
29 86 60 73 M 0 8 0.00 M M 6.2 10 160 M M 0 17 170
30 85 71 78 M 0 13 0.00 M M 8.1 16 160 M M 0 22 160
31 88 71 80 M 0 15 0.00 M M 4.4 10 200 M M 3 8 17 170
================================================================================
SM 2415 1811 68 173 7.26 M 145.1 M 123
================================================================================
AV 77.9 58.4 4.7 FASTST M M 4 MAX(MPH)
MISC ----> 18 310 39 320
================================================================================
NOTES:
# LAST OF SEVERAL OCCURRENCES
COLUMN 17 PEAK WIND IN M.P.H.
PRELIMINARY LOCAL CLIMATOLOGICAL DATA (WS FORM: F-6) , PAGE 2
STATION: FLIPPIN
MONTH: MAY
YEAR: 2022
LATITUDE: 36 17 N
LONGITUDE: 92 28 W
[TEMPERATURE DATA] [PRECIPITATION DATA] SYMBOLS USED IN COLUMN 16
AVERAGE MONTHLY: 68.2 TOTAL FOR MONTH: 7.26 1 = FOG OR MIST
DPTR FM NORMAL: 0.0 DPTR FM NORMAL: M 2 = FOG REDUCING VISIBILITY
HIGHEST: 92 ON 12,11 GRTST 24HR 2.96 ON 2- 3 TO 1/4 MILE OR LESS
LOWEST: 47 ON 4, 1 3 = THUNDER
SNOW, ICE PELLETS, HAIL 4 = ICE PELLETS
TOTAL MONTH: M 5 = HAIL
GRTST 24HR M ON M 6 = FREEZING RAIN OR DRIZZLE
GRTST DEPTH: M ON M 7 = DUSTSTORM OR SANDSTORM:
VSBY 1/2 MILE OR LESS
8 = SMOKE OR HAZE
[NO. OF DAYS WITH] [WEATHER - DAYS WITH] 9 = BLOWING SNOW
X = TORNADO
MAX 32 OR BELOW: 0 0.01 INCH OR MORE: 14
MAX 90 OR ABOVE: 4 0.10 INCH OR MORE: 10
MIN 32 OR BELOW: 0 0.50 INCH OR MORE: 3
MIN 0 OR BELOW: 0 1.00 INCH OR MORE: 2
[HDD (BASE 65) ]
TOTAL THIS MO. 68 CLEAR (SCALE 0-3) 17
DPTR FM NORMAL M PTCLDY (SCALE 4-7) 9
TOTAL FM JUL 1 3492 CLOUDY (SCALE 8-10) 5
DPTR FM NORMAL M
[CDD (BASE 65) ]
TOTAL THIS MO. 173
DPTR FM NORMAL M [PRESSURE DATA]
TOTAL FM JAN 1 214 HIGHEST SLP 30.34 ON 22
DPTR FM NORMAL M LOWEST SLP 29.47 ON 20
[REMARKS]
#FINAL-05-22#