000
CXUS54 KLZK 011230
CF6FLP
PRELIMINARY LOCAL CLIMATOLOGICAL DATA (WS FORM: F-6)
STATION: FLIPPIN
MONTH: NOVEMBER
YEAR: 2021
LATITUDE: 36 17 N
LONGITUDE: 92 28 W
TEMPERATURE IN F: :PCPN: SNOW: WIND :SUNSHINE: SKY :PK WND
================================================================================
1 2 3 4 5 6A 6B 7 8 9 10 11 12 13 14 15 16 17 18
12Z AVG MX 2MIN
DY MAX MIN AVG DEP HDD CDD WTR SNW DPTH SPD SPD DIR MIN PSBL S-S WX SPD DR
================================================================================
1 53 38 46 M 19 0 0.10 M M 2.8 10 30 M M 8 1 M M
2 50 41 46 M 19 0 0.01 M M 3.4 9 40 M M 9 M M
3 53 32 43 M 22 0 0.01 M M 1.9 9 60 M M 4 1 M M
4 56 27 42 M 23 0 0.00 M M 1.3 6 99 M M 3 12 M M
5 56 27 42 M 23 0 0.00 M M 1.1 7 60 M M 1 12 M M
6 63 27 45 M 20 0 0.00 M M 0.8 6 80 M M 1 12 M M
7 73 31 52 M 13 0 0.00 M M 2.1 6 160 M M 0 1 M M
8 78 37 58 M 7 0 0.00 M M 2.5 7 99 M M 0 M M
9 72 42 57 M 8 0 0.00 M M 1.7 7 220 M M 3 M M
10 71 56 64 M 1 0 0.06 M M 5.0 10 210 M M 5 1 31 240
11 61 44 53 M 12 0 0.38 M M 9.7 18 270 M M 3 13 30 260
12 54 37 46 M 19 0 0.19 M M 10.8 20 300 M M 5 32 280
13 51 29 40 M 25 0 0.00 M M 4.6 12 280 M M 0 M M
14 60 31 46 M 19 0 0.00 M M 5.8 17 290 M M 1 23 290
15 70 30 50 M 15 0 0.00 M M 2.7 10 200 M M 0 M M
16 76 39 58 M 7 0 0.00 M M 4.8 13 190 M M 1 21 190
17 74 46 60 M 5 0 0.09 M M 7.4 15 350 M M 7 23 340
18 54 29 42 M 23 0 0.00 M M 5.6 12 320 M M 2 21 320
19 54 21 38 M 27 0 0.00 M M 2.8 7 140 M M 0 M M
20 62 39 51 M 14 0 0.00 M M 3.1 8 110 M M 6 M M
21 61 47 54 M 11 0 0.16 M M 4.0 9 320 M M 6 13 M M
22 55 31 43 M 22 0 0.00 M M 2.3 7 320 M M 0 M M
23 62 27 45 M 20 0 0.00 M M 4.0 13 160 M M 0 17 160
24 64 48 56 M 9 0 0.04 M M 7.5 14 200 M M 5 23 200
25 58 32 45 M 20 0 0.55 M M 9.0 17 310 M M 6 1 23 320
26 55 23 39 M 26 0 0.00 M M 2.9 7 210 M M 0 M M
27 71 29 50 M 15 0 0.00 M M 3.3 12 240 M M 0 M M
28 57 34 46 M 19 0 0.00 M M 3.8 9 340 M M 0 M M
29 67 27 47 M 18 0 0.00 M M 2.4 10 190 M M 0 17 220
30 71 34 53 M 12 0 0.00 M M 0.8 5 70 M M 0 1 M M
================================================================================
SM 1862 1035 493 0 1.59 M 119.9 M 76
================================================================================
AV 62.1 34.5 4.0 FASTST M M 3 MAX(MPH)
MISC ----> 20 300 32 280
================================================================================
NOTES:
# LAST OF SEVERAL OCCURRENCES
COLUMN 17 PEAK WIND IN M.P.H.
PRELIMINARY LOCAL CLIMATOLOGICAL DATA (WS FORM: F-6) , PAGE 2
STATION: FLIPPIN
MONTH: NOVEMBER
YEAR: 2021
LATITUDE: 36 17 N
LONGITUDE: 92 28 W
[TEMPERATURE DATA] [PRECIPITATION DATA] SYMBOLS USED IN COLUMN 16
AVERAGE MONTHLY: 48.3 TOTAL FOR MONTH: 1.59 1 = FOG OR MIST
DPTR FM NORMAL: 0.0 DPTR FM NORMAL: M 2 = FOG REDUCING VISIBILITY
HIGHEST: 78 ON 8 GRTST 24HR 0.59 ON 24-25 TO 1/4 MILE OR LESS
LOWEST: 21 ON 19 3 = THUNDER
SNOW, ICE PELLETS, HAIL 4 = ICE PELLETS
TOTAL MONTH: M 5 = HAIL
GRTST 24HR M ON M 6 = FREEZING RAIN OR DRIZZLE
GRTST DEPTH: M ON M 7 = DUSTSTORM OR SANDSTORM:
VSBY 1/2 MILE OR LESS
8 = SMOKE OR HAZE
[NO. OF DAYS WITH] [WEATHER - DAYS WITH] 9 = BLOWING SNOW
X = TORNADO
MAX 32 OR BELOW: 0 0.01 INCH OR MORE: 10
MAX 90 OR ABOVE: 0 0.10 INCH OR MORE: 5
MIN 32 OR BELOW: 16 0.50 INCH OR MORE: 1
MIN 0 OR BELOW: 0 1.00 INCH OR MORE: 0
[HDD (BASE 65) ]
TOTAL THIS MO. 493 CLEAR (SCALE 0-3) 19
DPTR FM NORMAL M PTCLDY (SCALE 4-7) 10
TOTAL FM JUL 1 637 CLOUDY (SCALE 8-10) 1
DPTR FM NORMAL M
[CDD (BASE 65) ]
TOTAL THIS MO. 0
DPTR FM NORMAL M [PRESSURE DATA]
TOTAL FM JAN 1 1756 HIGHEST SLP 30.56 ON 19
DPTR FM NORMAL M LOWEST SLP 29.76 ON 11
[REMARKS]
#FINAL-11-21#