000
CXUS52 KTBW 020626
CF6FMY
PRELIMINARY LOCAL CLIMATOLOGICAL DATA (WS FORM: F-6)
STATION: Fort Myers
MONTH: JULY
YEAR: 2020
LATITUDE: 26 34 N
LONGITUDE: 81 52 W
TEMPERATURE IN F: :PCPN: SNOW: WIND :SUNSHINE: SKY :PK WND
================================================================================
1 2 3 4 5 6A 6B 7 8 9 10 11 12 13 14 15 16 17 18
12Z AVG MX 2MIN
DY MAX MIN AVG DEP HDD CDD WTR SNW DPTH SPD SPD DIR MIN PSBL S-S WX SPD DR
================================================================================
1 93 78 86 3 0 21 0.00 0.0 0 5.4 15 270 M M 1 23 250
2 92 78 85 2 0 20 0.00 0.0 0 6.0 16 250 M M 1 22 250
3 92 79 86 3 0 21 0.05 0.0 0 7.0 16 260 M M 1 28 230
4 92 78 85 2 0 20 T 0.0 0 6.7 20 260 M M 2 1 24 260
5 92 77 85 2 0 20 0.03 0.0 0 6.1 16 250 M M 3 138 23 240
6 91 76 84 1 0 19 0.01 0.0 0 5.1 20 230 M M 1 13 27 220
7 93 76 85 2 0 20 0.00 0.0 0 6.2 15 290 M M 1 25 320
8 94 77 86 3 0 21 T 0.0 0 7.5 17 260 M M 2 21 310
9 94 78 86 3 0 21 0.00 0.0 0 7.2 18 310 M M 1 33 300
10 94 82 88 5 0 23 T 0.0 0 10.3 20 330 M M 1 31 310
11 92 81 87 4 0 22 T 0.0 0 9.1 21 280 M M 2 31 230
12 91 78 85 2 0 20 T 0.0 0 7.4 18 270 M M 2 3 28 290
13 93 78 86 3 0 21 0.05 0.0 0 7.5 17 250 M M 2 1 33 310
14 92 78 85 2 0 20 0.04 0.0 0 4.3 20 340 M M 1 13 26 250
15 96 75 86 3 0 21 0.12 0.0 0 4.2 25 40 M M 1 138 34 30
16 92 74 83 0 0 18 0.03 0.0 0 5.4 21 50 M M 1 3 26 50
17 89 75 82 -1 0 17 0.20 0.0 0 6.1 28 120 M M 3 13 38 110
18 91 74 83 0 0 18 0.00 0.0 0 8.0 18 100 M M 1 24 90
19 93 76 85 2 0 20 0.01 0.0 0 6.9 20 80 M M 2 38 27 130
20 93 73 83 0 0 18 0.34 0.0 0 7.4 23 110 M M 2 13 30 110
21 90 73 82 -1 0 17 0.26 0.0 0 8.9 24 160 M M 2 138 35 170
22 87 74 81 -2 0 16 0.14 0.0 0 8.3 16 120 M M 3 1 21 120
23 89 71 80 -3 0 15 0.52 0.0 0 6.9 36 120 M M 2 13 48 120
24 92 72 82 -1 0 17 0.03 0.0 0 8.0 26 110 M M 2 138 38 110
25 92 75 84 1 0 19 T 0.0 0 6.5 26 120 M M 2 38 33 120
26 91 74 83 0 0 18 0.12 0.0 0 7.1 18 110 M M 3 3 22 110
27 92 74 83 0 0 18 0.00 0.0 0 5.6 18 80 M M 2 3 24 80
28 93 75 84 1 0 19 0.36 0.0 0 5.0 26 170 M M 1 3 33 160
29 93 75 84 1 0 19 T 0.0 0 4.2 17 20 M M 3 38 21 20
30 95 75 85 2 0 20 0.00 0.0 0 5.1 14 270 M M 1 3 18 270
31 96 76 86 3 0 21 0.10 0.0 0 5.3 22 50 M M 1 3 28 60
================================================================================
SM 2859 2355 0 600 2.41 0.0 204.7 M 53
================================================================================
AV 92.2 76.0 6.6 FASTST M M 2 MAX(MPH)
MISC ----> # 36 120 # 48 120
================================================================================
NOTES:
# LAST OF SEVERAL OCCURRENCES
COLUMN 17 PEAK WIND IN M.P.H.
PRELIMINARY LOCAL CLIMATOLOGICAL DATA (WS FORM: F-6) , PAGE 2
STATION: Fort Myers
MONTH: JULY
YEAR: 2020
LATITUDE: 26 34 N
LONGITUDE: 81 52 W
[TEMPERATURE DATA] [PRECIPITATION DATA] SYMBOLS USED IN COLUMN 16
AVERAGE MONTHLY: 84.1 TOTAL FOR MONTH: 2.41 1 = FOG OR MIST
DPTR FM NORMAL: 0.9 DPTR FM NORMAL: -6.63 2 = FOG REDUCING VISIBILITY
HIGHEST: 96 ON 31,15 GRTST 24HR 0.52 ON 23-23 TO 1/4 MILE OR LESS
LOWEST: 71 ON 23 3 = THUNDER
SNOW, ICE PELLETS, HAIL 4 = ICE PELLETS
TOTAL MONTH: 0.0 INCH 5 = HAIL
GRTST 24HR 0.0 6 = FREEZING RAIN OR DRIZZLE
GRTST DEPTH: 0 7 = DUSTSTORM OR SANDSTORM:
VSBY 1/2 MILE OR LESS
8 = SMOKE OR HAZE
[NO. OF DAYS WITH] [WEATHER - DAYS WITH] 9 = BLOWING SNOW
X = TORNADO
MAX 32 OR BELOW: 0 0.01 INCH OR MORE: 17
MAX 90 OR ABOVE: 28 0.10 INCH OR MORE: 9
MIN 32 OR BELOW: 0 0.50 INCH OR MORE: 1
MIN 0 OR BELOW: 0 1.00 INCH OR MORE: 0
[HDD (BASE 65) ]
TOTAL THIS MO. 0 CLEAR (SCALE 0-3) 28
DPTR FM NORMAL 0 PTCLDY (SCALE 4-7) 3
TOTAL FM JUL 1 0 CLOUDY (SCALE 8-10) 0
DPTR FM NORMAL 0
[CDD (BASE 65) ]
TOTAL THIS MO. 600
DPTR FM NORMAL 36 [PRESSURE DATA]
TOTAL FM JAN 1 2684 HIGHEST SLP 30.13 ON 29
DPTR FM NORMAL 529 LOWEST SLP 29.88 ON 12
[REMARKS]
#FINAL-07-20#