000
CXUS53 KOAX 011030
CF6FNB
PRELIMINARY LOCAL CLIMATOLOGICAL DATA (WS FORM: F-6)
STATION: FALLS CITY NE
MONTH: JANUARY
YEAR: 2022
LATITUDE: 40 4 N
LONGITUDE: 95 35 W
TEMPERATURE IN F: :PCPN: SNOW: WIND :SUNSHINE: SKY :PK WND
================================================================================
1 2 3 4 5 6A 6B 7 8 9 10 11 12 13 14 15 16 17 18
12Z AVG MX 2MIN
DY MAX MIN AVG DEP HDD CDD WTR SNW DPTH SPD SPD DIR MIN PSBL S-S WX SPD DR
================================================================================
1 20 5 13 -14 52 0 M M M 17.7 26 360 M M 10 39 10
2 12 -8 2 -25 63 0 0.00 M M 6.7 18 350 M M 0 25 340
3 39 0 20 -7 45 0 0.00 M M 7.7 17 180 M M 0 24 180
4 44 22 33 6 32 0 0.00 M M 15.8 33 320 M M 0 8 52 320
5 22 10 16 -11 49 0 0.00 M M 16.0 32 310 M M 3 43 310
6 11 2 7 -19 58 0 0.00 M M 11.1 22 320 M M 3 31 340
7 23 5 14 -12 51 0 0.00 M M 9.4 20 160 M M 2 25 150
8 37 16 27 1 38 0 0.00 M M 8.9 20 330 M M 8 12 28 320
9 31 11 21 -5 44 0 0.00 M M 8.8 21 330 M M 2 31 320
10 36 16 26 0 39 0 0.00 M M 5.7 12 270 M M 0 15 240
11 61 21 41 15 24 0 0.00 M M 9.6 22 250 M M 0 32 260
12 56 25 41 15 24 0 0.00 M M 6.5 18 280 M M 0 23 290
13 56 30 43 17 22 0 0.00 M M 8.2 20 320 M M 2 27 310
14 42 26 34 8 31 0 0.20 M M 9.4 25 320 M M 6 1 38 310
15 26 9 18 -8 47 0 0.01 M M 13.5 28 350 M M 9 12 44 360
16 39 13 26 0 39 0 0.00 M M 8.5 14 300 M M 5 12 19 330
17 42 21 32 6 33 0 0.00 M M 6.2 13 300 M M 2 17 310
18 53 28 41 15 24 0 0.00 M M 6.8 17 340 M M 0 26 340
19 36 9 23 -3 42 0 0.00 M M 15.7 25 350 M M 4 36 10
20 16 2 9 -17 56 0 0.00 M M 5.1 10 360 M M 0 14 350
21 29 0 15 -11 50 0 0.00 M M 8.8 17 170 M M 2 25 160
22 48 20 34 8 31 0 0.00 M M 9.9 30 240 M M 2 40 240
23 44 22 33 7 32 0 0.00 M M 9.1 25 250 M M 5 35 250
24 49 15 32 6 33 0 0.00 M M 11.0 23 350 M M 4 34 340
25 23 7 15 -11 50 0 0.00 M M 5.8 14 360 M M 0 21 330
26 36 3 20 -7 45 0 0.00 M M 9.6 22 200 M M 1 8 28 190
27 45 20 33 6 32 0 0.00 M M 9.4 23 320 M M 4 34 320
28 31 8 20 -7 45 0 0.00 M M 6.9 18 350 M M 3 31 350
29 58 19 39 12 26 0 0.00 M M 7.7 16 270 M M 0 23 190
30 44 23 34 7 31 0 0.00 M M 5.8 13 310 M M 0 15 310
31 64 24 44 17 21 0 0.00 M M 8.4 18 200 M M 0 8 25 180
================================================================================
SM 1173 424 1209 0 0.21 M 289.7 M 77
================================================================================
AV 37.8 13.7 9.3 FASTST M M 2 MAX(MPH)
MISC ----> 33 320 52 320
================================================================================
NOTES:
# LAST OF SEVERAL OCCURRENCES
COLUMN 17 PEAK WIND IN M.P.H.
PRELIMINARY LOCAL CLIMATOLOGICAL DATA (WS FORM: F-6) , PAGE 2
STATION: FALLS CITY NE
MONTH: JANUARY
YEAR: 2022
LATITUDE: 40 4 N
LONGITUDE: 95 35 W
[TEMPERATURE DATA] [PRECIPITATION DATA] SYMBOLS USED IN COLUMN 16
AVERAGE MONTHLY: 25.8 TOTAL FOR MONTH: 0.21 1 = FOG OR MIST
DPTR FM NORMAL: -0.6 DPTR FM NORMAL: -0.41 2 = FOG REDUCING VISIBILITY
HIGHEST: 64 ON 31 GRTST 24HR 0.20 ON 14-14 TO 1/4 MILE OR LESS
LOWEST: -8 ON 2 3 = THUNDER
SNOW, ICE PELLETS, HAIL 4 = ICE PELLETS
TOTAL MONTH: M 5 = HAIL
GRTST 24HR M ON M 6 = FREEZING RAIN OR DRIZZLE
GRTST DEPTH: M ON M 7 = DUSTSTORM OR SANDSTORM:
VSBY 1/2 MILE OR LESS
8 = SMOKE OR HAZE
[NO. OF DAYS WITH] [WEATHER - DAYS WITH] 9 = BLOWING SNOW
X = TORNADO
MAX 32 OR BELOW: 11 0.01 INCH OR MORE: 2
MAX 90 OR ABOVE: 0 0.10 INCH OR MORE: 1
MIN 32 OR BELOW: 31 0.50 INCH OR MORE: 0
MIN 0 OR BELOW: 3 1.00 INCH OR MORE: 0
[HDD (BASE 65) ]
TOTAL THIS MO. 1209 CLEAR (SCALE 0-3) 20
DPTR FM NORMAL 14 PTCLDY (SCALE 4-7) 9
TOTAL FM JUL 1 2807 CLOUDY (SCALE 8-10) 2
DPTR FM NORMAL -593
[CDD (BASE 65) ]
TOTAL THIS MO. 0
DPTR FM NORMAL 0 [PRESSURE DATA]
TOTAL FM JAN 1 0 HIGHEST SLP 30.80 ON 20
DPTR FM NORMAL 0 LOWEST SLP 29.52 ON 4
[REMARKS]
#FINAL-01-22#