000
CXUS53 KDTX 010635
CF6FNT
PRELIMINARY LOCAL CLIMATOLOGICAL DATA (WS FORM: F-6)
STATION: FLINT MI
MONTH: MAY
YEAR: 2022
LATITUDE: 42 58 N
LONGITUDE: 83 44 W
TEMPERATURE IN F: :PCPN: SNOW: WIND :SUNSHINE: SKY :PK WND
================================================================================
1 2 3 4 5 6A 6B 7 8 9 10 11 12 13 14 15 16 17 18
12Z AVG MX 2MIN
DY MAX MIN AVG DEP HDD CDD WTR SNW DPTH SPD SPD DIR MIN PSBL S-S WX SPD DR
================================================================================
1 67 48 58 6 7 0 0.13 0.0 0 10.9 24 140 M M 9 33 130
2 54 47 51 -1 14 0 T 0.0 0 8.7 17 260 M M 10 1 25 240
3 52 44 48 -5 17 0 0.65 0.0 0 10.3 20 10 M M 9 1 30 20
4 59 41 50 -3 15 0 0.02 0.0 0 9.9 22 10 M M 7 1 27 360
5 62 34 48 -6 17 0 0.00 0.0 0 5.6 14 160 M M 0 17 130
6 65 49 57 3 8 0 T 0.0 0 14.4 26 60 M M 4 35 70
7 65 42 54 0 11 0 0.00 0.0 0 10.8 18 60 M M 0 25 30
8 67 35 51 -4 14 0 0.00 0.0 0 8.0 17 140 M M 0 24 130
9 72 44 58 3 7 0 0.00 0.0 0 13.4 28 150 M M 0 36 160
10 82 57 70 15 0 5 0.00 0.0 0 11.5 21 170 M M 5 27 160
11 80 59 70 14 0 5 T 0.0 0 7.0 17 180 M M 2 26 190
12 85 55 70 14 0 5 0.00 0.0 0 7.1 16 160 M M 0 22 180
13 85 52 69 13 0 4 0.00 0.0 0 7.5 15 150 M M 0 20 190
14 86 58 72 15 0 7 0.62 0.0 0 7.3 24 360 M M 3 13 37 360
15 83 51 67 10 0 2 0.05 0.0 0 6.9 20 300 M M 4 12 27 300
16 74 52 63 5 2 0 0.04 0.0 0 7.9 28 280 M M 6 3 37 310
17 66 43 55 -3 10 0 0.00 0.0 0 9.5 20 290 M M 2 27 300
18 54 42 48 -10 17 0 0.12 0.0 0 5.1 13 130 M M 7 1 18 110
19 75 53 64 5 1 0 0.00 0.0 0 7.6 17 180 M M 6 1 25 170
20 84 64 74 15 0 9 0.00 0.0 0 11.5 26 190 M M 2 40 210
21 75 59 67 8 0 2 0.22 0.0 0 7.0 16 330 M M 7 13 25 300
22 65 49 57 -3 8 0 0.02 0.0 0 7.4 18 290 M M 8 1 24 320
23 62 44 53 -7 12 0 0.00 0.0 0 6.5 13 340 M M 8 21 70
24 69 38 54 -6 11 0 0.00 0.0 0 6.2 15 80 M M 0 19 80
25 68 47 58 -3 7 0 0.21 0.0 0 10.3 21 130 M M 4 1 30 130
26 78 63 71 10 0 6 0.12 0.0 0 8.9 18 200 M M 7 1 27 200
27 73 59 66 5 0 1 0.27 0.0 0 5.5 15 330 M M 8 1 19 350
28 73 53 63 1 2 0 0.00 0.0 0 4.5 9 280 M M 3 14 280
29 80 56 68 6 0 3 0.00 0.0 0 8.6 17 190 M M 2 26 220
30 86 64 75 13 0 10 T 0.0 0 10.3 18 210 M M 0 29 190
31 89 69 79 16 0 14 0.00 0.0 0 9.4 18 240 M M 2 28 240
================================================================================
SM 2235 1571 180 73 2.47 0.0 265.5 M 125
================================================================================
AV 72.1 50.7 8.6 FASTST M M 4 MAX(MPH)
MISC ----> # 28 150 40 210
================================================================================
NOTES:
# LAST OF SEVERAL OCCURRENCES
COLUMN 17 PEAK WIND IN M.P.H.
PRELIMINARY LOCAL CLIMATOLOGICAL DATA (WS FORM: F-6) , PAGE 2
STATION: FLINT MI
MONTH: MAY
YEAR: 2022
LATITUDE: 42 58 N
LONGITUDE: 83 44 W
[TEMPERATURE DATA] [PRECIPITATION DATA] SYMBOLS USED IN COLUMN 16
AVERAGE MONTHLY: 61.4 TOTAL FOR MONTH: 2.47 1 = FOG OR MIST
DPTR FM NORMAL: 4.0 DPTR FM NORMAL: -1.21 2 = FOG REDUCING VISIBILITY
HIGHEST: 89 ON 31 GRTST 24HR 0.67 ON 3- 4 TO 1/4 MILE OR LESS
LOWEST: 34 ON 5 3 = THUNDER
SNOW, ICE PELLETS, HAIL 4 = ICE PELLETS
TOTAL MONTH: 0.0 INCH 5 = HAIL
GRTST 24HR 0.0 6 = FREEZING RAIN OR DRIZZLE
GRTST DEPTH: 0 7 = DUSTSTORM OR SANDSTORM:
VSBY 1/2 MILE OR LESS
8 = SMOKE OR HAZE
[NO. OF DAYS WITH] [WEATHER - DAYS WITH] 9 = BLOWING SNOW
X = TORNADO
MAX 32 OR BELOW: 0 0.01 INCH OR MORE: 12
MAX 90 OR ABOVE: 0 0.10 INCH OR MORE: 8
MIN 32 OR BELOW: 0 0.50 INCH OR MORE: 2
MIN 0 OR BELOW: 0 1.00 INCH OR MORE: 0
[HDD (BASE 65) ]
TOTAL THIS MO. 180 CLEAR (SCALE 0-3) 13
DPTR FM NORMAL -88 PTCLDY (SCALE 4-7) 14
TOTAL FM JUL 1 6318 CLOUDY (SCALE 8-10) 4
DPTR FM NORMAL -474
[CDD (BASE 65) ]
TOTAL THIS MO. 73
DPTR FM NORMAL 39 [PRESSURE DATA]
TOTAL FM JAN 1 81 HIGHEST SLP M ON M
DPTR FM NORMAL 44 LOWEST SLP 29.43 ON 20
[REMARKS]
#FINAL-05-22#