000
CXUS52 KMLB 010629
CF6FPR
PRELIMINARY LOCAL CLIMATOLOGICAL DATA (WS FORM: F-6)
STATION: FORT PIERCE
MONTH: MARCH
YEAR: 2022
LATITUDE: 27 30 N
LONGITUDE: 80 22 W
TEMPERATURE IN F: :PCPN: SNOW: WIND :SUNSHINE: SKY :PK WND
================================================================================
1 2 3 4 5 6A 6B 7 8 9 10 11 12 13 14 15 16 17 18
12Z AVG MX 2MIN
DY MAX MIN AVG DEP HDD CDD WTR SNW DPTH SPD SPD DIR MIN PSBL S-S WX SPD DR
================================================================================
1 76 58 67 1 0 2 0.00 0.0 0 6.5 13 10 M M 5 1 20 360
2 79 53 66 0 0 1 0.00 0.0 0 4.8 13 70 M M 1 1 18 40
3 80 57 69 3 0 4 0.01 0.0 0 3.9 12 70 M M 3 1 18 30
4 81 59 70 4 0 5 0.00 0.0 0 6.4 15 90 M M 1 19 40
5 82 71 77 10 0 12 0.00 0.0 0 16.1 24 120 M M 1 31 120
6 83 73 78 11 0 13 0.00 0.0 0 18.1 25 130 M M 5 31 120
7 82 73 78 11 0 13 0.14 0.0 0 12.3 22 120 M M 9 1 25 130
8 85 67 76 9 0 11 0.00 0.0 0 9.4 25 140 M M 6 1 31 140
9 90 68 79 12 0 14 0.47 0.0 0 8.0 22 140 M M 5 13 26 130
10 90 69 80 13 0 15 0.69 0.0 0 6.0 21 10 M M 4 13 30 10
11 88 71 80 13 0 15 0.00 0.0 0 9.2 24 160 M M 2 30 170
12 85 52 69 2 0 4 0.26 0.0 0 12.9 43 280 M M 5 138 58 280
13 72 43 58 -9 7 0 T 0.0 0 9.5 16 70 M M 7 22 310
14 77 65 71 4 0 6 0.00 0.0 0 11.7 21 110 M M 6 25 100
15 80 70 75 8 0 10 0.34 0.0 0 12.3 21 100 M M 8 13 26 100
16 88 68 78 11 0 13 0.27 0.0 0 6.3 18 160 M M 5 1 23 180
17 81 67 74 7 0 9 0.00 0.0 0 4.4 12 100 M M 5 12 15 80
18 86 61 74 7 0 9 0.00 0.0 0 9.2 24 130 M M 2 12 28 140
19 86 64 75 7 0 10 0.00 0.0 0 8.2 20 130 M M 4 12 24 140
20 81 66 74 6 0 9 0.00 0.0 0 6.8 15 50 M M 2 1 24 30
21 78 66 72 4 0 7 0.00 0.0 0 11.4 24 100 M M 2 27 100
22 81 68 75 7 0 10 0.00 0.0 0 14.8 24 120 M M 4 33 130
23 85 72 79 11 0 14 0.00 0.0 0 13.3 30 120 M M 4 34 120
24 88 70 79 11 0 14 0.08 0.0 0 9.2 21 230 M M 2 38 29 220
25 78 55 67 -1 0 2 T 0.0 0 7.1 16 310 M M 4 21 300
26 80 50 65 -3 0 0 0.00 0.0 0 7.5 16 290 M M 0 23 300
27 80 50 65 -3 0 0 0.00 0.0 0 6.2 20 290 M M 0 25 300
28 82 51 67 -1 0 2 0.00 0.0 0 5.1 15 90 M M 0 18 90
29 81 48 65 -4 0 0 0.00 0.0 0 3.6 12 90 M M 0 1 18 80
30 83 56 70 1 0 5 0.00 0.0 0 13.6 29 130 M M 3 128 38 130
31 88 72 80 11 0 15 T 0.0 0 13.0 25 140 M M 4 32 150
================================================================================
SM 2556 1933 7 244 2.26 0.0 286.8 M 109
================================================================================
AV 82.5 62.4 9.3 FASTST M M 4 MAX(MPH)
MISC ----> 43 280 58 280
================================================================================
NOTES:
# LAST OF SEVERAL OCCURRENCES
COLUMN 17 PEAK WIND IN M.P.H.
PRELIMINARY LOCAL CLIMATOLOGICAL DATA (WS FORM: F-6) , PAGE 2
STATION: FORT PIERCE
MONTH: MARCH
YEAR: 2022
LATITUDE: 27 30 N
LONGITUDE: 80 22 W
[TEMPERATURE DATA] [PRECIPITATION DATA] SYMBOLS USED IN COLUMN 16
AVERAGE MONTHLY: 72.4 TOTAL FOR MONTH: 2.26 1 = FOG OR MIST
DPTR FM NORMAL: 5.0 DPTR FM NORMAL: -0.62 2 = FOG REDUCING VISIBILITY
HIGHEST: 90 ON 10, 9 GRTST 24HR 1.08 ON 9-10 TO 1/4 MILE OR LESS
LOWEST: 43 ON 13 3 = THUNDER
SNOW, ICE PELLETS, HAIL 4 = ICE PELLETS
TOTAL MONTH: 0.0 INCH 5 = HAIL
GRTST 24HR 0.0 6 = FREEZING RAIN OR DRIZZLE
GRTST DEPTH: 0 7 = DUSTSTORM OR SANDSTORM:
VSBY 1/2 MILE OR LESS
8 = SMOKE OR HAZE
[NO. OF DAYS WITH] [WEATHER - DAYS WITH] 9 = BLOWING SNOW
X = TORNADO
MAX 32 OR BELOW: 0 0.01 INCH OR MORE: 8
MAX 90 OR ABOVE: 2 0.10 INCH OR MORE: 6
MIN 32 OR BELOW: 0 0.50 INCH OR MORE: 1
MIN 0 OR BELOW: 0 1.00 INCH OR MORE: 0
[HDD (BASE 65) ]
TOTAL THIS MO. 7 CLEAR (SCALE 0-3) 13
DPTR FM NORMAL -45 PTCLDY (SCALE 4-7) 17
TOTAL FM JUL 1 243 CLOUDY (SCALE 8-10) 1
DPTR FM NORMAL -162
[CDD (BASE 65) ]
TOTAL THIS MO. 244
DPTR FM NORMAL 118 [PRESSURE DATA]
TOTAL FM JAN 1 412 HIGHEST SLP M ON M
DPTR FM NORMAL 143 LOWEST SLP 29.82 ON 12
[REMARKS]
#FINAL-03-22#