354
CXUS52 KMLB 010734
CF6FPR
PRELIMINARY LOCAL CLIMATOLOGICAL DATA (WS FORM: F-6)
STATION: FORT PIERCE
MONTH: DECEMBER
YEAR: 2020
LATITUDE: 27 30 N
LONGITUDE: 80 22 W
TEMPERATURE IN F: :PCPN: SNOW: WIND :SUNSHINE: SKY :PK WND
================================================================================
1 2 3 4 5 6A 6B 7 8 9 10 11 12 13 14 15 16 17 18
12Z AVG MX 2MIN
DY MAX MIN AVG DEP HDD CDD WTR SNW DPTH SPD SPD DIR MIN PSBL S-S WX SPD DR
================================================================================
1 62 43 53 -15 12 0 0.00 0.0 0 7.4 15 320 M M 0 22 340
2 66 44 55 -13 10 0 0.00 0.0 0 6.8 14 360 M M 0 20 340
3 74 48 61 -6 4 0 0.00 0.0 0 7.9 16 120 M M 7 22 120
4 78 61 70 3 0 5 T 0.0 0 4.2 15 120 M M 4 19 170
5 82 62 72 5 0 7 0.00 0.0 0 4.1 14 260 M M 3 18 300
6 77 53 65 -2 0 0 T 0.0 0 3.2 8 70 M M 4 14 360
7 70 53 62 -5 3 0 0.36 0.0 0 9.0 20 300 M M 6 1 27 290
8 62 42 52 -15 13 0 0.00 0.0 0 7.3 16 290 M M 0 20 310
9 63 37 50 -16 15 0 0.00 0.0 0 4.4 13 290 M M 0 17 270
10 69 40 55 -11 10 0 0.00 0.0 0 2.8 10 30 M M 0 1 15 50
11 74 47 61 -5 4 0 0.00 0.0 0 2.8 9 20 M M 7 1 16 10
12 74 63 69 3 0 4 0.14 0.0 0 6.1 21 140 M M 10 1 27 140
13 80 57 69 3 0 4 0.00 0.0 0 2.0 9 120 M M 1 12 16 140
14 83 60 72 6 0 7 T 0.0 0 5.4 18 220 M M 2 12 25 220
15 79 64 72 7 0 7 0.00 0.0 0 2.1 9 120 M M 8 12 12 280
16 83 60 72 7 0 7 0.07 0.0 0 5.1 16 190 M M 4 1 22 200
17 74 51 63 -2 2 0 T 0.0 0 7.0 15 300 M M 7 1 19 290
18 64 45 55 -10 10 0 0.00 0.0 0 8.1 14 10 M M 3 21 350
19 74 48 61 -4 4 0 T 0.0 0 3.5 13 120 M M 7 16 120
20 81 52 67 3 0 2 0.00 0.0 0 5.2 15 190 M M 2 22 200
21 73 52 63 -1 2 0 0.14 0.0 0 7.5 18 290 M M 3 1 23 300
22 68 50 59 -5 6 0 0.00 0.0 0 4.8 12 340 M M 0 1 18 10
23 77 50 64 0 1 0 0.00 0.0 0 6.6 16 120 M M 2 21 120
24 84 62 73 9 0 8 T 0.0 0 9.8 28 290 M M 3 35 290
25 62 40 51 -13 14 0 0.02 0.0 0 10.5 26 310 M M 3 1 36 310
26 60 38 49 -14 16 0 0.00 0.0 0 7.2 13 320 M M 0 18 310
27 73 42 58 -5 7 0 0.00 0.0 0 6.3 14 80 M M 3 19 70
28 74 57 66 3 0 1 0.06 0.0 0 4.4 13 60 M M 6 1 17 70
29 76 51 64 1 1 0 0.00 0.0 0 7.8 16 80 M M 3 21 70
30 78 69 74 11 0 9 T 0.0 0 16.2 28 110 M M 6 34 110
31 81 71 76 13 0 11 0.00 0.0 0 15.9 24 140 M M 3 31 130
================================================================================
SM 2275 1612 134 72 0.79 0.0 201.4 M 107
================================================================================
AV 73.4 52.0 6.5 FASTST M M 3 MAX(MPH)
MISC ----> # 28 290 36 310
================================================================================
NOTES:
# LAST OF SEVERAL OCCURRENCES
COLUMN 17 PEAK WIND IN M.P.H.
PRELIMINARY LOCAL CLIMATOLOGICAL DATA (WS FORM: F-6) , PAGE 2
STATION: FORT PIERCE
MONTH: DECEMBER
YEAR: 2020
LATITUDE: 27 30 N
LONGITUDE: 80 22 W
[TEMPERATURE DATA] [PRECIPITATION DATA] SYMBOLS USED IN COLUMN 16
AVERAGE MONTHLY: 62.7 TOTAL FOR MONTH: 0.79 1 = FOG OR MIST
DPTR FM NORMAL: -2.5 DPTR FM NORMAL: -1.32 2 = FOG REDUCING VISIBILITY
HIGHEST: 84 ON 24 GRTST 24HR 0.36 ON 6- 7 TO 1/4 MILE OR LESS
LOWEST: 37 ON 9 3 = THUNDER
SNOW, ICE PELLETS, HAIL 4 = ICE PELLETS
TOTAL MONTH: 0.0 INCH 5 = HAIL
GRTST 24HR 0.0 6 = FREEZING RAIN OR DRIZZLE
GRTST DEPTH: 0 7 = DUSTSTORM OR SANDSTORM:
VSBY 1/2 MILE OR LESS
8 = SMOKE OR HAZE
[NO. OF DAYS WITH] [WEATHER - DAYS WITH] 9 = BLOWING SNOW
X = TORNADO
MAX 32 OR BELOW: 0 0.01 INCH OR MORE: 6
MAX 90 OR ABOVE: 0 0.10 INCH OR MORE: 3
MIN 32 OR BELOW: 0 0.50 INCH OR MORE: 0
MIN 0 OR BELOW: 0 1.00 INCH OR MORE: 0
[HDD (BASE 65) ]
TOTAL THIS MO. 134 CLEAR (SCALE 0-3) 14
DPTR FM NORMAL 37 PTCLDY (SCALE 4-7) 16
TOTAL FM JUL 1 134 CLOUDY (SCALE 8-10) 1
DPTR FM NORMAL 9
[CDD (BASE 65) ]
TOTAL THIS MO. 72
DPTR FM NORMAL -30 [PRESSURE DATA]
TOTAL FM JAN 1 4085 HIGHEST SLP 30.31 ON 18
DPTR FM NORMAL 711 LOWEST SLP 29.76 ON 7
[REMARKS]
#FINAL-12-20#