000
CXUS54 KMAF 011110
CF6FST
PRELIMINARY LOCAL CLIMATOLOGICAL DATA (WS FORM: F-6)
STATION: FORT STOCKTON
MONTH: MARCH
YEAR: 2020
LATITUDE: 30 55 N
LONGITUDE: 102 55 W
TEMPERATURE IN F: :PCPN: SNOW: WIND :SUNSHINE: SKY :PK WND
================================================================================
1 2 3 4 5 6A 6B 7 8 9 10 11 12 13 14 15 16 17 18
12Z AVG MX 2MIN
DY MAX MIN AVG DEP HDD CDD WTR SNW DPTH SPD SPD DIR MIN PSBL S-S WX SPD DR
================================================================================
1 74 52 63 7 2 0 0.00 M M 9.5 22 270 M M 0 28 270
2 67 53 60 4 5 0 T 0.0 0 5.4 17 280 M M 4 8 21 280
3 56 48 52 -4 13 0 M 0.0 0 8.9 24 280 M M 10 13 30 260
4 54 41 48 -8 17 0 0.03 0.0 0 11.8 25 20 M M 8 1 30 10
5 70 40 55 -2 10 0 0.00 M M 8.6 17 230 M M 0 21 220
6 68 42 55 -2 10 0 0.00 M M 12.5 28 120 M M 0 35 150
7 75 48 62 5 3 0 0.00 M M 18.2 30 150 M M 0 41 150
8 69 52 61 4 4 0 T M M 19.3 28 150 M M 3 36 150
9 74 54 64 6 1 0 0.00 M M 8.8 23 310 M M 3 29 310
10 80 50 65 7 0 0 0.00 M M 9.7 20 110 M M 2 25 140
11 81 55 68 10 0 3 0.00 M M 5.4 12 180 M M 1 13 330
12 84 60 72 14 0 7 T M M 9.0 23 330 M M 2 8 28 330
13 76 59 68 9 0 3 0.00 M M 10.0 23 120 M M 4 29 110
14 77 58 68 9 0 3 0.00 0.0 0 9.2 17 70 M M 1 1 22 70
15 66 59 63 4 2 0 0.76 M M 13.1 25 150 M M 9 13 36 140
16 75 54 65 5 0 0 0.00 M M 7.7 17 140 M M 6 12 25 140
17 77 56 67 7 0 2 T M M 6.9 24 160 M M 2 3 31 160
18 81 53 67 7 0 2 T M M 9.6 26 220 M M 3 3 35 220
19 77 54 66 6 0 1 0.00 M M 9.4 22 320 M M 0 27 320
20 62 47 55 -6 10 0 0.00 M M 9.9 21 40 M M 2 25 40
21 51 42 47 -14 18 0 0.00 M M 8.9 16 60 M M 9 1 20 60
22 74 45 60 -1 5 0 0.00 M M 7.5 17 150 M M 5 1 21 140
23 88 49 69 7 0 4 0.00 M M 7.9 16 140 M M 0 8 19 140
24 83 56 70 8 0 5 0.00 M M 11.9 25 300 M M 0 8 33 300
25 93 54 74 12 0 9 0.00 M M 8.9 15 300 M M 0 19 230
26 94 58 76 14 0 11 0.00 M M 7.3 15 140 M M 0 8 19 150
27 79 59 69 6 0 4 0.00 M M 6.9 17 210 M M 0 22 200
28 73 48 61 -2 4 0 0.00 M M 17.0 32 300 M M 0 8 40 300
29 76 45 61 -2 4 0 0.00 M M 14.2 26 140 M M 0 37 140
30 81 50 66 3 0 1 0.00 M M 14.8 31 300 M M 0 40 300
31 78 51 65 1 0 0 0.00 M M 7.1 16 160 M M 0 8 21 170
================================================================================
SM 2313 1592 108 55 0.79 0.0 315.3 M 74
================================================================================
AV 74.6 51.4 10.2 FASTST M M 2 MAX(MPH)
MISC ----> 32 300 41 150
================================================================================
NOTES:
# LAST OF SEVERAL OCCURRENCES
COLUMN 17 PEAK WIND IN M.P.H.
PRELIMINARY LOCAL CLIMATOLOGICAL DATA (WS FORM: F-6) , PAGE 2
STATION: FORT STOCKTON
MONTH: MARCH
YEAR: 2020
LATITUDE: 30 55 N
LONGITUDE: 102 55 W
[TEMPERATURE DATA] [PRECIPITATION DATA] SYMBOLS USED IN COLUMN 16
AVERAGE MONTHLY: 63.0 TOTAL FOR MONTH: 0.79 1 = FOG OR MIST
DPTR FM NORMAL: 3.4 DPTR FM NORMAL: 0.28 2 = FOG REDUCING VISIBILITY
HIGHEST: 94 ON 26 GRTST 24HR 0.76 ON 15-15 TO 1/4 MILE OR LESS
LOWEST: 40 ON 5 3 = THUNDER
SNOW, ICE PELLETS, HAIL 4 = ICE PELLETS
TOTAL MONTH: 0.0 INCH 5 = HAIL
GRTST 24HR 0.0 6 = FREEZING RAIN OR DRIZZLE
GRTST DEPTH: 0 7 = DUSTSTORM OR SANDSTORM:
VSBY 1/2 MILE OR LESS
8 = SMOKE OR HAZE
[NO. OF DAYS WITH] [WEATHER - DAYS WITH] 9 = BLOWING SNOW
X = TORNADO
MAX 32 OR BELOW: 0 0.01 INCH OR MORE: 2
MAX 90 OR ABOVE: 2 0.10 INCH OR MORE: 1
MIN 32 OR BELOW: 0 0.50 INCH OR MORE: 1
MIN 0 OR BELOW: 0 1.00 INCH OR MORE: 0
[HDD (BASE 65) ]
TOTAL THIS MO. 108 CLEAR (SCALE 0-3) 22
DPTR FM NORMAL -100 PTCLDY (SCALE 4-7) 5
TOTAL FM JUL 1 1795 CLOUDY (SCALE 8-10) 4
DPTR FM NORMAL -70
[CDD (BASE 65) ]
TOTAL THIS MO. 55
DPTR FM NORMAL 15 [PRESSURE DATA]
TOTAL FM JAN 1 57 HIGHEST SLP 30.43 ON 6
DPTR FM NORMAL 8 LOWEST SLP 29.58 ON 26
[REMARKS]
#FINAL-03-20#