000
CXUS54 KFWD 010830
CF6FTW
PRELIMINARY LOCAL CLIMATOLOGICAL DATA (WS FORM: F-6)
STATION: FORT WORTH MEACHAM
MONTH: NOVEMBER
YEAR: 2022
LATITUDE: 32 49 N
LONGITUDE: 97 21 W
TEMPERATURE IN F: :PCPN: SNOW: WIND :SUNSHINE: SKY :PK WND
================================================================================
1 2 3 4 5 6A 6B 7 8 9 10 11 12 13 14 15 16 17 18
12Z AVG MX 2MIN
DY MAX MIN AVG DEP HDD CDD WTR SNW DPTH SPD SPD DIR MIN PSBL S-S WX SPD DR
================================================================================
1 76 55 66 5 0 1 0.00 M M 5.8 14 140 M M 0 20 170
2 73 56 65 5 0 0 0.00 M M 9.0 17 150 M M 4 1 24 150
3 80 65 73 13 0 8 0.00 M M 13.8 24 160 M M 6 1 33 180
4 75 46 61 1 4 0 0.74 M M 14.8 33 290 M M 7 123 52 230
5 68 41 55 -4 10 0 0.00 M M 9.1 18 140 M M 0 24 150
6 81 53 67 8 0 2 0.00 M M 10.1 20 200 M M 0 29 190
7 79 61 70 11 0 5 0.37 M M 3.7 20 110 M M 7 123 26 110
8 78 67 73 15 0 8 0.00 M M 6.6 12 120 M M 6 1 15 120
9 81 66 74 16 0 9 0.00 M M 12.9 22 140 M M 3 31 150
10 72 64 68 10 0 3 0.00 M M 9.8 17 140 M M 5 22 170
11 69 38 54 -3 11 0 0.38 M M 14.4 26 350 M M 9 13 36 350
12 52 32 42 -15 23 0 0.00 M M 8.4 18 360 M M 0 24 10
13 53 31 42 -14 23 0 0.00 M M 5.2 13 140 M M 0 20 100
14 45 41 43 -13 22 0 0.36 M M 9.9 17 320 M M 8 1 22 90
15 48 34 41 -15 24 0 0.00 M M 9.2 20 310 M M 4 25 310
16 55 35 45 -11 20 0 0.00 M M 3.5 10 360 M M 1 8 15 360
17 60 33 47 -8 18 0 0.00 M M 4.1 12 220 M M 0 17 230
18 46 36 41 -14 24 0 T M M 9.5 16 20 M M 5 4 23 20
19 44 33 39 -15 26 0 T T 0 6.7 16 350 M M 6 4 21 340
20 50 29 40 -14 25 0 0.04 M M 3.8 8 350 M M 3 11 200
21 53 41 47 -7 18 0 0.01 M M 5.6 12 180 M M 9 18 190
22 59 46 53 -1 12 0 0.00 M M 3.7 12 160 M M 7 16 150
23 57 50 54 1 11 0 0.30 M M 6.5 13 140 M M 10 13 16 130
24 57 52 55 2 10 0 0.49 M M 8.3 21 20 M M 10 13 29 30
25 57 49 53 0 12 0 T M M 11.1 21 10 M M 10 1 28 360
26 54 45 50 -2 15 0 1.13 M M 9.2 20 240 M M 9 1 27 250
27 62 43 53 1 12 0 0.00 M M 7.0 12 320 M M 0 17 320
28 68 37 53 1 12 0 0.00 M M 8.8 20 160 M M 0 26 170
29 79 40 60 9 5 0 T M M 13.7 30 350 M M 3 1 41 360
30 50 32 41 -10 24 0 0.00 M M 9.4 20 10 M M 0 28 340
================================================================================
SM 1881 1351 361 36 3.82 T 253.6 M 132
================================================================================
AV 62.7 45.0 8.5 FASTST M M 4 MAX(MPH)
MISC ----> 33 290 52 230
================================================================================
NOTES:
# LAST OF SEVERAL OCCURRENCES
COLUMN 17 PEAK WIND IN M.P.H.
PRELIMINARY LOCAL CLIMATOLOGICAL DATA (WS FORM: F-6) , PAGE 2
STATION: FORT WORTH MEACHAM
MONTH: NOVEMBER
YEAR: 2022
LATITUDE: 32 49 N
LONGITUDE: 97 21 W
[TEMPERATURE DATA] [PRECIPITATION DATA] SYMBOLS USED IN COLUMN 16
AVERAGE MONTHLY: 53.9 TOTAL FOR MONTH: 3.82 1 = FOG OR MIST
DPTR FM NORMAL: -1.8 DPTR FM NORMAL: 1.30 2 = FOG REDUCING VISIBILITY
HIGHEST: 81 ON 9, 6 GRTST 24HR 1.13 ON 26-26 TO 1/4 MILE OR LESS
LOWEST: 29 ON 20 3 = THUNDER
SNOW, ICE PELLETS, HAIL 4 = ICE PELLETS
TOTAL MONTH: T 5 = HAIL
GRTST 24HR T ON 19-19 6 = FREEZING RAIN OR DRIZZLE
GRTST DEPTH: 0 7 = DUSTSTORM OR SANDSTORM:
VSBY 1/2 MILE OR LESS
8 = SMOKE OR HAZE
[NO. OF DAYS WITH] [WEATHER - DAYS WITH] 9 = BLOWING SNOW
X = TORNADO
MAX 32 OR BELOW: 0 0.01 INCH OR MORE: 9
MAX 90 OR ABOVE: 0 0.10 INCH OR MORE: 7
MIN 32 OR BELOW: 4 0.50 INCH OR MORE: 2
MIN 0 OR BELOW: 0 1.00 INCH OR MORE: 1
[HDD (BASE 65) ]
TOTAL THIS MO. 361 CLEAR (SCALE 0-3) 13
DPTR FM NORMAL 62 PTCLDY (SCALE 4-7) 10
TOTAL FM JUL 1 416 CLOUDY (SCALE 8-10) 7
DPTR FM NORMAL 28
[CDD (BASE 65) ]
TOTAL THIS MO. 36
DPTR FM NORMAL 14 [PRESSURE DATA]
TOTAL FM JAN 1 3292 HIGHEST SLP 30.53 ON 16
DPTR FM NORMAL 601 LOWEST SLP 29.58 ON 4
[REMARKS]
#FINAL-11-22#