000
CXUS52 KFFC 011110
CF6FTY
PRELIMINARY LOCAL CLIMATOLOGICAL DATA (WS FORM: F-6)
STATION: FULTON COUNTY AIRPORT
MONTH: FEBRUARY
YEAR: 2023
LATITUDE: 33 46 N
LONGITUDE: 84 31 W
TEMPERATURE IN F: :PCPN: SNOW: WIND :SUNSHINE: SKY :PK WND
================================================================================
1 2 3 4 5 6A 6B 7 8 9 10 11 12 13 14 15 16 17 18
12Z AVG MX 2MIN
DY MAX MIN AVG DEP HDD CDD WTR SNW DPTH SPD SPD DIR MIN PSBL S-S WX SPD DR
================================================================================
1 57 46 52 7 13 0 0.01 M M 5.4 12 330 M M 9 1 17 320
2 49 44 47 2 18 0 0.89 M M 2.5 7 320 M M 10 1 11 310
3 49 34 42 -3 23 0 0.06 M M 8.9 21 330 M M 3 34 320
4 51 26 39 -6 26 0 0.00 M M 4.5 13 80 M M 0 18 50
5 64 32 48 2 17 0 0.00 M M 2.8 14 270 M M 2 23 270
6 65 38 52 6 13 0 0.00 M M 2.7 13 360 M M 0 19 320
7 69 32 51 5 14 0 0.00 M M 2.2 13 150 M M 0 16 210
8 73 47 60 14 5 0 0.00 M M 3.5 12 160 M M 7 15 150
9 69 51 60 14 5 0 0.35 0.0 M 6.2 21 150 M M 8 1 36 160
10 60 47 54 8 11 0 0.14 0.0 M 4.6 14 300 M M 5 1 21 360
11 56 42 49 2 16 0 0.33 M M 10.4 29 60 M M 5 1 40 80
12 47 40 44 -3 21 0 0.09 M M 8.4 25 60 M M 9 1 38 60
13 66 31 49 2 16 0 0.00 M M 4.0 16 290 M M 0 1 23 280
14 70 32 51 4 14 0 0.00 M M 5.9 17 160 M M 0 24 150
15 63 53 58 10 7 0 0.13 M M 4.0 13 170 M M 8 1 19 150
16 76 49 63 15 2 0 T M M 5.1 16 210 M M 8 1 27 170
17 69 33 51 3 14 0 1.12 M M 14.0 24 320 M M 10 1 37 290
18 59 28 44 -4 21 0 0.00 M M 3.5 14 340 M M 0 22 330
19 65 39 52 4 13 0 0.00 M M 3.3 12 210 M M 1 17 220
20 77 39 58 9 7 0 0.00 M M 6.6 21 210 M M 1 37 220
21 68 57 63 14 2 0 0.09 M M 4.8 12 270 M M 7 1 20 230
22 82 54 68 19 0 3 0.00 M M 7.5 20 190 M M 5 1 33 190
23 78 67 73 24 0 8 0.01 M M 6.5 16 180 M M 8 1 26 220
24 77 54 66 16 0 1 0.14 M M 3.7 12 320 M M 8 1 15 320
25 65 56 61 11 4 0 0.04 M M 4.6 10 90 M M 10 1 14 100
26 75 56 66 16 0 1 0.00 M M 6.2 18 310 M M 6 28 280
27 75 53 64 14 1 0 T M M 6.2 18 230 M M 5 1 30 240
28 80 51 66 16 0 1 0.00 M M 4.6 16 290 M M 0 23 250
================================================================================
SM 1854 1231 283 14 3.40 0.0 152.6 M 135
================================================================================
AV 66.2 44.0 5.5 FASTST M M 5 MAX(MPH)
MISC ----> 29 60 40 80
================================================================================
NOTES:
# LAST OF SEVERAL OCCURRENCES
COLUMN 17 PEAK WIND IN M.P.H.
PRELIMINARY LOCAL CLIMATOLOGICAL DATA (WS FORM: F-6) , PAGE 2
STATION: FULTON COUNTY AIRPORT
MONTH: FEBRUARY
YEAR: 2023
LATITUDE: 33 46 N
LONGITUDE: 84 31 W
[TEMPERATURE DATA] [PRECIPITATION DATA] SYMBOLS USED IN COLUMN 16
AVERAGE MONTHLY: 55.1 TOTAL FOR MONTH: 3.40 1 = FOG OR MIST
DPTR FM NORMAL: 7.6 DPTR FM NORMAL: -0.94 2 = FOG REDUCING VISIBILITY
HIGHEST: 82 ON 22 GRTST 24HR 1.12 ON 16-17 TO 1/4 MILE OR LESS
LOWEST: 26 ON 4 3 = THUNDER
SNOW, ICE PELLETS, HAIL 4 = ICE PELLETS
TOTAL MONTH: 0.0 INCH 5 = HAIL
GRTST 24HR 0.0 6 = FREEZING RAIN OR DRIZZLE
GRTST DEPTH: M ON M 7 = DUSTSTORM OR SANDSTORM:
VSBY 1/2 MILE OR LESS
8 = SMOKE OR HAZE
[NO. OF DAYS WITH] [WEATHER - DAYS WITH] 9 = BLOWING SNOW
X = TORNADO
MAX 32 OR BELOW: 0 0.01 INCH OR MORE: 13
MAX 90 OR ABOVE: 0 0.10 INCH OR MORE: 7
MIN 32 OR BELOW: 6 0.50 INCH OR MORE: 2
MIN 0 OR BELOW: 0 1.00 INCH OR MORE: 1
[HDD (BASE 65) ]
TOTAL THIS MO. 283 CLEAR (SCALE 0-3) 11
DPTR FM NORMAL -208 PTCLDY (SCALE 4-7) 10
TOTAL FM JUL 1 1820 CLOUDY (SCALE 8-10) 7
DPTR FM NORMAL -448
[CDD (BASE 65) ]
TOTAL THIS MO. 14
DPTR FM NORMAL 13 [PRESSURE DATA]
TOTAL FM JAN 1 14 HIGHEST SLP 30.58 ON 4
DPTR FM NORMAL 14 LOWEST SLP 29.65 ON 27
[REMARKS]
#FINAL-02-23#