000
CXUS52 KFFC 011110
CF6FTY
PRELIMINARY LOCAL CLIMATOLOGICAL DATA (WS FORM: F-6)
STATION: FULTON COUNTY AIRPORT
MONTH: DECEMBER
YEAR: 2021
LATITUDE: 33 46 N
LONGITUDE: 84 31 W
TEMPERATURE IN F: :PCPN: SNOW: WIND :SUNSHINE: SKY :PK WND
================================================================================
1 2 3 4 5 6A 6B 7 8 9 10 11 12 13 14 15 16 17 18
12Z AVG MX 2MIN
DY MAX MIN AVG DEP HDD CDD WTR SNW DPTH SPD SPD DIR MIN PSBL S-S WX SPD DR
================================================================================
1 70 37 54 5 11 0 0.00 M M 2.4 15 190 M M 0 1 21 210
2 73 39 56 8 9 0 T M M 3.0 16 290 M M 1 1 22 280
3 77 40 59 11 6 0 0.00 M M 1.1 9 290 M M 0 1 13 270
4 70 44 57 9 8 0 0.00 M M 0.8 8 270 M M 2 1 10 230
5 63 52 58 10 7 0 T M M 2.3 8 80 M M 9 13 12 70
6 63 44 54 6 11 0 0.41 M M 5.4 17 310 M M 9 13 23 340
7 52 35 44 -3 21 0 0.00 M M 3.6 9 330 M M 6 16 340
8 54 37 46 -1 19 0 0.06 M M 4.1 13 280 M M 6 1 17 300
9 56 31 44 -3 21 0 T M M 4.1 15 150 M M 3 12 21 150
10 57 47 52 5 13 0 0.23 M M 2.7 7 70 M M 10 1 11 230
11 74 48 61 14 4 0 0.37 M M 6.6 26 280 M M 10 1 37 290
12 58 35 47 1 18 0 0.00 M M 3.6 18 340 M M 0 31 330
13 62 30 46 0 19 0 0.00 M M 0.3 6 270 M M 0 1 9 250
14 69 29 49 3 16 0 0.00 M M 0.1 6 90 M M 0 12 10 100
15 60 34 47 1 18 0 0.00 M M 3.5 13 80 M M 4 19 110
16 65 46 56 10 9 0 0.00 M M 1.8 8 100 M M 10 13 100
17 68 56 62 16 3 0 T M M 2.8 8 180 M M 9 1 12 180
18 67 61 64 18 1 0 0.99 M M 3.5 16 280 M M 10 13 22 280
19 62 39 51 6 14 0 0.08 M M 6.9 18 340 M M 8 12 30 340
20 47 34 41 -4 24 0 0.00 M M 7.3 16 100 M M 1 24 70
21 43 40 42 -3 23 0 0.25 M M 4.9 13 40 M M 10 1 17 30
22 54 38 46 1 19 0 0.00 M M 6.4 20 310 M M 1 29 300
23 61 28 45 0 20 0 0.00 M M 1.5 9 190 M M 0 13 170
24 65 30 48 3 17 0 0.00 M M 3.5 13 210 M M 1 1 18 210
25 69 46 58 14 7 0 0.00 M M 7.1 18 230 M M 8 30 240
26 75 52 64 20 1 0 0.00 M M 2.0 9 320 M M 4 1 14 320
27 71 56 64 20 1 0 T M M 4.2 16 250 M M 9 12 24 230
28 73 61 67 23 0 2 0.01 M M 6.1 14 190 M M 9 1 21 200
29 74 65 70 26 0 5 0.41 M M 6.5 15 210 M M 8 13 24 210
30 70 59 65 21 0 0 3.24 M M 3.8 33 280 M M 9 13 54 300
31 69 57 63 19 2 0 T M M 1.1 7 200 M M 8 12 10 180
================================================================================
SM 1991 1350 342 7 6.05 M 113.0 M 165
================================================================================
AV 64.2 43.5 3.6 FASTST M M 5 MAX(MPH)
MISC ----> 33 280 54 300
================================================================================
NOTES:
# LAST OF SEVERAL OCCURRENCES
COLUMN 17 PEAK WIND IN M.P.H.
PRELIMINARY LOCAL CLIMATOLOGICAL DATA (WS FORM: F-6) , PAGE 2
STATION: FULTON COUNTY AIRPORT
MONTH: DECEMBER
YEAR: 2021
LATITUDE: 33 46 N
LONGITUDE: 84 31 W
[TEMPERATURE DATA] [PRECIPITATION DATA] SYMBOLS USED IN COLUMN 16
AVERAGE MONTHLY: 53.9 TOTAL FOR MONTH: 6.05 1 = FOG OR MIST
DPTR FM NORMAL: 7.9 DPTR FM NORMAL: 1.84 2 = FOG REDUCING VISIBILITY
HIGHEST: 77 ON 3 GRTST 24HR 3.24 ON 30-30 TO 1/4 MILE OR LESS
LOWEST: 28 ON 23 3 = THUNDER
SNOW, ICE PELLETS, HAIL 4 = ICE PELLETS
TOTAL MONTH: M 5 = HAIL
GRTST 24HR M ON M 6 = FREEZING RAIN OR DRIZZLE
GRTST DEPTH: M ON M 7 = DUSTSTORM OR SANDSTORM:
VSBY 1/2 MILE OR LESS
8 = SMOKE OR HAZE
[NO. OF DAYS WITH] [WEATHER - DAYS WITH] 9 = BLOWING SNOW
X = TORNADO
MAX 32 OR BELOW: 0 0.01 INCH OR MORE: 10
MAX 90 OR ABOVE: 0 0.10 INCH OR MORE: 7
MIN 32 OR BELOW: 5 0.50 INCH OR MORE: 2
MIN 0 OR BELOW: 0 1.00 INCH OR MORE: 1
[HDD (BASE 65) ]
TOTAL THIS MO. 342 CLEAR (SCALE 0-3) 12
DPTR FM NORMAL -250 PTCLDY (SCALE 4-7) 8
TOTAL FM JUL 1 855 CLOUDY (SCALE 8-10) 11
DPTR FM NORMAL -256
[CDD (BASE 65) ]
TOTAL THIS MO. 7
DPTR FM NORMAL 6 [PRESSURE DATA]
TOTAL FM JAN 1 1777 HIGHEST SLP 30.49 ON 15
DPTR FM NORMAL -48 LOWEST SLP 29.83 ON 29
[REMARKS]
#FINAL-12-21#