000
CXUS56 KSGX 011045
CF6FUL
PRELIMINARY LOCAL CLIMATOLOGICAL DATA (WS FORM: F-6)
STATION: FULLERTON AIRPORT CA
MONTH: SEPTEMBER
YEAR: 2021
LATITUDE: 33 52 N
LONGITUDE: 117 58 W
TEMPERATURE IN F: :PCPN: SNOW: WIND :SUNSHINE: SKY :PK WND
================================================================================
1 2 3 4 5 6A 6B 7 8 9 10 11 12 13 14 15 16 17 18
12Z AVG MX 2MIN
DY MAX MIN AVG DEP HDD CDD WTR SNW DPTH SPD SPD DIR MIN PSBL S-S WX SPD DR
================================================================================
1 77 67 72 -5 0 7 0.00 M M 3.4 10 210 M M 7 8 13 220
2 83 66 75 -2 0 10 0.00 M M 2.4 10 230 M M 6 17 180
3 87 65 76 -1 0 11 0.00 M M 3.2 10 200 M M 4 8 15 190
4 100 63 82 5 0 17 0.00 M M 2.8 12 270 M M 0 8 16 290
5 100 65 83 7 0 18 0.00 M M 4.2 12 290 M M 1 8 14 170
6 86 69 78 2 0 13 0.00 M M 4.0 12 200 M M 1 8 17 180
7 87 69 78 2 0 13 0.00 M M 2.6 12 190 M M 1 14 200
8 88 68 78 2 0 13 0.00 M M 2.7 9 200 M M 1 18 13 220
9 94 68 81 5 0 16 0.00 M M 3.1 12 210 M M 1 38 15 210
10 91 70 81 5 0 16 0.00 M M 3.3 10 210 M M 1 14 190
11 98 70 84 8 0 19 0.00 M M 3.6 12 280 M M 0 15 290
12 94 66 80 4 0 15 0.00 M M 2.9 10 190 M M 0 14 260
13 89 62 76 0 0 11 0.00 M M 3.2 12 190 M M 2 18 14 190
14 84 60 72 -4 0 7 0.00 M M 3.1 10 190 M M 3 18 14 190
15 82 63 73 -2 0 8 0.00 M M 3.9 12 190 M M 4 14 210
16 78 62 70 -5 0 5 0.00 M M 2.8 10 210 M M 5 15 210
17 80 62 71 -4 0 6 0.00 M M 3.7 13 200 M M 4 8 18 200
18 80 61 71 -4 0 6 0.00 M M 3.1 12 250 M M 3 8 14 180
19 79 58 69 -6 0 4 0.00 M M 2.8 12 190 M M 2 15 200
20 85 61 73 -1 0 8 0.00 M M 3.0 9 190 M M 0 12 190
21 103 64 84 10 0 19 0.00 M M 1.5 9 210 M M 0 13 260
22 98 68 83 9 0 18 0.00 M M 3.2 12 290 M M 0 16 290
23 83 65 74 0 0 9 0.00 M M 2.6 10 180 M M 0 13 210
24 82 62 72 -2 0 7 0.00 M M 2.9 15 170 M M 1 18 19 160
25 82 64 73 0 0 8 0.00 M M 3.0 9 260 M M 2 8 9 260
26 74 66 70 -3 0 5 0.00 M M 3.3 10 210 M M 10 14 170
27 72 64 68 -5 0 3 0.00 M M 3.7 9 200 M M 10 18 12 200
28 76 64 70 -3 0 5 0.00 M M 3.0 12 200 M M 7 17 190
29 78 62 70 -3 0 5 0.00 M M 2.6 12 210 M M 2 16 210
30 96 57 77 5 0 12 0.00 M M 2.9 12 280 M M 0 8 17 280
================================================================================
SM 2586 1931 0 314 0.00 M 92.5 M 78
================================================================================
AV 86.2 64.4 3.1 FASTST M M 3 MAX(MPH)
MISC ----> 15 170 19 160
================================================================================
NOTES:
# LAST OF SEVERAL OCCURRENCES
COLUMN 17 PEAK WIND IN M.P.H.
PRELIMINARY LOCAL CLIMATOLOGICAL DATA (WS FORM: F-6) , PAGE 2
STATION: FULLERTON AIRPORT CA
MONTH: SEPTEMBER
YEAR: 2021
LATITUDE: 33 52 N
LONGITUDE: 117 58 W
[TEMPERATURE DATA] [PRECIPITATION DATA] SYMBOLS USED IN COLUMN 16
AVERAGE MONTHLY: 75.3 TOTAL FOR MONTH: 0.00 1 = FOG OR MIST
DPTR FM NORMAL: 0.3 DPTR FM NORMAL: -0.14 2 = FOG REDUCING VISIBILITY
HIGHEST: 103 ON 21 GRTST 24HR T ON 31- 1 TO 1/4 MILE OR LESS
LOWEST: 57 ON 30 3 = THUNDER
SNOW, ICE PELLETS, HAIL 4 = ICE PELLETS
TOTAL MONTH: M 5 = HAIL
GRTST 24HR M ON M 6 = FREEZING RAIN OR DRIZZLE
GRTST DEPTH: M ON M 7 = DUSTSTORM OR SANDSTORM:
VSBY 1/2 MILE OR LESS
8 = SMOKE OR HAZE
[NO. OF DAYS WITH] [WEATHER - DAYS WITH] 9 = BLOWING SNOW
X = TORNADO
MAX 32 OR BELOW: 0 0.01 INCH OR MORE: 0
MAX 90 OR ABOVE: 9 0.10 INCH OR MORE: 0
MIN 32 OR BELOW: 0 0.50 INCH OR MORE: 0
MIN 0 OR BELOW: 0 1.00 INCH OR MORE: 0
[HDD (BASE 65) ]
TOTAL THIS MO. 0 CLEAR (SCALE 0-3) 21
DPTR FM NORMAL 0 PTCLDY (SCALE 4-7) 7
TOTAL FM JUL 1 0 CLOUDY (SCALE 8-10) 2
DPTR FM NORMAL 0
[CDD (BASE 65) ]
TOTAL THIS MO. 314
DPTR FM NORMAL 14 [PRESSURE DATA]
TOTAL FM JAN 1 1490 HIGHEST SLP 30.08 ON 18
DPTR FM NORMAL 167 LOWEST SLP 29.76 ON 8
[REMARKS]
#FINAL-09-21#