000
CXUS51 KCAR 010700
CF6FVE
PRELIMINARY LOCAL CLIMATOLOGICAL DATA (WS FORM: F-6)
STATION: FRENCHVILLE ME
MONTH: MAY
YEAR: 2022
LATITUDE: 47 16 N
LONGITUDE: 68 19 W
TEMPERATURE IN F: :PCPN: SNOW: WIND :SUNSHINE: SKY :PK WND
================================================================================
1 2 3 4 5 6A 6B 7 8 9 10 11 12 13 14 15 16 17 18
12Z AVG MX 2MIN
DY MAX MIN AVG DEP HDD CDD WTR SNW DPTH SPD SPD DIR MIN PSBL S-S WX SPD DR
================================================================================
1 53 34 44 -2 21 0 0.00 M M 10.2 18 10 M M 4 26 10
2 61 33 47 1 18 0 0.00 M M 4.8 14 90 M M 0 20 100
3 68 36 52 5 13 0 0.00 M M 8.8 15 150 M M 3 19 130
4 51 42 47 0 18 0 0.04 M M 8.3 18 330 M M 10 12 24 320
5 51 33 42 -6 23 0 0.00 M M 15.6 24 340 M M 3 32 280
6 44 29 37 -11 28 0 0.00 M M 9.7 20 330 M M 5 26 310
7 51 27 39 -9 26 0 0.00 M M 9.1 17 340 M M 0 23 340
8 63 27 45 -4 20 0 0.00 M M 4.7 10 340 M M 0 14 50
9 69 35 52 3 13 0 0.00 M M 5.8 13 150 M M 0 18 150
10 72 43 58 8 7 0 0.00 M M 7.1 14 160 M M 0 18 170
11 80 45 63 13 2 0 0.00 M M 7.8 15 320 M M 2 20 150
12 80 54 67 17 0 2 0.00 M M 6.3 16 330 M M 0 22 320
13 89 57 73 22 0 8 0.00 M M 11.5 23 280 M M 1 32 290
14 83 61 72 21 0 7 0.00 M M 7.7 16 70 M M 4 24 70
15 67 51 59 7 6 0 0.09 M M 10.7 20 160 M M 9 1 25 160
16 66 51 59 7 6 0 0.14 M M 7.7 16 120 M M 10 12 22 120
17 59 39 49 -3 16 0 0.26 M M 14.6 25 240 M M 10 12 38 210
18 55 37 46 -7 19 0 T M M 16.8 30 340 M M 5 39 320
19 63 31 47 -6 18 0 0.00 M M 7.9 16 140 M M 1 22 200
20 62 40 51 -2 14 0 0.00 M M 9.7 18 160 M M 5 26 160
21 68 50 59 5 6 0 0.58 M M 11.1 23 170 M M 8 123 33 170
22 76 48 62 8 3 0 0.55 M M 9.1 28 330 M M 9 12 38 320
23 55 40 48 -6 17 0 0.00 M M 13.0 24 330 M M 5 31 330
24 63 32 48 -7 17 0 0.00 M M 5.5 12 150 M M 0 15 100
25 72 44 58 3 7 0 0.00 M M 6.0 16 280 M M 0 23 280
26 65 47 56 1 9 0 0.27 M M 7.9 20 140 M M 5 1 26 140
27 62 47 55 -1 10 0 1.94 M M 7.8 13 90 M M 10 12 18 80
28 62 49 56 0 9 0 1.05 M M 8.2 17 320 M M 8 12 23 320
29 74 46 60 4 5 0 T M M 11.4 29 280 M M 2 38 290
30 73 50 62 6 3 0 0.00 M M 11.7 26 320 M M 7 37 320
31 61 41 51 -6 14 0 0.00 M M 11.5 25 330 M M 1 30 330
================================================================================
SM 2018 1299 368 17 4.92 M 288.0 M 127
================================================================================
AV 65.1 41.9 9.3 FASTST M M 4 MAX(MPH)
MISC ----> 30 340 39 320
================================================================================
NOTES:
# LAST OF SEVERAL OCCURRENCES
COLUMN 17 PEAK WIND IN M.P.H.
PRELIMINARY LOCAL CLIMATOLOGICAL DATA (WS FORM: F-6) , PAGE 2
STATION: FRENCHVILLE ME
MONTH: MAY
YEAR: 2022
LATITUDE: 47 16 N
LONGITUDE: 68 19 W
[TEMPERATURE DATA] [PRECIPITATION DATA] SYMBOLS USED IN COLUMN 16
AVERAGE MONTHLY: 53.5 TOTAL FOR MONTH: 4.92 1 = FOG OR MIST
DPTR FM NORMAL: 1.8 DPTR FM NORMAL: 1.85 2 = FOG REDUCING VISIBILITY
HIGHEST: 89 ON 13 GRTST 24HR 2.76 ON 27-28 TO 1/4 MILE OR LESS
LOWEST: 27 ON 8, 7 3 = THUNDER
SNOW, ICE PELLETS, HAIL 4 = ICE PELLETS
TOTAL MONTH: M 5 = HAIL
GRTST 24HR M ON M 6 = FREEZING RAIN OR DRIZZLE
GRTST DEPTH: M ON M 7 = DUSTSTORM OR SANDSTORM:
VSBY 1/2 MILE OR LESS
8 = SMOKE OR HAZE
[NO. OF DAYS WITH] [WEATHER - DAYS WITH] 9 = BLOWING SNOW
X = TORNADO
MAX 32 OR BELOW: 0 0.01 INCH OR MORE: 9
MAX 90 OR ABOVE: 0 0.10 INCH OR MORE: 7
MIN 32 OR BELOW: 5 0.50 INCH OR MORE: 4
MIN 0 OR BELOW: 0 1.00 INCH OR MORE: 2
[HDD (BASE 65) ]
TOTAL THIS MO. 368 CLEAR (SCALE 0-3) 15
DPTR FM NORMAL -51 PTCLDY (SCALE 4-7) 9
TOTAL FM JUL 1 9011 CLOUDY (SCALE 8-10) 7
DPTR FM NORMAL -58
[CDD (BASE 65) ]
TOTAL THIS MO. 17
DPTR FM NORMAL 10 [PRESSURE DATA]
TOTAL FM JAN 1 17 HIGHEST SLP 30.57 ON 10
DPTR FM NORMAL 10 LOWEST SLP 29.29 ON 17
[REMARKS]
#FINAL-05-22#