000
CXUS51 KCAR 010700
CF6FVE
PRELIMINARY LOCAL CLIMATOLOGICAL DATA (WS FORM: F-6)
STATION: FRENCHVILLE ME
MONTH: MARCH
YEAR: 2022
LATITUDE: 47 16 N
LONGITUDE: 68 19 W
TEMPERATURE IN F: :PCPN: SNOW: WIND :SUNSHINE: SKY :PK WND
================================================================================
1 2 3 4 5 6A 6B 7 8 9 10 11 12 13 14 15 16 17 18
12Z AVG MX 2MIN
DY MAX MIN AVG DEP HDD CDD WTR SNW DPTH SPD SPD DIR MIN PSBL S-S WX SPD DR
================================================================================
1 18 -6 6 -13 59 0 T M M 7.9 16 170 M M 4 1 21 170
2 24 11 18 -1 47 0 0.04 M M 8.7 21 330 M M 8 1 26 340
3 12 -6 3 -17 62 0 T M M 12.3 24 320 M M 7 34 320
4 20 -9 6 -14 59 0 0.00 M M 11.8 23 260 M M 1 31 250
5 27 7 17 -3 48 0 0.00 M M 10.5 22 280 M M 0 28 270
6 33 16 25 4 40 0 0.41 M M 9.0 16 100 M M 9 126 22 100
7 33 26 30 9 35 0 0.32 M M 7.4 17 320 M M 10 1 24 300
8 29 12 21 -1 44 0 T M M 17.9 39 290 M M 8 1 46 300
9 30 7 19 -3 46 0 0.00 M M 6.5 15 240 M M 5 18 19 230
10 36 20 28 6 37 0 0.00 M M 10.3 25 240 M M 5 32 240
11 28 19 24 1 41 0 T M M 5.5 13 90 M M 9 18 18 100
12 34 15 25 2 40 0 0.34 M M 14.8 32 330 M M 10 129 41 330
13 18 10 14 -9 51 0 T M M 18.9 35 290 M M 6 9 47 290
14 29 5 17 -7 48 0 T M M 9.1 17 210 M M 6 1 28 220
15 27 16 22 -2 43 0 T M M 10.4 26 330 M M 3 1 34 320
16 44 14 29 5 36 0 T M M 7.3 20 240 M M 7 1 25 230
17 45 32 39 14 26 0 0.04 M M 8.0 15 170 M M 10 1 20 180
18 46 31 39 14 26 0 0.00 M M 8.5 21 320 M M 4 12 27 330
19 32 27 30 4 35 0 0.19 M M 9.5 20 110 M M 7 1246 27 110
20 34 26 30 4 35 0 0.19 M M 6.9 16 320 M M 10 126 24 90
21 34 22 28 2 37 0 0.01 M M 15.4 26 310 M M 10 1 37 300
22 29 15 22 -5 43 0 T M M 20.3 31 320 M M 6 41 330
23 39 25 32 5 33 0 0.00 M M 12.0 21 340 M M 0 29 360
24 34 22 28 1 37 0 T M M 12.1 23 140 M M 5 1 29 140
25 33 29 31 3 34 0 0.17 M M 7.9 18 80 M M 10 1 26 90
26 34 26 30 2 35 0 T M M 4.9 18 290 M M 10 1 23 290
27 38 27 33 4 32 0 0.02 M M 7.4 15 340 M M 9 12 20 330
28 27 16 22 -7 43 0 T M M 13.6 22 320 M M 10 29 320
29 24 11 18 -11 47 0 T M M 20.6 30 330 M M 6 37 330
30 36 15 26 -4 39 0 0.00 M M 12.9 25 320 M M 2 32 320
31 36 27 32 2 33 0 0.03 M M 10.3 20 150 M M 9 12 27 150
================================================================================
SM 963 508 1271 0 1.76 M 338.6 M 206
================================================================================
AV 31.1 16.4 10.9 FASTST M M 7 MAX(MPH)
MISC ----> 39 290 47 290
================================================================================
NOTES:
# LAST OF SEVERAL OCCURRENCES
COLUMN 17 PEAK WIND IN M.P.H.
PRELIMINARY LOCAL CLIMATOLOGICAL DATA (WS FORM: F-6) , PAGE 2
STATION: FRENCHVILLE ME
MONTH: MARCH
YEAR: 2022
LATITUDE: 47 16 N
LONGITUDE: 68 19 W
[TEMPERATURE DATA] [PRECIPITATION DATA] SYMBOLS USED IN COLUMN 16
AVERAGE MONTHLY: 23.7 TOTAL FOR MONTH: 1.76 1 = FOG OR MIST
DPTR FM NORMAL: -0.8 DPTR FM NORMAL: 0.29 2 = FOG REDUCING VISIBILITY
HIGHEST: 46 ON 18 GRTST 24HR 0.42 ON 6- 7 TO 1/4 MILE OR LESS
LOWEST: -9 ON 4 3 = THUNDER
SNOW, ICE PELLETS, HAIL 4 = ICE PELLETS
TOTAL MONTH: M 5 = HAIL
GRTST 24HR M ON M 6 = FREEZING RAIN OR DRIZZLE
GRTST DEPTH: M ON M 7 = DUSTSTORM OR SANDSTORM:
VSBY 1/2 MILE OR LESS
8 = SMOKE OR HAZE
[NO. OF DAYS WITH] [WEATHER - DAYS WITH] 9 = BLOWING SNOW
X = TORNADO
MAX 32 OR BELOW: 15 0.01 INCH OR MORE: 11
MAX 90 OR ABOVE: 0 0.10 INCH OR MORE: 6
MIN 32 OR BELOW: 31 0.50 INCH OR MORE: 0
MIN 0 OR BELOW: 3 1.00 INCH OR MORE: 0
[HDD (BASE 65) ]
TOTAL THIS MO. 1271 CLEAR (SCALE 0-3) 5
DPTR FM NORMAL 15 PTCLDY (SCALE 4-7) 13
TOTAL FM JUL 1 7832 CLOUDY (SCALE 8-10) 13
DPTR FM NORMAL 2
[CDD (BASE 65) ]
TOTAL THIS MO. 0
DPTR FM NORMAL 0 [PRESSURE DATA]
TOTAL FM JAN 1 0 HIGHEST SLP 30.35 ON 24
DPTR FM NORMAL 0 LOWEST SLP 28.87 ON 12
[REMARKS]
#FINAL-03-22#