000
CXUS54 KTSA 031901
CF6FYV
PRELIMINARY LOCAL CLIMATOLOGICAL DATA (WS FORM: F-6)
STATION: FAYETTEVILLE ARKANSAS
MONTH: FEBRUARY
YEAR: 2023
LATITUDE: 36 0 N
LONGITUDE: 94 10 W
TEMPERATURE IN F: :PCPN: SNOW: WIND :SUNSHINE: SKY :PK WND
================================================================================
1 2 3 4 5 6A 6B 7 8 9 10 11 12 13 14 15 16 17 18
12Z AVG MX 2MIN
DY MAX MIN AVG DEP HDD CDD WTR SNW DPTH SPD SPD DIR MIN PSBL S-S WX SPD DR
================================================================================
1 32 21 27 -11 38 0 0.00 0.0 1 1.7 8 120 M M 5 11 110
2 38 23 31 -7 34 0 T T 0 1.0 8 320 M M 6 148 10 320
3 49 19 34 -4 31 0 0.00 0.0 0 2.8 13 200 M M 0 18 17 190
4 53 35 44 6 21 0 0.00 0.0 0 11.7 25 190 M M 0 33 190
5 65 33 49 11 16 0 0.00 0.0 0 3.6 16 220 M M 0 1 25 210
6 67 30 49 11 16 0 0.00 0.0 0 10.6 33 180 M M 2 48 150
7 61 44 53 14 12 0 0.58 0.0 0 4.8 22 310 M M 9 1 33 310
8 55 43 49 10 16 0 1.12 0.0 0 6.9 29 210 M M 10 1 39 200
9 57 38 48 9 17 0 0.02 0.0 0 6.9 23 230 M M 5 1 36 240
10 43 32 38 -1 27 0 0.00 0.0 0 5.1 10 350 M M 9 8 16 350
11 53 27 40 1 25 0 0.00 0.0 0 2.3 10 50 M M 0 1 16 50
12 63 22 43 3 22 0 0.00 0.0 0 4.6 17 190 M M 0 23 180
13 67 34 51 11 14 0 0.00 0.0 0 3.9 15 250 M M 0 25 240
14 60 50 55 15 10 0 0.34 0.0 0 14.5 29 190 M M 7 18 42 200
15 74 36 55 15 10 0 T 0.0 0 4.4 20 160 M M 3 38 28 170
16 60 27 44 4 21 0 0.32 0.0 0 12.7 22 290 M M 10 13 32 290
17 46 24 35 -6 30 0 0.00 0.0 0 5.7 17 330 M M 3 23 310
18 52 20 36 -5 29 0 0.00 0.0 0 7.8 20 180 M M 2 25 180
19 63 42 53 12 12 0 0.00 0.0 0 13.3 23 200 M M 0 32 200
20 70 41 56 14 9 0 0.00 0.0 0 7.7 18 230 M M 1 27 230
21 70 37 54 12 11 0 0.00 0.0 0 7.7 22 180 M M 0 8 33 210
22 70 56 63 21 2 0 0.43 0.0 0 14.3 30 260 M M 5 1 43 260
23 61 33 47 5 18 0 T 0.0 0 6.8 26 300 M M 3 32 300
24 53 30 42 0 23 0 0.00 0.0 0 5.4 13 70 M M 6 1 21 60
25 56 40 48 5 17 0 0.00 0.0 0 4.1 10 200 M M 10 13 15 200
26 68 50 59 16 6 0 0.02 0.0 0 10.4 39 160 M M 10 13 60 160
27 71 41 56 13 9 0 0.25 0.0 0 12.3 39 210 M M 3 18 61 180
28 78 35 57 13 8 0 0.00 0.0 0 6.2 22 210 M M 0 34 240
================================================================================
SM 1655 963 504 0 3.08 T 199.2 M 109
================================================================================
AV 59.1 34.4 7.1 FASTST M M 4 MAX(MPH)
MISC ----> # 39 160 61 180
================================================================================
NOTES:
# LAST OF SEVERAL OCCURRENCES
COLUMN 17 PEAK WIND IN M.P.H.
PRELIMINARY LOCAL CLIMATOLOGICAL DATA (WS FORM: F-6) , PAGE 2
STATION: FAYETTEVILLE ARKANSAS
MONTH: FEBRUARY
YEAR: 2023
LATITUDE: 36 0 N
LONGITUDE: 94 10 W
[TEMPERATURE DATA] [PRECIPITATION DATA] SYMBOLS USED IN COLUMN 16
AVERAGE MONTHLY: 46.8 TOTAL FOR MONTH: 3.08 1 = FOG OR MIST
DPTR FM NORMAL: 6.3 DPTR FM NORMAL: 0.52 2 = FOG REDUCING VISIBILITY
HIGHEST: 78 ON 28 GRTST 24HR 1.43 ON 7- 8 TO 1/4 MILE OR LESS
LOWEST: 19 ON 3 3 = THUNDER
SNOW, ICE PELLETS, HAIL 4 = ICE PELLETS
TOTAL MONTH: 0.2 INCH 5 = HAIL
GRTST 24HR T ON 2- 2 6 = FREEZING RAIN OR DRIZZLE
GRTST DEPTH: 1 ON 1 7 = DUSTSTORM OR SANDSTORM:
VSBY 1/2 MILE OR LESS
8 = SMOKE OR HAZE
[NO. OF DAYS WITH] [WEATHER - DAYS WITH] 9 = BLOWING SNOW
X = TORNADO
MAX 32 OR BELOW: 1 0.01 INCH OR MORE: 8
MAX 90 OR ABOVE: 0 0.10 INCH OR MORE: 6
MIN 32 OR BELOW: 11 0.50 INCH OR MORE: 2
MIN 0 OR BELOW: 0 1.00 INCH OR MORE: 1
[HDD (BASE 65) ]
TOTAL THIS MO. 504 CLEAR (SCALE 0-3) 15
DPTR FM NORMAL -187 PTCLDY (SCALE 4-7) 7
TOTAL FM JUL 1 2687 CLOUDY (SCALE 8-10) 6
DPTR FM NORMAL -520
[CDD (BASE 65) ]
TOTAL THIS MO. 0
DPTR FM NORMAL -1 [PRESSURE DATA]
TOTAL FM JAN 1 0 HIGHEST SLP 30.61 ON 3
DPTR FM NORMAL 0 LOWEST SLP 29.37 ON 14
[REMARKS]
#FINAL-02-23#