048
CXUS54 KOUN 010700
CF6GAG
PRELIMINARY LOCAL CLIMATOLOGICAL DATA (WS FORM: F-6)
STATION: GAGE
MONTH: MAY
YEAR: 2020
LATITUDE: 36 17 N
LONGITUDE: 99 46 W
TEMPERATURE IN F: :PCPN: SNOW: WIND :SUNSHINE: SKY :PK WND
================================================================================
1 2 3 4 5 6A 6B 7 8 9 10 11 12 13 14 15 16 17 18
12Z AVG MX 2MIN
DY MAX MIN AVG DEP HDD CDD WTR SNW DPTH SPD SPD DIR MIN PSBL S-S WX SPD DR
================================================================================
1 94 63 79 17 0 14 0.00 0.0 0 12.8 29 170 M M 0 36 170
2 90 61 76 14 0 11 0.00 0.0 0 8.9 18 40 M M 0 24 10
3 83 61 72 10 0 7 0.00 0.0 0 10.2 23 30 M M 4 29 40
4 88 60 74 11 0 9 0.00 0.0 0 12.4 23 20 M M 4 1 33 330
5 76 53 65 2 0 0 T 0.0 0 11.1 18 20 M M 2 8 24 10
6 79 52 66 3 0 1 T 0.0 0 7.8 16 60 M M 4 20 90
7 84 53 69 5 0 4 0.02 0.0 0 16.9 33 360 M M 4 3 42 350
8 67 36 52 -12 13 0 0.00 0.0 0 15.1 30 20 M M 4 41 30
9 76 34 55 -9 10 0 0.00 0.0 0 8.8 21 180 M M 0 24 190
10 61 48 55 -10 10 0 0.00 0.0 0 11.6 24 40 M M 6 30 40
11 57 41 49 -16 16 0 0.19 0.0 0 11.8 22 60 M M 10 13 28 70
12 53 41 47 -18 18 0 0.01 0.0 0 9.6 18 60 M M 9 1 23 60
13 86 49 68 2 0 3 0.00 0.0 0 17.4 41 160 M M 6 1 51 160
14 89 61 75 9 0 10 0.00 0.0 0 15.7 35 200 M M 0 3 43 210
15 83 56 70 4 0 5 0.00 0.0 0 10.2 22 90 M M 5 12 29 70
16 83 56 70 4 0 5 0.00 0.0 0 6.3 17 10 M M 4 1 27 360
17 84 55 70 3 0 5 0.00 0.0 0 7.8 18 360 M M 1 24 20
18 86 50 68 1 0 3 0.00 0.0 0 6.1 14 110 M M 0 19 110
19 83 57 70 3 0 5 0.00 0.0 0 9.0 16 110 M M 2 21 90
20 83 55 69 1 0 4 0.00 0.0 0 12.1 24 150 M M 3 28 150
21 85 63 74 6 0 9 T 0.0 0 13.0 26 140 M M 4 32 150
22 84 55 70 2 0 5 0.58 0.0 0 8.1 37 20 M M 3 13 45 20
23 91 58 75 7 0 10 0.00 0.0 0 21.7 43 150 M M 2 52 150
24 89 60 75 6 0 10 0.81 0.0 0 17.3 43 260 M M 3 13 52 260
25 66 51 59 -10 6 0 0.01 0.0 0 14.2 26 340 M M 7 33 350
26 80 48 64 -5 1 0 0.00 0.0 0 9.8 21 340 M M 0 30 350
27 84 53 69 -1 0 4 0.00 0.0 0 4.4 15 30 M M 1 21 40
28 85 53 69 -1 0 4 0.00 0.0 0 9.3 23 40 M M 2 29 10
29 87 52 70 0 0 5 0.00 0.0 0 7.8 17 160 M M 0 23 160
30 89 62 76 6 0 11 0.00 0.0 0 15.7 25 170 M M 0 8 33 170
31 88 58 73 2 0 8 0.00 0.0 0 14.5 24 160 M M 0 29 200
================================================================================
SM 2513 1655 74 152 1.62 0.0 357.4 M 90
================================================================================
AV 81.1 53.4 11.5 FASTST M M 3 MAX(MPH)
MISC ----> # 43 150 # 52 150
================================================================================
NOTES:
# LAST OF SEVERAL OCCURRENCES
COLUMN 17 PEAK WIND IN M.P.H.
PRELIMINARY LOCAL CLIMATOLOGICAL DATA (WS FORM: F-6) , PAGE 2
STATION: GAGE
MONTH: MAY
YEAR: 2020
LATITUDE: 36 17 N
LONGITUDE: 99 46 W
[TEMPERATURE DATA] [PRECIPITATION DATA] SYMBOLS USED IN COLUMN 16
AVERAGE MONTHLY: 67.2 TOTAL FOR MONTH: 1.62 1 = FOG OR MIST
DPTR FM NORMAL: 0.9 DPTR FM NORMAL: -1.65 2 = FOG REDUCING VISIBILITY
HIGHEST: 94 ON 1 GRTST 24HR 0.81 ON 24-24 TO 1/4 MILE OR LESS
LOWEST: 34 ON 9 3 = THUNDER
SNOW, ICE PELLETS, HAIL 4 = ICE PELLETS
TOTAL MONTH: 0.0 INCH 5 = HAIL
GRTST 24HR 0.0 6 = FREEZING RAIN OR DRIZZLE
GRTST DEPTH: 0 7 = DUSTSTORM OR SANDSTORM:
VSBY 1/2 MILE OR LESS
8 = SMOKE OR HAZE
[NO. OF DAYS WITH] [WEATHER - DAYS WITH] 9 = BLOWING SNOW
X = TORNADO
MAX 32 OR BELOW: 0 0.01 INCH OR MORE: 6
MAX 90 OR ABOVE: 3 0.10 INCH OR MORE: 3
MIN 32 OR BELOW: 0 0.50 INCH OR MORE: 2
MIN 0 OR BELOW: 0 1.00 INCH OR MORE: 0
[HDD (BASE 65) ]
TOTAL THIS MO. 74 CLEAR (SCALE 0-3) 18
DPTR FM NORMAL -7 PTCLDY (SCALE 4-7) 11
TOTAL FM JUL 1 3966 CLOUDY (SCALE 8-10) 2
DPTR FM NORMAL -419
[CDD (BASE 65) ]
TOTAL THIS MO. 152
DPTR FM NORMAL 30 [PRESSURE DATA]
TOTAL FM JAN 1 207 HIGHEST SLP M ON M
DPTR FM NORMAL 49 LOWEST SLP 28.77 ON 31
[REMARKS]
#FINAL-05-20#