000
CXUS53 KUNR 010945
CF6GCC
PRELIMINARY LOCAL CLIMATOLOGICAL DATA (WS FORM: F-6)
STATION: GILLETTE AIRPORT WY
MONTH: MAY
YEAR: 2020
LATITUDE: 44 20 N
LONGITUDE: 105 32 W
TEMPERATURE IN F: :PCPN: SNOW: WIND :SUNSHINE: SKY :PK WND
================================================================================
1 2 3 4 5 6A 6B 7 8 9 10 11 12 13 14 15 16 17 18
12Z AVG MX 2MIN
DY MAX MIN AVG DEP HDD CDD WTR SNW DPTH SPD SPD DIR MIN PSBL S-S WX SPD DR
================================================================================
1 61 38 50 2 15 0 0.00 M M 10.0 26 320 M M 4 8 36 310
2 66 34 50 2 15 0 0.01 M M 9.4 18 180 M M 1 3 24 90
3 74 46 60 11 5 0 0.00 M M 12.7 31 340 M M 4 40 340
4 55 39 47 -2 18 0 T M M 12.3 26 310 M M 6 34 300
5 60 25 43 -7 22 0 0.00 M M 13.4 31 330 M M 2 47 320
6 67 28 48 -2 17 0 0.00 M M 15.7 28 150 M M 0 39 170
7 48 28 38 -12 27 0 0.09 M M 15.9 33 320 M M 7 1 48 310
8 61 31 46 -4 19 0 0.01 M M 9.9 23 250 M M 4 29 160
9 52 25 39 -12 26 0 0.05 M M 17.1 37 330 M M 3 1 50 320
10 48 28 38 -13 27 0 0.01 M M 7.6 17 20 M M 8 22 30
11 42 34 38 -14 27 0 0.02 M M 15.3 23 150 M M 10 32 150
12 53 34 44 -8 21 0 0.46 M M 17.3 33 170 M M 8 13 42 180
13 62 40 51 -1 14 0 0.17 M M 9.1 25 190 M M 6 13 31 170
14 62 33 48 -4 17 0 0.00 M M 6.0 20 340 M M 5 26 340
15 61 40 51 -2 14 0 0.11 M M 8.5 22 250 M M 7 13 27 280
16 55 35 45 -8 20 0 0.00 M M 9.8 18 70 M M 6 24 330
17 70 36 53 0 12 0 0.00 M M 21.2 31 150 M M 0 45 140
18 80 49 65 11 0 0 0.00 M M 23.3 33 160 M M 0 45 160
19 89 54 72 18 0 7 0.09 M M 13.5 40 140 M M 1 38 55 140
20 84 50 67 13 0 2 0.38 M M 15.9 28 160 M M 1 38 36 160
21 70 43 57 3 8 0 0.00 M M 16.3 36 230 M M 1 51 220
22 79 44 62 7 3 0 0.00 M M 13.7 23 340 M M 1 33 340
23 55 42 49 -6 16 0 0.00 M M 13.3 25 340 M M 8 1 33 340
24 56 33 45 -10 20 0 0.00 M M 11.5 20 340 M M 9 1 26 330
25 65 34 50 -5 15 0 T M M 5.8 17 20 M M 5 24 350
26 75 43 59 3 6 0 0.00 M M 7.4 18 10 M M 2 27 340
27 69 42 56 0 9 0 T M M 8.3 18 330 M M 6 24 330
28 67 42 55 -1 10 0 0.00 M M 5.0 14 10 M M 6 21 10
29 81 44 63 7 2 0 0.00 M M 8.5 21 150 M M 1 28 160
30 78 53 66 9 0 1 0.15 M M 15.7 31 160 M M 0 13 40 170
31 94 56 75 18 0 10 0.00 M M 16.6 32 160 M M 0 42 160
================================================================================
SM 2039 1203 405 20 1.55 M 386.0 M 122
================================================================================
AV 65.8 38.8 12.5 FASTST M M 4 MAX(MPH)
MISC ----> # 40 140 # 55 140
================================================================================
NOTES:
# LAST OF SEVERAL OCCURRENCES
COLUMN 17 PEAK WIND IN M.P.H.
PRELIMINARY LOCAL CLIMATOLOGICAL DATA (WS FORM: F-6) , PAGE 2
STATION: GILLETTE AIRPORT WY
MONTH: MAY
YEAR: 2020
LATITUDE: 44 20 N
LONGITUDE: 105 32 W
[TEMPERATURE DATA] [PRECIPITATION DATA] SYMBOLS USED IN COLUMN 16
AVERAGE MONTHLY: 52.3 TOTAL FOR MONTH: 1.55 1 = FOG OR MIST
DPTR FM NORMAL: -0.5 DPTR FM NORMAL: -0.90 2 = FOG REDUCING VISIBILITY
HIGHEST: 94 ON 31 GRTST 24HR 0.46 ON 12-12 TO 1/4 MILE OR LESS
LOWEST: 25 ON 9, 5 3 = THUNDER
SNOW, ICE PELLETS, HAIL 4 = ICE PELLETS
TOTAL MONTH: M 5 = HAIL
GRTST 24HR M ON M 6 = FREEZING RAIN OR DRIZZLE
GRTST DEPTH: M ON M 7 = DUSTSTORM OR SANDSTORM:
VSBY 1/2 MILE OR LESS
8 = SMOKE OR HAZE
[NO. OF DAYS WITH] [WEATHER - DAYS WITH] 9 = BLOWING SNOW
X = TORNADO
MAX 32 OR BELOW: 0 0.01 INCH OR MORE: 12
MAX 90 OR ABOVE: 1 0.10 INCH OR MORE: 5
MIN 32 OR BELOW: 6 0.50 INCH OR MORE: 0
MIN 0 OR BELOW: 0 1.00 INCH OR MORE: 0
[HDD (BASE 65) ]
TOTAL THIS MO. 405 CLEAR (SCALE 0-3) 13
DPTR FM NORMAL 19 PTCLDY (SCALE 4-7) 15
TOTAL FM JUL 1 7421 CLOUDY (SCALE 8-10) 3
DPTR FM NORMAL 19
[CDD (BASE 65) ]
TOTAL THIS MO. 20
DPTR FM NORMAL 12 [PRESSURE DATA]
TOTAL FM JAN 1 20 HIGHEST SLP 30.49 ON 7
DPTR FM NORMAL 12 LOWEST SLP 29.43 ON 20
[REMARKS]
#FINAL-05-20#