000
CXUS54 KFWD 220503
CF6GDJ
PRELIMINARY LOCAL CLIMATOLOGICAL DATA (WS FORM: F-6)
STATION: GRANBURY
MONTH: JULY
YEAR: 2022
LATITUDE: 32 26 N
LONGITUDE: 97 48 W
TEMPERATURE IN F: :PCPN: SNOW: WIND :SUNSHINE: SKY :PK WND
================================================================================
1 2 3 4 5 6A 6B 7 8 9 10 11 12 13 14 15 16 17 18
12Z AVG MX 2MIN
DY MAX MIN AVG DEP HDD CDD WTR SNW DPTH SPD SPD DIR MIN PSBL S-S WX SPD DR
================================================================================
1 99 73 86 3 0 21 0.00 M M 7.7 15 150 M M 0 20 150
2 101 76 89 6 0 24 0.00 M M 6.8 18 90 M M 0 24 110
3 102 79 91 8 0 26 0.00 M M 8.1 20 340 M M 2 29 340
4 101 78 90 7 0 25 0.00 M M 9.5 15 140 M M 0 22 180
5 102 79 91 8 0 26 0.00 M M 9.9 17 130 M M 0 24 130
6 104 81 93 10 0 28 0.00 M M 10.5 16 130 M M 0 22 120
7 103 81 92 9 0 27 0.03 M M 8.7 15 120 M M 0 24 110
8 107 81 94 11 0 29 0.00 M M 6.8 10 140 M M 0 18 120
9 107 78 93 10 0 28 0.02 M M 5.6 25 170 M M 1 38 33 170
10 103 74 89 6 0 24 0.00 M M 5.8 15 340 M M 0 17 40
11 103 80 92 9 0 27 0.00 M M 6.2 13 70 M M 1 16 70
12 103 81 92 8 0 27 0.00 M M 6.8 15 60 M M 0 25 70
13 105 72 89 5 0 24 0.00 M M 4.2 9 100 M M 0 16 100
14 102 71 87 3 0 22 0.64 M M 4.7 17 140 M M 1 3 39 140
15 98 68 83 -1 0 18 0.00 M M 5.0 14 120 M M 1 20 150
16 100 76 88 4 0 23 0.00 M M 6.4 10 130 M M 0 17 110
17 104 81 93 9 0 28 0.00 M M 7.7 13 180 M M 0 18 200
18 109 80 95 11 0 30 0.00 M M 10.3 17 240 M M 0 25 170
19 109 83 96 12 0 31 0.00 M M 11.5 16 180 M M 0 23 190
20 108 82 95 11 0 30 0.00 M M 9.9 15 220 M M 0 20 160
21 103 82 93 9 0 28 0.00 M M 8.1 14 100 M M 1 22 100
22 102 82 92 8 0 27 0.00 M M 9.5 15 120 M M 0 21 140
23 101 77 89 5 0 24 0.00 M M 9.9 15 140 M M 0 23 120
24 102 81 92 8 0 27 0.00 M M 9.5 16 150 M M 1 20 150
25 104 81 93 9 0 28 0.00 M M 9.2 14 120 M M 1 22 120
26 104 80 92 8 0 27 0.00 M M 10.3 18 140 M M 0 25 140
27 103 81 92 8 0 27 0.00 M M 10.0 15 120 M M 0 22 120
28 102 81 92 8 0 27 0.00 M M 8.6 15 120 M M 1 18 120
29 102 79 91 7 0 26 0.01 M M 8.2 14 270 M M 2 3 25 30
30 103 79 91 7 0 26 0.00 M M 8.1 14 110 M M 2 20 210
31 103 82 93 9 0 28 0.00 M M 10.7 15 130 M M 0 24 130
================================================================================
SM 3199 2439 0 813 0.70 M 254.2 M 14
================================================================================
AV103.2 78.7 8.2 FASTST M M 0 MAX(MPH)
MISC ----> 25 170 39 140
================================================================================
NOTES:
# LAST OF SEVERAL OCCURRENCES
COLUMN 17 PEAK WIND IN M.P.H.
PRELIMINARY LOCAL CLIMATOLOGICAL DATA (WS FORM: F-6) , PAGE 2
STATION: GRANBURY
MONTH: JULY
YEAR: 2022
LATITUDE: 32 26 N
LONGITUDE: 97 48 W
[TEMPERATURE DATA] [PRECIPITATION DATA] SYMBOLS USED IN COLUMN 16
AVERAGE MONTHLY: 90.9 TOTAL FOR MONTH: 0.70 1 = FOG OR MIST
DPTR FM NORMAL: 7.4 DPTR FM NORMAL: M 2 = FOG REDUCING VISIBILITY
HIGHEST: 109 ON 18,19 GRTST 24HR 0.64 ON 14-14 TO 1/4 MILE OR LESS
LOWEST: 68 ON 15 3 = THUNDER
SNOW, ICE PELLETS, HAIL 4 = ICE PELLETS
TOTAL MONTH: M 5 = HAIL
GRTST 24HR M ON M 6 = FREEZING RAIN OR DRIZZLE
GRTST DEPTH: M ON M 7 = DUSTSTORM OR SANDSTORM:
VSBY 1/2 MILE OR LESS
8 = SMOKE OR HAZE
[NO. OF DAYS WITH] [WEATHER - DAYS WITH] 9 = BLOWING SNOW
X = TORNADO
MAX 32 OR BELOW: 0 0.01 INCH OR MORE: 4
MAX 90 OR ABOVE: 31 0.10 INCH OR MORE: 1
MIN 32 OR BELOW: 0 0.50 INCH OR MORE: 1
MIN 0 OR BELOW: 0 1.00 INCH OR MORE: 0
[HDD (BASE 65) ]
TOTAL THIS MO. 0 CLEAR (SCALE 0-3) 31
DPTR FM NORMAL 0 PTCLDY (SCALE 4-7) 0
TOTAL FM JUL 1 0 CLOUDY (SCALE 8-10) 0
DPTR FM NORMAL 0
[CDD (BASE 65) ]
TOTAL THIS MO. 813
DPTR FM NORMAL 240 [PRESSURE DATA]
TOTAL FM JAN 1 2018 HIGHEST SLP M ON M
DPTR FM NORMAL 669 LOWEST SLP M ON M
[REMARKS]
#FINAL-07-22#