000
CXUS54 KFWD 072148
CF6GDJ
PRELIMINARY LOCAL CLIMATOLOGICAL DATA (WS FORM: F-6)
STATION: GRANBURY
MONTH: JUNE
YEAR: 2022
LATITUDE: 32 26 N
LONGITUDE: 97 48 W
TEMPERATURE IN F: :PCPN: SNOW: WIND :SUNSHINE: SKY :PK WND
================================================================================
1 2 3 4 5 6A 6B 7 8 9 10 11 12 13 14 15 16 17 18
12Z AVG MX 2MIN
DY MAX MIN AVG DEP HDD CDD WTR SNW DPTH SPD SPD DIR MIN PSBL S-S WX SPD DR
================================================================================
1 92 74 83 7 0 18 0.00 M M 8.9 20 150 M M 4 27 150
2 83 65 74 -2 0 9 0.20 M M 6.9 16 30 M M 4 31 30
3 79 66 73 -4 0 8 0.58 M M 4.3 12 30 M M 6 M M
4 89 66 78 1 0 13 0.01 M M 4.7 10 110 M M 4 1 M M
5 96 71 84 7 0 19 0.00 M M 13.1 21 130 M M 0 26 130
6 100 74 87 9 0 22 0.00 M M 13.1 18 180 M M 0 26 160
7 97 74 86 8 0 21 0.00 M M 11.2 16 140 M M 2 22 150
8 91 74 83 5 0 18 0.00 M M 10.8 23 20 M M 0 31 330
9 96 72 84 6 0 19 0.00 M M 5.2 12 110 M M 4 8 18 110
10 102 74 88 9 0 23 0.00 M M 5.8 10 210 M M 0 23 0
11 106 77 92 13 0 27 0.00 M M 8.4 15 240 M M 0 20 240
12 107 80 94 15 0 29 0.00 M M 11.1 17 220 M M 0 24 220
13 102 80 91 12 0 26 0.00 M M 15.2 22 160 M M 0 30 160
14 99 77 88 8 0 23 0.00 M M 17.7 25 180 M M 0 37 180
15 100 78 89 9 0 24 0.00 M M 14.2 23 160 M M 1 31 180
16 101 78 90 10 0 25 0.00 M M 9.3 16 190 M M 0 22 190
17 100 73 87 7 0 22 0.00 M M 6.5 13 130 M M 0 18 120
18 100 76 88 8 0 23 0.00 M M 7.5 13 100 M M 1 20 100
19 99 76 88 7 0 23 0.00 M M 8.0 15 130 M M 1 22 90
20 102 76 89 8 0 24 0.00 M M 9.8 16 130 M M 0 22 150
21 100 79 90 9 0 25 0.00 M M 9.0 14 110 M M 0 21 80
22 100 75 88 7 0 23 0.00 M M 6.3 14 110 M M 1 18 110
23 103 74 89 7 0 24 0.00 M M 4.9 10 80 M M 2 17 90
24 104 76 90 8 0 25 0.00 M M 9.9 16 150 M M 0 23 180
25 103 78 91 9 0 26 0.00 M M 7.2 12 130 M M 0 26 160
26 102 75 89 7 0 24 0.00 M M 6.0 15 10 M M 2 24 10
27 94 72 83 1 0 18 0.00 M M 9.3 14 50 M M 2 20 10
28 90 73 82 0 0 17 0.00 M M 6.4 13 220 M M 4 20 80
29 94 65 80 -2 0 15 0.00 M M 4.3 10 40 M M 1 9 70
30 100 67 84 1 0 19 0.00 M M 4.0 13 110 M M 0 22 140
================================================================================
SM 2931 2215 0 632 0.79 M 259.0 M 39
================================================================================
AV 97.7 73.8 8.6 FASTST M M 1 MAX(MPH)
MISC ----> 25 180 37 180
================================================================================
NOTES:
# LAST OF SEVERAL OCCURRENCES
COLUMN 17 PEAK WIND IN M.P.H.
PRELIMINARY LOCAL CLIMATOLOGICAL DATA (WS FORM: F-6) , PAGE 2
STATION: GRANBURY
MONTH: JUNE
YEAR: 2022
LATITUDE: 32 26 N
LONGITUDE: 97 48 W
[TEMPERATURE DATA] [PRECIPITATION DATA] SYMBOLS USED IN COLUMN 16
AVERAGE MONTHLY: 85.8 TOTAL FOR MONTH: 0.79 1 = FOG OR MIST
DPTR FM NORMAL: 6.0 DPTR FM NORMAL: M 2 = FOG REDUCING VISIBILITY
HIGHEST: 107 ON 12 GRTST 24HR 0.58 ON 3- 3 TO 1/4 MILE OR LESS
LOWEST: 65 ON 29, 2 3 = THUNDER
SNOW, ICE PELLETS, HAIL 4 = ICE PELLETS
TOTAL MONTH: M 5 = HAIL
GRTST 24HR M ON M 6 = FREEZING RAIN OR DRIZZLE
GRTST DEPTH: M ON M 7 = DUSTSTORM OR SANDSTORM:
VSBY 1/2 MILE OR LESS
8 = SMOKE OR HAZE
[NO. OF DAYS WITH] [WEATHER - DAYS WITH] 9 = BLOWING SNOW
X = TORNADO
MAX 32 OR BELOW: 0 0.01 INCH OR MORE: 3
MAX 90 OR ABOVE: 27 0.10 INCH OR MORE: 2
MIN 32 OR BELOW: 0 0.50 INCH OR MORE: 1
MIN 0 OR BELOW: 0 1.00 INCH OR MORE: 0
[HDD (BASE 65) ]
TOTAL THIS MO. 0 CLEAR (SCALE 0-3) 24
DPTR FM NORMAL 0 PTCLDY (SCALE 4-7) 6
TOTAL FM JUL 1 1948 CLOUDY (SCALE 8-10) 0
DPTR FM NORMAL -717
[CDD (BASE 65) ]
TOTAL THIS MO. 632
DPTR FM NORMAL 190 [PRESSURE DATA]
TOTAL FM JAN 1 1205 HIGHEST SLP M ON M
DPTR FM NORMAL 429 LOWEST SLP M ON M
[REMARKS]
#FINAL-06-22#