000
CXUS54 KFWD 010730
CF6GDJ
PRELIMINARY LOCAL CLIMATOLOGICAL DATA (WS FORM: F-6)
STATION: GRANBURY
MONTH: JUNE
YEAR: 2021
LATITUDE: 32 26 N
LONGITUDE: 97 48 W
TEMPERATURE IN F: :PCPN: SNOW: WIND :SUNSHINE: SKY :PK WND
================================================================================
1 2 3 4 5 6A 6B 7 8 9 10 11 12 13 14 15 16 17 18
12Z AVG MX 2MIN
DY MAX MIN AVG DEP HDD CDD WTR SNW DPTH SPD SPD DIR MIN PSBL S-S WX SPD DR
================================================================================
1 74 63 69 -7 0 4 0.00 M M 4.8 12 280 M M 7 1 16 340
2 82 58 70 -6 0 5 0.10 M M 2.3 10 290 M M 4 24 330
3 82 65 74 -3 0 9 0.00 M M 3.8 10 110 M M 1 M M
4 79 65 72 -5 0 7 0.02 M M 3.5 10 30 M M 5 12 M M
5 86 70 78 1 0 13 0.57 M M 3.3 12 110 M M 6 3 M M
6 87 68 78 0 0 13 0.00 M M 8.2 14 140 M M 4 20 130
7 88 68 78 0 0 13 1.33 M M 8.6 16 300 M M 3 3 20 300
8 93 71 82 4 0 17 0.10 M M 7.6 14 180 M M 4 3 24 0
9 93 77 85 7 0 20 0.00 M M 9.8 16 200 M M 4 22 190
10 94 78 86 7 0 21 0.00 M M 8.8 12 150 M M 4 17 180
11 96 76 86 7 0 21 0.00 M M 10.4 16 170 M M 2 23 190
12 94 75 85 6 0 20 0.00 M M 6.4 12 210 M M 2 M M
13 95 73 84 5 0 19 0.00 M M 2.0 8 130 M M 0 M M
14 93 77 85 5 0 20 0.06 M M 4.2 12 330 M M 3 22 350
15 95 72 84 4 0 19 0.00 M M 2.8 10 70 M M 1 9 90
16 96 70 83 3 0 18 0.00 M M 2.6 8 120 M M 0 1 M M
17 97 71 84 4 0 19 0.00 M M 4.1 10 200 M M 0 M M
18 95 77 86 6 0 21 0.00 M M 6.6 12 110 M M 0 16 100
19 95 68 82 1 0 17 0.00 M M 4.8 12 130 M M 0 20 120
20 97 74 86 5 0 21 0.00 M M 10.0 15 170 M M 1 22 170
21 94 73 84 3 0 19 0.00 M M 9.8 17 360 M M 7 27 360
22 84 69 77 -4 0 12 0.00 M M 6.2 10 140 M M 8 M M
23 97 75 86 4 0 21 0.00 M M 10.3 15 200 M M 4 22 180
24 98 79 89 7 0 24 0.00 M M 11.6 15 180 M M 0 22 170
25 98 79 89 7 0 24 0.00 M M 12.5 20 150 M M 1 27 150
26 96 78 87 5 0 22 0.00 M M 12.6 18 160 M M 5 25 180
27 97 75 86 4 0 21 0.00 M M 7.9 15 120 M M 2 21 120
28 90 73 82 0 0 17 0.00 M M 6.2 13 110 M M 5 21 110
29 91 75 83 1 0 18 0.03 M M 7.8 12 140 M M 7 22 110
30 93 73 83 0 0 18 0.00 M M 5.1 10 110 M M 4 M M
================================================================================
SM 2749 2165 0 513 2.21 M 204.5 M 94
================================================================================
AV 91.6 72.2 6.8 FASTST M M 3 MAX(MPH)
MISC ----> 20 150 # 27 360
================================================================================
NOTES:
# LAST OF SEVERAL OCCURRENCES
COLUMN 17 PEAK WIND IN M.P.H.
PRELIMINARY LOCAL CLIMATOLOGICAL DATA (WS FORM: F-6) , PAGE 2
STATION: GRANBURY
MONTH: JUNE
YEAR: 2021
LATITUDE: 32 26 N
LONGITUDE: 97 48 W
[TEMPERATURE DATA] [PRECIPITATION DATA] SYMBOLS USED IN COLUMN 16
AVERAGE MONTHLY: 81.9 TOTAL FOR MONTH: 2.21 1 = FOG OR MIST
DPTR FM NORMAL: 2.1 DPTR FM NORMAL: M 2 = FOG REDUCING VISIBILITY
HIGHEST: 98 ON 25,24 GRTST 24HR 1.33 ON 7- 7 TO 1/4 MILE OR LESS
LOWEST: 58 ON 2 3 = THUNDER
SNOW, ICE PELLETS, HAIL 4 = ICE PELLETS
TOTAL MONTH: M 5 = HAIL
GRTST 24HR M ON M 6 = FREEZING RAIN OR DRIZZLE
GRTST DEPTH: M ON M 7 = DUSTSTORM OR SANDSTORM:
VSBY 1/2 MILE OR LESS
8 = SMOKE OR HAZE
[NO. OF DAYS WITH] [WEATHER - DAYS WITH] 9 = BLOWING SNOW
X = TORNADO
MAX 32 OR BELOW: 0 0.01 INCH OR MORE: 7
MAX 90 OR ABOVE: 22 0.10 INCH OR MORE: 3
MIN 32 OR BELOW: 0 0.50 INCH OR MORE: 2
MIN 0 OR BELOW: 0 1.00 INCH OR MORE: 1
[HDD (BASE 65) ]
TOTAL THIS MO. 0 CLEAR (SCALE 0-3) 15
DPTR FM NORMAL 0 PTCLDY (SCALE 4-7) 15
TOTAL FM JUL 1 2226 CLOUDY (SCALE 8-10) 0
DPTR FM NORMAL -439
[CDD (BASE 65) ]
TOTAL THIS MO. 513
DPTR FM NORMAL 71 [PRESSURE DATA]
TOTAL FM JAN 1 864 HIGHEST SLP M ON M
DPTR FM NORMAL 88 LOWEST SLP M ON M
[REMARKS]
#FINAL-06-21#