000
CXUS54 KFWD 010832
CF6GDJ
PRELIMINARY LOCAL CLIMATOLOGICAL DATA (WS FORM: F-6)
STATION: GRANBURY
MONTH: DECEMBER
YEAR: 2023
LATITUDE: 32 26 N
LONGITUDE: 97 48 W
TEMPERATURE IN F: :PCPN: SNOW: WIND :SUNSHINE: SKY :PK WND
================================================================================
1 2 3 4 5 6A 6B 7 8 9 10 11 12 13 14 15 16 17 18
12Z AVG MX 2MIN
DY MAX MIN AVG DEP HDD CDD WTR SNW DPTH SPD SPD DIR MIN PSBL S-S WX SPD DR
================================================================================
1 60 39 50 2 15 0 0.00 M M 6.3 14 320 M M 0 22 320
2 74 37 56 9 9 0 0.00 M M 6.2 17 280 M M 3 23 240
3 73 33 53 6 12 0 0.00 M M 10.8 23 240 M M 0 26 220
4 63 36 50 4 15 0 0.00 M M 4.7 12 350 M M 0 18 350
5 70 33 52 6 13 0 0.00 M M 0.9 7 30 M M 0 8 M M
6 67 33 50 4 15 0 0.00 M M 4.3 10 170 M M 0 16 140
7 71 41 56 10 9 0 0.00 M M 10.3 23 190 M M 2 28 190
8 81 59 70 25 0 5 0.00 M M 11.2 17 230 M M 2 26 210
9 63 41 52 7 13 0 0.00 M M 10.9 16 340 M M 0 26 330
10 53 30 42 -3 23 0 0.00 M M 6.3 10 310 M M 0 M M
11 65 30 48 4 17 0 0.00 M M 4.5 10 120 M M 0 M M
12 63 35 49 5 16 0 0.00 M M 6.0 12 150 M M 3 17 150
13 56 47 52 8 13 0 0.01 M M 6.9 13 120 M M 9 16 120
14 61 45 53 9 12 0 0.00 M M 7.9 13 120 M M 7 18 130
15 59 39 49 5 16 0 0.50 M M 6.8 15 120 M M 7 21 140
16 58 36 47 3 18 0 0.00 M M 6.7 14 300 M M 0 21 330
17 71 29 50 7 15 0 0.00 M M 2.1 13 230 M M 0 18 230
18 62 36 49 6 16 0 0.00 M M 5.9 12 10 M M 0 20 10
19 62 33 48 5 17 0 0.00 M M 6.1 13 130 M M 0 17 140
20 65 47 56 13 9 0 0.00 M M 9.1 15 170 M M 7 18 170
21 60 57 59 16 6 0 1.11 M M 8.0 13 140 M M 10 1 16 140
22 70 56 63 20 2 0 0.02 M M 5.0 10 190 M M 7 1 M M
23 65 60 63 20 2 0 0.28 M M 9.0 15 140 M M 10 1 22 120
24 67 44 56 13 9 0 0.27 M M 10.7 26 310 M M 8 3 31 310
25 49 31 40 -3 25 0 0.00 M M 12.0 18 320 M M 0 28 310
26 58 28 43 0 22 0 0.00 M M 6.1 16 240 M M 0 25 180
27 51 32 42 -1 23 0 0.00 M M 6.1 16 350 M M 1 23 300
28 51 35 43 0 22 0 M M M 7.1 14 350 M M 6 22 10
29 56 31 44 1 21 0 0.00 M M 9.7 17 290 M M 0 23 270
30 66 26 46 3 19 0 0.00 M M 2.8 9 180 M M 0 M M
31 67 32 50 7 15 0 0.00 M M 2.9 10 30 M M 0 17 30
================================================================================
SM 1957 1191 439 5 2.19 M 213.3 M 82
================================================================================
AV 63.1 38.4 6.9 FASTST M M 3 MAX(MPH)
MISC ----> 26 310 31 310
================================================================================
NOTES:
# LAST OF SEVERAL OCCURRENCES
COLUMN 17 PEAK WIND IN M.P.H.
PRELIMINARY LOCAL CLIMATOLOGICAL DATA (WS FORM: F-6) , PAGE 2
STATION: GRANBURY
MONTH: DECEMBER
YEAR: 2023
LATITUDE: 32 26 N
LONGITUDE: 97 48 W
[TEMPERATURE DATA] [PRECIPITATION DATA] SYMBOLS USED IN COLUMN 16
AVERAGE MONTHLY: 50.8 TOTAL FOR MONTH: 2.19 1 = FOG OR MIST
DPTR FM NORMAL: 6.7 DPTR FM NORMAL: M 2 = FOG REDUCING VISIBILITY
HIGHEST: 81 ON 8 GRTST 24HR 1.11 ON 21-21 TO 1/4 MILE OR LESS
LOWEST: 26 ON 30 3 = THUNDER
SNOW, ICE PELLETS, HAIL 4 = ICE PELLETS
TOTAL MONTH: M 5 = HAIL
GRTST 24HR M ON M 6 = FREEZING RAIN OR DRIZZLE
GRTST DEPTH: M ON M 7 = DUSTSTORM OR SANDSTORM:
VSBY 1/2 MILE OR LESS
8 = SMOKE OR HAZE
[NO. OF DAYS WITH] [WEATHER - DAYS WITH] 9 = BLOWING SNOW
X = TORNADO
MAX 32 OR BELOW: 0 0.01 INCH OR MORE: 6
MAX 90 OR ABOVE: 0 0.10 INCH OR MORE: 4
MIN 32 OR BELOW: 9 0.50 INCH OR MORE: 1
MIN 0 OR BELOW: 0 1.00 INCH OR MORE: 1
[HDD (BASE 65) ]
TOTAL THIS MO. 439 CLEAR (SCALE 0-3) 22
DPTR FM NORMAL -212 PTCLDY (SCALE 4-7) 6
TOTAL FM JUL 1 839 CLOUDY (SCALE 8-10) 3
DPTR FM NORMAL -231
[CDD (BASE 65) ]
TOTAL THIS MO. 5
DPTR FM NORMAL 3 [PRESSURE DATA]
TOTAL FM JAN 1 3276 HIGHEST SLP M ON M
DPTR FM NORMAL 882 LOWEST SLP M ON M
[REMARKS]
#FINAL-12-23#