000
CXUS54 KMAF 011448
CF6GDP
PRELIMINARY LOCAL CLIMATOLOGICAL DATA (WS FORM: F-6)
STATION: GUADALUPE PASS
MONTH: OCTOBER
YEAR: 2021
LATITUDE: 31 49 N
LONGITUDE: 104 48 W
TEMPERATURE IN F: :PCPN: SNOW: WIND :SUNSHINE: SKY :PK WND
================================================================================
1 2 3 4 5 6A 6B 7 8 9 10 11 12 13 14 15 16 17 18
12Z AVG MX 2MIN
DY MAX MIN AVG DEP HDD CDD WTR SNW DPTH SPD SPD DIR MIN PSBL S-S WX SPD DR
================================================================================
1 72 53 63 -4 2 0 0.00 M M 12.6 26 50 M M 0 128 28 50
2 75 53 64 -3 1 0 0.00 M M 13.9 24 40 M M 0 128 27 250
3 77 54 66 0 0 1 0.00 M M 16.5 28 50 M M 0 30 40
4 81 59 70 4 0 5 0.00 M M 9.2 22 40 M M 1 24 30
5 80 60 70 4 0 5 0.00 M M 10.2 17 50 M M 0 22 120
6 82 64 73 7 0 8 0.00 M M 10.9 21 40 M M 3 25 60
7 84 64 74 9 0 9 0.00 M M 9.7 22 240 M M 0 30 250
8 87 63 75 10 0 10 0.00 M M 11.6 28 240 M M 0 34 240
9 86 64 75 10 0 10 0.00 M M 22.9 40 250 M M 0 47 250
10 70 52 61 -3 4 0 0.00 M M 27.8 68 250 M M 0 8 84 260
11 78 53 66 2 0 1 0.00 M M 13.8 36 240 M M 2 41 230
12 82 58 70 6 0 5 0.00 M M 34.1 60 240 M M 1 8 77 210
13 72 47 60 -4 5 0 0.00 M M 22.6 37 250 M M 0 43 240
14 72 50 61 -2 4 0 0.00 M M 28.2 53 250 M M 0 8 62 240
15 63 48 56 -7 9 0 0.00 M M 21.3 35 40 M M 0 8 37 40
16 61 44 53 -9 12 0 0.00 M M 26.5 38 50 M M 0 8 41 50
17 69 47 58 -4 7 0 0.00 M M 18.2 29 50 M M 0 31 50
18 79 58 69 7 0 4 0.00 M M 16.8 38 240 M M 0 43 240
19 76 54 65 3 0 0 0.00 M M 19.9 37 240 M M 0 44 250
20 79 59 69 8 0 4 0.00 M M 9.9 23 260 M M 0 30 260
21 77 59 68 7 0 3 0.00 M M 13.5 24 60 M M 1 8 28 60
22 81 59 70 10 0 5 0.00 M M 9.4 20 240 M M 2 25 240
23 79 59 69 9 0 4 0.00 M M 20.2 43 250 M M 1 50 240
24 78 54 66 6 0 1 0.00 M M 19.7 37 250 M M 0 42 250
25 83 56 70 11 0 5 0.00 M M 16.7 29 250 M M 0 34 250
26 76 48 62 3 3 0 0.00 M M 34.4 60 250 M M 1 8 72 260
27 63 43 53 -6 12 0 0.00 M M 24.7 44 250 M M 0 55 260
28 67 43 55 -3 10 0 0.00 M M 15.4 32 40 M M 0 35 50
29 72 45 59 1 6 0 0.00 M M 16.1 31 50 M M 0 35 50
30 78 51 65 8 0 0 0.00 M M 17.9 36 250 M M 0 44 250
31 69 51 60 3 5 0 0.00 M M 17.4 32 40 M M 0 34 40
================================================================================
SM 2348 1672 80 80 0.00 M 562.0 M 12
================================================================================
AV 75.7 53.9 18.1 FASTST M M 0 MAX(MPH)
MISC ----> 68 250 84 260
================================================================================
NOTES:
# LAST OF SEVERAL OCCURRENCES
COLUMN 17 PEAK WIND IN M.P.H.
PRELIMINARY LOCAL CLIMATOLOGICAL DATA (WS FORM: F-6) , PAGE 2
STATION: GUADALUPE PASS
MONTH: OCTOBER
YEAR: 2021
LATITUDE: 31 49 N
LONGITUDE: 104 48 W
[TEMPERATURE DATA] [PRECIPITATION DATA] SYMBOLS USED IN COLUMN 16
AVERAGE MONTHLY: 64.8 TOTAL FOR MONTH: 0.00 1 = FOG OR MIST
DPTR FM NORMAL: 2.5 DPTR FM NORMAL: -0.80 2 = FOG REDUCING VISIBILITY
HIGHEST: 87 ON 8 GRTST 24HR 0.00 ON 1- 1 TO 1/4 MILE OR LESS
LOWEST: 43 ON 28,27 3 = THUNDER
SNOW, ICE PELLETS, HAIL 4 = ICE PELLETS
TOTAL MONTH: M 5 = HAIL
GRTST 24HR M ON M 6 = FREEZING RAIN OR DRIZZLE
GRTST DEPTH: M ON M 7 = DUSTSTORM OR SANDSTORM:
VSBY 1/2 MILE OR LESS
8 = SMOKE OR HAZE
[NO. OF DAYS WITH] [WEATHER - DAYS WITH] 9 = BLOWING SNOW
X = TORNADO
MAX 32 OR BELOW: 0 0.01 INCH OR MORE: 0
MAX 90 OR ABOVE: 0 0.10 INCH OR MORE: 0
MIN 32 OR BELOW: 0 0.50 INCH OR MORE: 0
MIN 0 OR BELOW: 0 1.00 INCH OR MORE: 0
[HDD (BASE 65) ]
TOTAL THIS MO. 80 CLEAR (SCALE 0-3) 31
DPTR FM NORMAL -66 PTCLDY (SCALE 4-7) 0
TOTAL FM JUL 1 87 CLOUDY (SCALE 8-10) 0
DPTR FM NORMAL -87
[CDD (BASE 65) ]
TOTAL THIS MO. 80
DPTR FM NORMAL 18 [PRESSURE DATA]
TOTAL FM JAN 1 1443 HIGHEST SLP 30.37 ON 16
DPTR FM NORMAL -220 LOWEST SLP 29.45 ON 12
[REMARKS]
#FINAL-10-21#