000
CXUS54 KMAF 011110
CF6GDP
PRELIMINARY LOCAL CLIMATOLOGICAL DATA (WS FORM: F-6)
STATION: GUADALUPE PASS
MONTH: MARCH
YEAR: 2021
LATITUDE: 31 49 N
LONGITUDE: 104 48 W
TEMPERATURE IN F: :PCPN: SNOW: WIND :SUNSHINE: SKY :PK WND
================================================================================
1 2 3 4 5 6A 6B 7 8 9 10 11 12 13 14 15 16 17 18
12Z AVG MX 2MIN
DY MAX MIN AVG DEP HDD CDD WTR SNW DPTH SPD SPD DIR MIN PSBL S-S WX SPD DR
================================================================================
1 42 28 35 -13 30 0 T M M 24.3 44 40 M M 3 128 50 40
2 55 30 43 -6 22 0 0.00 M M 11.0 24 230 M M 0 29 230
3 71 39 55 6 10 0 0.00 M M 14.9 28 240 M M 0 33 240
4 67 49 58 9 7 0 0.00 M M 29.6 51 250 M M 2 61 250
5 59 41 50 1 15 0 0.00 M M 21.4 36 60 M M 0 8 43 280
6 53 36 45 -5 20 0 0.00 M M 22.1 32 70 M M 1 8 37 70
7 70 39 55 5 10 0 0.00 M M 12.5 26 50 M M 0 29 60
8 75 48 62 12 3 0 0.00 M M 13.5 30 230 M M 0 34 230
9 75 55 65 15 0 0 0.00 M M 22.4 51 240 M M 1 61 240
10 72 48 60 9 5 0 0.00 M M 27.1 45 250 M M 1 53 250
11 76 48 62 11 3 0 0.00 M M 17.4 63 230 M M 1 8 75 230
12 73 59 66 15 0 1 0.00 M M 18.3 45 230 M M 4 8 50 230
13 65 36 51 -1 14 0 0.00 M M 33.8 60 250 M M 2 8 71 240
14 54 28 41 -11 24 0 M M M 38.3 63 260 M M 4 8 72 250
15 65 37 51 -1 14 0 0.00 M M 28.3 61 260 M M 0 73 270
16 71 35 53 1 12 0 T M M 31.8 69 240 M M 3 8 79 250
17 63 35 49 -4 16 0 0.00 M M 24.2 40 260 M M 0 48 280
18 57 33 45 -8 20 0 0.00 M M 26.7 37 50 M M 0 40 60
19 59 39 49 -4 16 0 M M M 28.0 38 50 M M 0 8 44 50
20 77 44 61 8 4 0 0.00 M M 12.1 29 50 M M 0 32 50
21 73 52 63 9 2 0 0.00 M M 24.4 43 240 M M 2 52 250
22 61 45 53 -1 12 0 T M M 36.8 68 240 M M 5 8 79 240
23 64 39 52 -2 13 0 0.00 M M 26.1 46 240 M M 0 57 260
24 55 33 44 -10 21 0 T M M 18.3 46 240 M M 4 8 55 240
25 60 31 46 -9 19 0 0.00 M M 23.7 44 240 M M 4 52 230
26 69 42 56 1 9 0 0.00 M M 28.0 51 240 M M 0 58 250
27 70 45 58 3 7 0 0.00 M M 12.3 33 260 M M 3 39 260
28 64 43 54 -2 11 0 0.00 M M 17.8 36 50 M M 1 8 39 50
29 75 45 60 4 5 0 0.00 M M 25.9 38 230 M M 0 42 250
30 77 57 67 11 0 2 0.00 M M 32.2 49 260 M M 0 58 250
31 64 36 50 -6 15 0 0.00 M M 33.8 49 50 M M 0 8 54 50
================================================================================
SM 2031 1275 359 3 T M 737.0 M 41
================================================================================
AV 65.5 41.1 23.8 FASTST M M 1 MAX(MPH)
MISC ----> 69 240 # 79 250
================================================================================
NOTES:
# LAST OF SEVERAL OCCURRENCES
COLUMN 17 PEAK WIND IN M.P.H.
PRELIMINARY LOCAL CLIMATOLOGICAL DATA (WS FORM: F-6) , PAGE 2
STATION: GUADALUPE PASS
MONTH: MARCH
YEAR: 2021
LATITUDE: 31 49 N
LONGITUDE: 104 48 W
[TEMPERATURE DATA] [PRECIPITATION DATA] SYMBOLS USED IN COLUMN 16
AVERAGE MONTHLY: 53.3 TOTAL FOR MONTH: T 1 = FOG OR MIST
DPTR FM NORMAL: 1.0 DPTR FM NORMAL: -0.44 2 = FOG REDUCING VISIBILITY
HIGHEST: 77 ON 30,20 GRTST 24HR T ON 1- 1 TO 1/4 MILE OR LESS
LOWEST: 28 ON 14, 1 3 = THUNDER
SNOW, ICE PELLETS, HAIL 4 = ICE PELLETS
TOTAL MONTH: M 5 = HAIL
GRTST 24HR M ON M 6 = FREEZING RAIN OR DRIZZLE
GRTST DEPTH: M ON M 7 = DUSTSTORM OR SANDSTORM:
VSBY 1/2 MILE OR LESS
8 = SMOKE OR HAZE
[NO. OF DAYS WITH] [WEATHER - DAYS WITH] 9 = BLOWING SNOW
X = TORNADO
MAX 32 OR BELOW: 0 0.01 INCH OR MORE: 0
MAX 90 OR ABOVE: 0 0.10 INCH OR MORE: 0
MIN 32 OR BELOW: 4 0.50 INCH OR MORE: 0
MIN 0 OR BELOW: 0 1.00 INCH OR MORE: 0
[HDD (BASE 65) ]
TOTAL THIS MO. 359 CLEAR (SCALE 0-3) 26
DPTR FM NORMAL -39 PTCLDY (SCALE 4-7) 5
TOTAL FM JUL 1 2482 CLOUDY (SCALE 8-10) 0
DPTR FM NORMAL -579
[CDD (BASE 65) ]
TOTAL THIS MO. 3
DPTR FM NORMAL -2 [PRESSURE DATA]
TOTAL FM JAN 1 3 HIGHEST SLP 30.40 ON 1
DPTR FM NORMAL -3 LOWEST SLP 29.38 ON 16
[REMARKS]
#FINAL-03-21#