538
CXUS54 KMAF 011851
CF6GDP
PRELIMINARY LOCAL CLIMATOLOGICAL DATA (WS FORM: F-6)
STATION: GUADALUPE PASS
MONTH: DECEMBER
YEAR: 2020
LATITUDE: 31 49 N
LONGITUDE: 104 48 W
TEMPERATURE IN F: :PCPN: SNOW: WIND :SUNSHINE: SKY :PK WND
================================================================================
1 2 3 4 5 6A 6B 7 8 9 10 11 12 13 14 15 16 17 18
12Z AVG MX 2MIN
DY MAX MIN AVG DEP HDD CDD WTR SNW DPTH SPD SPD DIR MIN PSBL S-S WX SPD DR
================================================================================
1 M M M M M M 0.00 M M 28.1 46 40 M M 0 51 40
2 M M M M M M T M M 29.0 45 40 M M 2 18 50 40
3 M M M M M M 0.00 M M 13.8 31 50 M M 3 8 35 50
4 45 28 37 -6 28 0 0.00 M M 14.9 38 40 M M 2 8 41 40
5 51 35 43 1 22 0 0.00 M M 9.5 23 40 M M 5 25 40
6 56 34 45 3 20 0 0.00 M M 12.8 30 240 M M 0 34 240
7 59 41 50 8 15 0 0.00 M M 10.2 23 60 M M 0 24 60
8 61 43 52 10 13 0 0.00 M M 10.7 23 240 M M 0 27 250
9 63 40 52 10 13 0 0.00 M M 15.2 26 240 M M 0 34 240
10 60 44 52 11 13 0 0.03 M M 21.5 48 260 M M 4 1 55 270
11 54 36 45 4 20 0 0.00 M M 32.2 56 250 M M 1 18 63 250
12 58 37 48 7 17 0 0.00 M M 22.6 45 250 M M 0 53 260
13 47 27 37 -4 28 0 0.00 M M 21.9 52 250 M M 2 18 66 250
14 49 25 37 -4 28 0 0.00 M M 16.4 29 250 M M 0 34 250
15 48 28 38 -3 27 0 0.00 M M 18.2 41 240 M M 0 49 250
16 51 28 40 0 25 0 0.00 M M 24.1 39 260 M M 0 44 250
17 54 34 44 4 21 0 0.00 M M 12.7 24 230 M M 0 28 230
18 53 43 48 8 17 0 0.00 M M 19.8 33 260 M M 0 37 250
19 53 33 43 3 22 0 0.00 M M 19.4 43 250 M M 1 50 260
20 54 35 45 5 20 0 0.00 M M 17.5 33 240 M M 0 39 240
21 60 34 47 7 18 0 0.00 M M 15.3 28 250 M M 0 32 250
22 58 35 47 7 18 0 0.00 M M 21.9 40 250 M M 0 47 250
23 61 24 43 3 22 0 0.00 M M 31.4 47 260 M M 1 8 57 270
24 44 20 32 -8 33 0 0.00 M M 15.7 29 240 M M 1 8 35 240
25 52 29 41 1 24 0 0.00 M M 15.7 32 240 M M 0 37 240
26 57 25 41 1 24 0 0.00 M M 26.2 46 240 M M 0 52 240
27 63 36 50 10 15 0 0.00 M M 20.5 31 240 M M 0 36 230
28 58 40 49 9 16 0 0.00 M M 19.5 38 40 M M 2 18 41 50
29 61 39 50 10 15 0 0.00 M M 18.0 33 250 M M 0 42 270
30 42 24 33 -7 32 0 0.01 M M 27.6 44 50 M M 9 6 50 60
31 40 24 32 -8 33 0 T M M 10.3 22 240 M M 0 6 26 230
================================================================================
SM 1512 921 599 0 0.04 M 592.6 M 33
================================================================================
AV 54.0 32.9 19.1 FASTST M M 1 MAX(MPH)
MISC ----> 56 250 66 250
================================================================================
NOTES:
# LAST OF SEVERAL OCCURRENCES
COLUMN 17 PEAK WIND IN M.P.H.
PRELIMINARY LOCAL CLIMATOLOGICAL DATA (WS FORM: F-6) , PAGE 2
STATION: GUADALUPE PASS
MONTH: DECEMBER
YEAR: 2020
LATITUDE: 31 49 N
LONGITUDE: 104 48 W
[TEMPERATURE DATA] [PRECIPITATION DATA] SYMBOLS USED IN COLUMN 16
AVERAGE MONTHLY: 43.4 TOTAL FOR MONTH: 0.04 1 = FOG OR MIST
DPTR FM NORMAL: 2.4 DPTR FM NORMAL: -0.62 2 = FOG REDUCING VISIBILITY
HIGHEST: 63 ON 27, 9 GRTST 24HR 0.03 ON 10-10 TO 1/4 MILE OR LESS
LOWEST: 20 ON 24 3 = THUNDER
SNOW, ICE PELLETS, HAIL 4 = ICE PELLETS
TOTAL MONTH: M 5 = HAIL
GRTST 24HR M ON M 6 = FREEZING RAIN OR DRIZZLE
GRTST DEPTH: M ON M 7 = DUSTSTORM OR SANDSTORM:
VSBY 1/2 MILE OR LESS
8 = SMOKE OR HAZE
[NO. OF DAYS WITH] [WEATHER - DAYS WITH] 9 = BLOWING SNOW
X = TORNADO
MAX 32 OR BELOW: 0 0.01 INCH OR MORE: 2
MAX 90 OR ABOVE: 0 0.10 INCH OR MORE: 0
MIN 32 OR BELOW: 11 0.50 INCH OR MORE: 0
MIN 0 OR BELOW: 0 1.00 INCH OR MORE: 0
[HDD (BASE 65) ]
TOTAL THIS MO. 599 CLEAR (SCALE 0-3) 28
DPTR FM NORMAL -144 PTCLDY (SCALE 4-7) 2
TOTAL FM JUL 1 1072 CLOUDY (SCALE 8-10) 1
DPTR FM NORMAL -328
[CDD (BASE 65) ]
TOTAL THIS MO. 0
DPTR FM NORMAL 0 [PRESSURE DATA]
TOTAL FM JAN 1 1844 HIGHEST SLP 30.50 ON 24
DPTR FM NORMAL 404 LOWEST SLP 29.68 ON 29
[REMARKS]
#FINAL-12-20#